{"id":10454,"date":"2023-02-22T09:08:00","date_gmt":"2023-02-22T08:08:00","guid":{"rendered":"https:\/\/lapinedaplatja.info\/item\/grupo-inmobiliaria-costa-dorada\/"},"modified":"2025-08-27T08:48:25","modified_gmt":"2025-08-27T06:48:25","slug":"grupo-inmobiliaria-costa-dorada","status":"publish","type":"portfolio","link":"https:\/\/lapinedaplatja.info\/de\/item\/grupo-inmobiliaria-costa-dorada\/","title":{"rendered":"Inmobiliaria Costa Dorada"},"content":{"rendered":"\n<p>Bei Inmobiliaria Costa Dorada ist es einfach, die perfekte Ferienunterkunft in La Pineda zu finden. Mit \u00fcber 25 Jahren Erfahrung bietet die Agentur eine Auswahl an Apartments und H\u00e4usern f\u00fcr Familien, Paare und Gruppen. Die Liebe zum Detail und das Engagement f\u00fcr Qualit\u00e4t garantieren einen komfortablen und stressfreien Aufenthalt.<\/p>\n","protected":false},"featured_media":30538,"template":"","meta":{"_acf_changed":false},"portfolio-types":[205],"class_list":["post-10454","portfolio","type-portfolio","status-publish","has-post-thumbnail","hentry","portfolio-types-lloguer-immobles-de"],"acf":[],"yoast_head":"<!-- This site is optimized with the Yoast SEO plugin v26.6 - https:\/\/yoast.com\/wordpress\/plugins\/seo\/ -->\n<title>Inmobiliaria Costa Dorada | Vila-seca - La Pineda Platja<\/title>\n<meta name=\"description\" content=\"Bei Inmobiliaria Costa Dorada ist es einfach, die perfekte Ferienunterkunft in La Pineda zu finden. Mit \u00fcber 25 Jahren Erfahrung bietet die Agentur eine\" \/>\n<meta name=\"robots\" content=\"index, follow, max-snippet:-1, max-image-preview:large, max-video-preview:-1\" \/>\n<link rel=\"canonical\" href=\"https:\/\/lapinedaplatja.info\/de\/item\/grupo-inmobiliaria-costa-dorada\/\" \/>\n<meta property=\"og:locale\" content=\"de_DE\" \/>\n<meta property=\"og:type\" content=\"article\" \/>\n<meta property=\"og:title\" content=\"Inmobiliaria Costa Dorada | Vila-seca - La Pineda Platja\" \/>\n<meta property=\"og:description\" content=\"Bei Inmobiliaria Costa Dorada ist es einfach, die perfekte Ferienunterkunft in La Pineda zu finden. Mit \u00fcber 25 Jahren Erfahrung bietet die Agentur eine\" \/>\n<meta property=\"og:url\" content=\"https:\/\/lapinedaplatja.info\/de\/item\/grupo-inmobiliaria-costa-dorada\/\" \/>\n<meta property=\"og:site_name\" content=\"Vila-seca - La Pineda Platja\" \/>\n<meta property=\"article:publisher\" content=\"https:\/\/www.facebook.com\/lapinedaplatja\/\" \/>\n<meta property=\"article:modified_time\" content=\"2025-08-27T06:48:25+00:00\" \/>\n<meta property=\"og:image\" content=\"https:\/\/lapinedaplatja.info\/wp-content\/uploads\/2019\/04\/capcalera.jpg\" \/>\n\t<meta property=\"og:image:width\" content=\"1368\" \/>\n\t<meta property=\"og:image:height\" content=\"912\" \/>\n\t<meta property=\"og:image:type\" content=\"image\/jpeg\" \/>\n<meta name=\"twitter:card\" content=\"summary_large_image\" \/>\n<meta name=\"twitter:site\" content=\"@lapinedaplatja\" \/>\n<meta name=\"twitter:label1\" content=\"Gesch\u00e4tzte Lesezeit\" \/>\n\t<meta name=\"twitter:data1\" content=\"1\u00a0Minute\" \/>\n<script type=\"application\/ld+json\" class=\"yoast-schema-graph\">{\"@context\":\"https:\/\/schema.org\",\"@graph\":[{\"@type\":\"WebPage\",\"@id\":\"https:\/\/lapinedaplatja.info\/de\/item\/grupo-inmobiliaria-costa-dorada\/\",\"url\":\"https:\/\/lapinedaplatja.info\/de\/item\/grupo-inmobiliaria-costa-dorada\/\",\"name\":\"Inmobiliaria Costa Dorada | Vila-seca - La Pineda Platja\",\"isPartOf\":{\"@id\":\"https:\/\/lapinedaplatja.info\/de\/#website\"},\"primaryImageOfPage\":{\"@id\":\"https:\/\/lapinedaplatja.info\/de\/item\/grupo-inmobiliaria-costa-dorada\/#primaryimage\"},\"image\":{\"@id\":\"https:\/\/lapinedaplatja.info\/de\/item\/grupo-inmobiliaria-costa-dorada\/#primaryimage\"},\"thumbnailUrl\":\"https:\/\/lapinedaplatja.info\/wp-content\/uploads\/2019\/04\/capcalera.jpg\",\"datePublished\":\"2023-02-22T08:08:00+00:00\",\"dateModified\":\"2025-08-27T06:48:25+00:00\",\"description\":\"Bei Inmobiliaria Costa Dorada ist es einfach, die perfekte Ferienunterkunft in La Pineda zu finden. Mit \u00fcber 25 Jahren Erfahrung bietet die Agentur eine\",\"breadcrumb\":{\"@id\":\"https:\/\/lapinedaplatja.info\/de\/item\/grupo-inmobiliaria-costa-dorada\/#breadcrumb\"},\"inLanguage\":\"de\",\"potentialAction\":[{\"@type\":\"ReadAction\",\"target\":[\"https:\/\/lapinedaplatja.info\/de\/item\/grupo-inmobiliaria-costa-dorada\/\"]}]},{\"@type\":\"ImageObject\",\"inLanguage\":\"de\",\"@id\":\"https:\/\/lapinedaplatja.info\/de\/item\/grupo-inmobiliaria-costa-dorada\/#primaryimage\",\"url\":\"https:\/\/lapinedaplatja.info\/wp-content\/uploads\/2019\/04\/capcalera.jpg\",\"contentUrl\":\"https:\/\/lapinedaplatja.info\/wp-content\/uploads\/2019\/04\/capcalera.jpg\",\"width\":1368,\"height\":912},{\"@type\":\"BreadcrumbList\",\"@id\":\"https:\/\/lapinedaplatja.info\/de\/item\/grupo-inmobiliaria-costa-dorada\/#breadcrumb\",\"itemListElement\":[{\"@type\":\"ListItem\",\"position\":1,\"name\":\"Portada\",\"item\":\"https:\/\/lapinedaplatja.info\/de\/\"},{\"@type\":\"ListItem\",\"position\":2,\"name\":\"Vermietung von touristischem Eigentum\",\"item\":\"https:\/\/lapinedaplatja.info\/de\/tipus\/lloguer-immobles-de\/\"},{\"@type\":\"ListItem\",\"position\":3,\"name\":\"Inmobiliaria Costa Dorada\"}]},{\"@type\":\"WebSite\",\"@id\":\"https:\/\/lapinedaplatja.info\/de\/#website\",\"url\":\"https:\/\/lapinedaplatja.info\/de\/\",\"name\":\"La Pineda Platja | Vila-seca\",\"description\":\"Oficina de Turismo de La Pineda.\",\"publisher\":{\"@id\":\"https:\/\/lapinedaplatja.info\/de\/#organization\"},\"potentialAction\":[{\"@type\":\"SearchAction\",\"target\":{\"@type\":\"EntryPoint\",\"urlTemplate\":\"https:\/\/lapinedaplatja.info\/de\/?s={search_term_string}\"},\"query-input\":{\"@type\":\"PropertyValueSpecification\",\"valueRequired\":true,\"valueName\":\"search_term_string\"}}],\"inLanguage\":\"de\"},{\"@type\":\"Organization\",\"@id\":\"https:\/\/lapinedaplatja.info\/de\/#organization\",\"name\":\"Patronat Municipal de Turisme de Vila-seca\",\"url\":\"https:\/\/lapinedaplatja.info\/de\/\",\"logo\":{\"@type\":\"ImageObject\",\"inLanguage\":\"de\",\"@id\":\"https:\/\/lapinedaplatja.info\/de\/#\/schema\/logo\/image\/\",\"url\":\"https:\/\/lapinedaplatja.info\/wp-content\/uploads\/2018\/10\/cropped-13260099_989491457837088_3488030785405353200_n.jpg\",\"contentUrl\":\"https:\/\/lapinedaplatja.info\/wp-content\/uploads\/2018\/10\/cropped-13260099_989491457837088_3488030785405353200_n.jpg\",\"width\":600,\"height\":600,\"caption\":\"Patronat Municipal de Turisme de Vila-seca\"},\"image\":{\"@id\":\"https:\/\/lapinedaplatja.info\/de\/#\/schema\/logo\/image\/\"},\"sameAs\":[\"https:\/\/www.facebook.com\/lapinedaplatja\/\",\"https:\/\/x.com\/lapinedaplatja\",\"https:\/\/www.instagram.com\/lapinedaplatja\/\"]}]}<\/script>\n<!-- \/ Yoast SEO plugin. -->","yoast_head_json":{"title":"Inmobiliaria Costa Dorada | Vila-seca - La Pineda Platja","description":"Bei Inmobiliaria Costa Dorada ist es einfach, die perfekte Ferienunterkunft in La Pineda zu finden. Mit \u00fcber 25 Jahren Erfahrung bietet die Agentur eine","robots":{"index":"index","follow":"follow","max-snippet":"max-snippet:-1","max-image-preview":"max-image-preview:large","max-video-preview":"max-video-preview:-1"},"canonical":"https:\/\/lapinedaplatja.info\/de\/item\/grupo-inmobiliaria-costa-dorada\/","og_locale":"de_DE","og_type":"article","og_title":"Inmobiliaria Costa Dorada | Vila-seca - La Pineda Platja","og_description":"Bei Inmobiliaria Costa Dorada ist es einfach, die perfekte Ferienunterkunft in La Pineda zu finden. Mit \u00fcber 25 Jahren Erfahrung bietet die Agentur eine","og_url":"https:\/\/lapinedaplatja.info\/de\/item\/grupo-inmobiliaria-costa-dorada\/","og_site_name":"Vila-seca - La Pineda Platja","article_publisher":"https:\/\/www.facebook.com\/lapinedaplatja\/","article_modified_time":"2025-08-27T06:48:25+00:00","og_image":[{"width":1368,"height":912,"url":"https:\/\/lapinedaplatja.info\/wp-content\/uploads\/2019\/04\/capcalera.jpg","type":"image\/jpeg"}],"twitter_card":"summary_large_image","twitter_site":"@lapinedaplatja","twitter_misc":{"Gesch\u00e4tzte Lesezeit":"1\u00a0Minute"},"schema":{"@context":"https:\/\/schema.org","@graph":[{"@type":"WebPage","@id":"https:\/\/lapinedaplatja.info\/de\/item\/grupo-inmobiliaria-costa-dorada\/","url":"https:\/\/lapinedaplatja.info\/de\/item\/grupo-inmobiliaria-costa-dorada\/","name":"Inmobiliaria Costa Dorada | Vila-seca - La Pineda Platja","isPartOf":{"@id":"https:\/\/lapinedaplatja.info\/de\/#website"},"primaryImageOfPage":{"@id":"https:\/\/lapinedaplatja.info\/de\/item\/grupo-inmobiliaria-costa-dorada\/#primaryimage"},"image":{"@id":"https:\/\/lapinedaplatja.info\/de\/item\/grupo-inmobiliaria-costa-dorada\/#primaryimage"},"thumbnailUrl":"https:\/\/lapinedaplatja.info\/wp-content\/uploads\/2019\/04\/capcalera.jpg","datePublished":"2023-02-22T08:08:00+00:00","dateModified":"2025-08-27T06:48:25+00:00","description":"Bei Inmobiliaria Costa Dorada ist es einfach, die perfekte Ferienunterkunft in La Pineda zu finden. Mit \u00fcber 25 Jahren Erfahrung bietet die Agentur eine","breadcrumb":{"@id":"https:\/\/lapinedaplatja.info\/de\/item\/grupo-inmobiliaria-costa-dorada\/#breadcrumb"},"inLanguage":"de","potentialAction":[{"@type":"ReadAction","target":["https:\/\/lapinedaplatja.info\/de\/item\/grupo-inmobiliaria-costa-dorada\/"]}]},{"@type":"ImageObject","inLanguage":"de","@id":"https:\/\/lapinedaplatja.info\/de\/item\/grupo-inmobiliaria-costa-dorada\/#primaryimage","url":"https:\/\/lapinedaplatja.info\/wp-content\/uploads\/2019\/04\/capcalera.jpg","contentUrl":"https:\/\/lapinedaplatja.info\/wp-content\/uploads\/2019\/04\/capcalera.jpg","width":1368,"height":912},{"@type":"BreadcrumbList","@id":"https:\/\/lapinedaplatja.info\/de\/item\/grupo-inmobiliaria-costa-dorada\/#breadcrumb","itemListElement":[{"@type":"ListItem","position":1,"name":"Portada","item":"https:\/\/lapinedaplatja.info\/de\/"},{"@type":"ListItem","position":2,"name":"Vermietung von touristischem Eigentum","item":"https:\/\/lapinedaplatja.info\/de\/tipus\/lloguer-immobles-de\/"},{"@type":"ListItem","position":3,"name":"Inmobiliaria Costa Dorada"}]},{"@type":"WebSite","@id":"https:\/\/lapinedaplatja.info\/de\/#website","url":"https:\/\/lapinedaplatja.info\/de\/","name":"La Pineda Platja | Vila-seca","description":"Oficina de Turismo de La Pineda.","publisher":{"@id":"https:\/\/lapinedaplatja.info\/de\/#organization"},"potentialAction":[{"@type":"SearchAction","target":{"@type":"EntryPoint","urlTemplate":"https:\/\/lapinedaplatja.info\/de\/?s={search_term_string}"},"query-input":{"@type":"PropertyValueSpecification","valueRequired":true,"valueName":"search_term_string"}}],"inLanguage":"de"},{"@type":"Organization","@id":"https:\/\/lapinedaplatja.info\/de\/#organization","name":"Patronat Municipal de Turisme de Vila-seca","url":"https:\/\/lapinedaplatja.info\/de\/","logo":{"@type":"ImageObject","inLanguage":"de","@id":"https:\/\/lapinedaplatja.info\/de\/#\/schema\/logo\/image\/","url":"https:\/\/lapinedaplatja.info\/wp-content\/uploads\/2018\/10\/cropped-13260099_989491457837088_3488030785405353200_n.jpg","contentUrl":"https:\/\/lapinedaplatja.info\/wp-content\/uploads\/2018\/10\/cropped-13260099_989491457837088_3488030785405353200_n.jpg","width":600,"height":600,"caption":"Patronat Municipal de Turisme de Vila-seca"},"image":{"@id":"https:\/\/lapinedaplatja.info\/de\/#\/schema\/logo\/image\/"},"sameAs":["https:\/\/www.facebook.com\/lapinedaplatja\/","https:\/\/x.com\/lapinedaplatja","https:\/\/www.instagram.com\/lapinedaplatja\/"]}]}},"_links":{"self":[{"href":"https:\/\/lapinedaplatja.info\/de\/wp-json\/wp\/v2\/portfolio\/10454","targetHints":{"allow":["GET"]}}],"collection":[{"href":"https:\/\/lapinedaplatja.info\/de\/wp-json\/wp\/v2\/portfolio"}],"about":[{"href":"https:\/\/lapinedaplatja.info\/de\/wp-json\/wp\/v2\/types\/portfolio"}],"version-history":[{"count":0,"href":"https:\/\/lapinedaplatja.info\/de\/wp-json\/wp\/v2\/portfolio\/10454\/revisions"}],"wp:featuredmedia":[{"embeddable":true,"href":"https:\/\/lapinedaplatja.info\/de\/wp-json\/wp\/v2\/media\/30538"}],"wp:attachment":[{"href":"https:\/\/lapinedaplatja.info\/de\/wp-json\/wp\/v2\/media?parent=10454"}],"wp:term":[{"taxonomy":"portfolio-types","embeddable":true,"href":"https:\/\/lapinedaplatja.info\/de\/wp-json\/wp\/v2\/portfolio-types?post=10454"}],"curies":[{"name":"wp","href":"https:\/\/api.w.org\/{rel}","templated":true}]}}

<p>Bei Inmobiliaria Costa Dorada ist es einfach, die perfekte Ferienunterkunft in La Pineda zu finden. Mit über 25 Jahren Erfahrung bietet die Agentur eine Auswahl an Apartments und Häusern für Familien, Paare und Gruppen. Die Liebe zum Detail und das Engagement für Qualität garantieren einen komfortablen und stressfreien Aufenthalt.</p>

<!-- This site is optimized with the Yoast SEO plugin v26.6 - https://yoast.com/wordpress/plugins/seo/ -->
<title>Inmobiliaria Costa Dorada | Vila-seca - La Pineda Platja</title>
<meta name="description" content="Bei Inmobiliaria Costa Dorada ist es einfach, die perfekte Ferienunterkunft in La Pineda zu finden. Mit über 25 Jahren Erfahrung bietet die Agentur eine" />
<meta name="robots" content="index, follow, max-snippet:-1, max-image-preview:large, max-video-preview:-1" />
<link rel="canonical" href="https://lapinedaplatja.info/de/item/grupo-inmobiliaria-costa-dorada/" />
<meta property="og:locale" content="de_DE" />
<meta property="og:type" content="article" />
<meta property="og:title" content="Inmobiliaria Costa Dorada | Vila-seca - La Pineda Platja" />
<meta property="og:description" content="Bei Inmobiliaria Costa Dorada ist es einfach, die perfekte Ferienunterkunft in La Pineda zu finden. Mit über 25 Jahren Erfahrung bietet die Agentur eine" />
<meta property="og:url" content="https://lapinedaplatja.info/de/item/grupo-inmobiliaria-costa-dorada/" />
<meta property="og:site_name" content="Vila-seca - La Pineda Platja" />
<meta property="article:publisher" content="https://www.facebook.com/lapinedaplatja/" />
<meta property="article:modified_time" content="2025-08-27T06:48:25+00:00" />
<meta property="og:image" content="https://lapinedaplatja.info/wp-content/uploads/2019/04/capcalera.jpg" />
	<meta property="og:image:width" content="1368" />
	<meta property="og:image:height" content="912" />
	<meta property="og:image:type" content="image/jpeg" />
<meta name="twitter:card" content="summary_large_image" />
<meta name="twitter:site" content="@lapinedaplatja" />
<meta name="twitter:label1" content="Geschätzte Lesezeit" />
	<meta name="twitter:data1" content="1 Minute" />
<script type="application/ld+json" class="yoast-schema-graph">{"@context":"https://schema.org","@graph":[{"@type":"WebPage","@id":"https://lapinedaplatja.info/de/item/grupo-inmobiliaria-costa-dorada/","url":"https://lapinedaplatja.info/de/item/grupo-inmobiliaria-costa-dorada/","name":"Inmobiliaria Costa Dorada | Vila-seca - La Pineda Platja","isPartOf":{"@id":"https://lapinedaplatja.info/de/#website"},"primaryImageOfPage":{"@id":"https://lapinedaplatja.info/de/item/grupo-inmobiliaria-costa-dorada/#primaryimage"},"image":{"@id":"https://lapinedaplatja.info/de/item/grupo-inmobiliaria-costa-dorada/#primaryimage"},"thumbnailUrl":"https://lapinedaplatja.info/wp-content/uploads/2019/04/capcalera.jpg","datePublished":"2023-02-22T08:08:00+00:00","dateModified":"2025-08-27T06:48:25+00:00","description":"Bei Inmobiliaria Costa Dorada ist es einfach, die perfekte Ferienunterkunft in La Pineda zu finden. Mit über 25 Jahren Erfahrung bietet die Agentur eine","breadcrumb":{"@id":"https://lapinedaplatja.info/de/item/grupo-inmobiliaria-costa-dorada/#breadcrumb"},"inLanguage":"de","potentialAction":[{"@type":"ReadAction","target":["https://lapinedaplatja.info/de/item/grupo-inmobiliaria-costa-dorada/"]}]},{"@type":"ImageObject","inLanguage":"de","@id":"https://lapinedaplatja.info/de/item/grupo-inmobiliaria-costa-dorada/#primaryimage","url":"https://lapinedaplatja.info/wp-content/uploads/2019/04/capcalera.jpg","contentUrl":"https://lapinedaplatja.info/wp-content/uploads/2019/04/capcalera.jpg","width":1368,"height":912},{"@type":"BreadcrumbList","@id":"https://lapinedaplatja.info/de/item/grupo-inmobiliaria-costa-dorada/#breadcrumb","itemListElement":[{"@type":"ListItem","position":1,"name":"Portada","item":"https://lapinedaplatja.info/de/"},{"@type":"ListItem","position":2,"name":"Vermietung von touristischem Eigentum","item":"https://lapinedaplatja.info/de/tipus/lloguer-immobles-de/"},{"@type":"ListItem","position":3,"name":"Inmobiliaria Costa Dorada"}]},{"@type":"WebSite","@id":"https://lapinedaplatja.info/de/#website","url":"https://lapinedaplatja.info/de/","name":"La Pineda Platja | Vila-seca","description":"Oficina de Turismo de La Pineda.","publisher":{"@id":"https://lapinedaplatja.info/de/#organization"},"potentialAction":[{"@type":"SearchAction","target":{"@type":"EntryPoint","urlTemplate":"https://lapinedaplatja.info/de/?s={search_term_string}"},"query-input":{"@type":"PropertyValueSpecification","valueRequired":true,"valueName":"search_term_string"}}],"inLanguage":"de"},{"@type":"Organization","@id":"https://lapinedaplatja.info/de/#organization","name":"Patronat Municipal de Turisme de Vila-seca","url":"https://lapinedaplatja.info/de/","logo":{"@type":"ImageObject","inLanguage":"de","@id":"https://lapinedaplatja.info/de/#/schema/logo/image/","url":"https://lapinedaplatja.info/wp-content/uploads/2018/10/cropped-13260099_989491457837088_3488030785405353200_n.jpg","contentUrl":"https://lapinedaplatja.info/wp-content/uploads/2018/10/cropped-13260099_989491457837088_3488030785405353200_n.jpg","width":600,"height":600,"caption":"Patronat Municipal de Turisme de Vila-seca"},"image":{"@id":"https://lapinedaplatja.info/de/#/schema/logo/image/"},"sameAs":["https://www.facebook.com/lapinedaplatja/","https://x.com/lapinedaplatja","https://www.instagram.com/lapinedaplatja/"]}]}</script>
<!-- / Yoast SEO plugin. -->

Bei Inmobiliaria Costa Dorada ist es einfach, die perfekte Ferienunterkunft in La Pineda zu finden. Mit über 25 Jahren Erfahrung bietet die Agentur eine
