{"id":10639,"date":"2019-03-26T11:47:42","date_gmt":"2019-03-26T11:47:42","guid":{"rendered":"https:\/\/lapinedaplatja.info\/item\/reus-ciutat-modernista\/"},"modified":"2019-08-12T11:30:11","modified_gmt":"2019-08-12T09:30:11","slug":"reus-ciutat-modernista","status":"publish","type":"portfolio","link":"https:\/\/lapinedaplatja.info\/de\/item\/reus-ciutat-modernista\/","title":{"rendered":"Reus, Stadt des Modernisme"},"content":{"rendered":"<p>Reus verf\u00fcgt \u2013 nach Barcelona \u2013 \u00fcber die meisten modernistischen Geb\u00e4ude der Welt. Hier wurde Antoni Gaud\u00ed geboren und hier wohnten auch viele seiner Sch\u00fcler; deswegen k\u00f6nnen Sie in dieser Stadt bis zu 80 Sch\u00e4tze des Modernisme aufsp\u00fcren. Hervorzuheben sind Casa Nav\u00e0s, Institut Pere Mata, Casa Rull und Casa Gasull (Werke von Llu\u00eds Dom\u00e8nech i\u00a0Muntaner) und weitere Bauten von Pere Caselles sowie Joan Rubi\u00f3 i Bellver.<\/p>\n<p>Weitere Informationen: : <a href=\"http:\/\/www.reusturisme.cat\/\">http:\/\/www.reusturisme.cat\/<\/a><\/p>\n","protected":false},"featured_media":14573,"template":"","meta":{"_acf_changed":false},"portfolio-types":[245],"class_list":["post-10639","portfolio","type-portfolio","status-publish","has-post-thumbnail","hentry","portfolio-types-entorn-de"],"acf":[],"yoast_head":"<!-- This site is optimized with the Yoast SEO plugin v26.6 - https:\/\/yoast.com\/wordpress\/plugins\/seo\/ -->\n<title>Reus, Stadt des Modernisme | Vila-seca - La Pineda Platja<\/title>\n<meta name=\"description\" content=\"Reus verf\u00fcgt \u2013 nach Barcelona \u2013 \u00fcber die meisten modernistischen Geb\u00e4ude der Welt. Hier wurde Antoni Gaud\u00ed geboren und hier wohnten auch viele seiner\" \/>\n<meta name=\"robots\" content=\"index, follow, max-snippet:-1, max-image-preview:large, max-video-preview:-1\" \/>\n<link rel=\"canonical\" href=\"https:\/\/lapinedaplatja.info\/de\/item\/reus-ciutat-modernista\/\" \/>\n<meta property=\"og:locale\" content=\"de_DE\" \/>\n<meta property=\"og:type\" content=\"article\" \/>\n<meta property=\"og:title\" content=\"Reus, Stadt des Modernisme | Vila-seca - La Pineda Platja\" \/>\n<meta property=\"og:description\" content=\"Reus verf\u00fcgt \u2013 nach Barcelona \u2013 \u00fcber die meisten modernistischen Geb\u00e4ude der Welt. Hier wurde Antoni Gaud\u00ed geboren und hier wohnten auch viele seiner\" \/>\n<meta property=\"og:url\" content=\"https:\/\/lapinedaplatja.info\/de\/item\/reus-ciutat-modernista\/\" \/>\n<meta property=\"og:site_name\" content=\"Vila-seca - La Pineda Platja\" \/>\n<meta property=\"article:publisher\" content=\"https:\/\/www.facebook.com\/lapinedaplatja\/\" \/>\n<meta property=\"article:modified_time\" content=\"2019-08-12T09:30:11+00:00\" \/>\n<meta property=\"og:image\" content=\"https:\/\/lapinedaplatja.info\/wp-content\/uploads\/2019\/03\/2020_001_item_reus-ciutat-modernista.jpg\" \/>\n\t<meta property=\"og:image:width\" content=\"1440\" \/>\n\t<meta property=\"og:image:height\" content=\"550\" \/>\n\t<meta property=\"og:image:type\" content=\"image\/jpeg\" \/>\n<meta name=\"twitter:card\" content=\"summary_large_image\" \/>\n<meta name=\"twitter:site\" content=\"@lapinedaplatja\" \/>\n<script type=\"application\/ld+json\" class=\"yoast-schema-graph\">{\"@context\":\"https:\/\/schema.org\",\"@graph\":[{\"@type\":\"WebPage\",\"@id\":\"https:\/\/lapinedaplatja.info\/de\/item\/reus-ciutat-modernista\/\",\"url\":\"https:\/\/lapinedaplatja.info\/de\/item\/reus-ciutat-modernista\/\",\"name\":\"Reus, Stadt des Modernisme | Vila-seca - La Pineda Platja\",\"isPartOf\":{\"@id\":\"https:\/\/lapinedaplatja.info\/de\/#website\"},\"primaryImageOfPage\":{\"@id\":\"https:\/\/lapinedaplatja.info\/de\/item\/reus-ciutat-modernista\/#primaryimage\"},\"image\":{\"@id\":\"https:\/\/lapinedaplatja.info\/de\/item\/reus-ciutat-modernista\/#primaryimage\"},\"thumbnailUrl\":\"https:\/\/lapinedaplatja.info\/wp-content\/uploads\/2019\/03\/2020_001_item_reus-ciutat-modernista.jpg\",\"datePublished\":\"2019-03-26T11:47:42+00:00\",\"dateModified\":\"2019-08-12T09:30:11+00:00\",\"description\":\"Reus verf\u00fcgt \u2013 nach Barcelona \u2013 \u00fcber die meisten modernistischen Geb\u00e4ude der Welt. Hier wurde Antoni Gaud\u00ed geboren und hier wohnten auch viele seiner\",\"breadcrumb\":{\"@id\":\"https:\/\/lapinedaplatja.info\/de\/item\/reus-ciutat-modernista\/#breadcrumb\"},\"inLanguage\":\"de\",\"potentialAction\":[{\"@type\":\"ReadAction\",\"target\":[\"https:\/\/lapinedaplatja.info\/de\/item\/reus-ciutat-modernista\/\"]}]},{\"@type\":\"ImageObject\",\"inLanguage\":\"de\",\"@id\":\"https:\/\/lapinedaplatja.info\/de\/item\/reus-ciutat-modernista\/#primaryimage\",\"url\":\"https:\/\/lapinedaplatja.info\/wp-content\/uploads\/2019\/03\/2020_001_item_reus-ciutat-modernista.jpg\",\"contentUrl\":\"https:\/\/lapinedaplatja.info\/wp-content\/uploads\/2019\/03\/2020_001_item_reus-ciutat-modernista.jpg\",\"width\":1440,\"height\":550},{\"@type\":\"BreadcrumbList\",\"@id\":\"https:\/\/lapinedaplatja.info\/de\/item\/reus-ciutat-modernista\/#breadcrumb\",\"itemListElement\":[{\"@type\":\"ListItem\",\"position\":1,\"name\":\"Portada\",\"item\":\"https:\/\/lapinedaplatja.info\/de\/\"},{\"@type\":\"ListItem\",\"position\":2,\"name\":\"Die Umgebung\",\"item\":\"https:\/\/lapinedaplatja.info\/de\/tipus\/entorn-de\/\"},{\"@type\":\"ListItem\",\"position\":3,\"name\":\"Reus, Stadt des Modernisme\"}]},{\"@type\":\"WebSite\",\"@id\":\"https:\/\/lapinedaplatja.info\/de\/#website\",\"url\":\"https:\/\/lapinedaplatja.info\/de\/\",\"name\":\"La Pineda Platja | Vila-seca\",\"description\":\"Oficina de Turismo de La Pineda.\",\"publisher\":{\"@id\":\"https:\/\/lapinedaplatja.info\/de\/#organization\"},\"potentialAction\":[{\"@type\":\"SearchAction\",\"target\":{\"@type\":\"EntryPoint\",\"urlTemplate\":\"https:\/\/lapinedaplatja.info\/de\/?s={search_term_string}\"},\"query-input\":{\"@type\":\"PropertyValueSpecification\",\"valueRequired\":true,\"valueName\":\"search_term_string\"}}],\"inLanguage\":\"de\"},{\"@type\":\"Organization\",\"@id\":\"https:\/\/lapinedaplatja.info\/de\/#organization\",\"name\":\"Patronat Municipal de Turisme de Vila-seca\",\"url\":\"https:\/\/lapinedaplatja.info\/de\/\",\"logo\":{\"@type\":\"ImageObject\",\"inLanguage\":\"de\",\"@id\":\"https:\/\/lapinedaplatja.info\/de\/#\/schema\/logo\/image\/\",\"url\":\"https:\/\/lapinedaplatja.info\/wp-content\/uploads\/2018\/10\/cropped-13260099_989491457837088_3488030785405353200_n.jpg\",\"contentUrl\":\"https:\/\/lapinedaplatja.info\/wp-content\/uploads\/2018\/10\/cropped-13260099_989491457837088_3488030785405353200_n.jpg\",\"width\":600,\"height\":600,\"caption\":\"Patronat Municipal de Turisme de Vila-seca\"},\"image\":{\"@id\":\"https:\/\/lapinedaplatja.info\/de\/#\/schema\/logo\/image\/\"},\"sameAs\":[\"https:\/\/www.facebook.com\/lapinedaplatja\/\",\"https:\/\/x.com\/lapinedaplatja\",\"https:\/\/www.instagram.com\/lapinedaplatja\/\"]}]}<\/script>\n<!-- \/ Yoast SEO plugin. -->","yoast_head_json":{"title":"Reus, Stadt des Modernisme | Vila-seca - La Pineda Platja","description":"Reus verf\u00fcgt \u2013 nach Barcelona \u2013 \u00fcber die meisten modernistischen Geb\u00e4ude der Welt. Hier wurde Antoni Gaud\u00ed geboren und hier wohnten auch viele seiner","robots":{"index":"index","follow":"follow","max-snippet":"max-snippet:-1","max-image-preview":"max-image-preview:large","max-video-preview":"max-video-preview:-1"},"canonical":"https:\/\/lapinedaplatja.info\/de\/item\/reus-ciutat-modernista\/","og_locale":"de_DE","og_type":"article","og_title":"Reus, Stadt des Modernisme | Vila-seca - La Pineda Platja","og_description":"Reus verf\u00fcgt \u2013 nach Barcelona \u2013 \u00fcber die meisten modernistischen Geb\u00e4ude der Welt. Hier wurde Antoni Gaud\u00ed geboren und hier wohnten auch viele seiner","og_url":"https:\/\/lapinedaplatja.info\/de\/item\/reus-ciutat-modernista\/","og_site_name":"Vila-seca - La Pineda Platja","article_publisher":"https:\/\/www.facebook.com\/lapinedaplatja\/","article_modified_time":"2019-08-12T09:30:11+00:00","og_image":[{"width":1440,"height":550,"url":"https:\/\/lapinedaplatja.info\/wp-content\/uploads\/2019\/03\/2020_001_item_reus-ciutat-modernista.jpg","type":"image\/jpeg"}],"twitter_card":"summary_large_image","twitter_site":"@lapinedaplatja","schema":{"@context":"https:\/\/schema.org","@graph":[{"@type":"WebPage","@id":"https:\/\/lapinedaplatja.info\/de\/item\/reus-ciutat-modernista\/","url":"https:\/\/lapinedaplatja.info\/de\/item\/reus-ciutat-modernista\/","name":"Reus, Stadt des Modernisme | Vila-seca - La Pineda Platja","isPartOf":{"@id":"https:\/\/lapinedaplatja.info\/de\/#website"},"primaryImageOfPage":{"@id":"https:\/\/lapinedaplatja.info\/de\/item\/reus-ciutat-modernista\/#primaryimage"},"image":{"@id":"https:\/\/lapinedaplatja.info\/de\/item\/reus-ciutat-modernista\/#primaryimage"},"thumbnailUrl":"https:\/\/lapinedaplatja.info\/wp-content\/uploads\/2019\/03\/2020_001_item_reus-ciutat-modernista.jpg","datePublished":"2019-03-26T11:47:42+00:00","dateModified":"2019-08-12T09:30:11+00:00","description":"Reus verf\u00fcgt \u2013 nach Barcelona \u2013 \u00fcber die meisten modernistischen Geb\u00e4ude der Welt. Hier wurde Antoni Gaud\u00ed geboren und hier wohnten auch viele seiner","breadcrumb":{"@id":"https:\/\/lapinedaplatja.info\/de\/item\/reus-ciutat-modernista\/#breadcrumb"},"inLanguage":"de","potentialAction":[{"@type":"ReadAction","target":["https:\/\/lapinedaplatja.info\/de\/item\/reus-ciutat-modernista\/"]}]},{"@type":"ImageObject","inLanguage":"de","@id":"https:\/\/lapinedaplatja.info\/de\/item\/reus-ciutat-modernista\/#primaryimage","url":"https:\/\/lapinedaplatja.info\/wp-content\/uploads\/2019\/03\/2020_001_item_reus-ciutat-modernista.jpg","contentUrl":"https:\/\/lapinedaplatja.info\/wp-content\/uploads\/2019\/03\/2020_001_item_reus-ciutat-modernista.jpg","width":1440,"height":550},{"@type":"BreadcrumbList","@id":"https:\/\/lapinedaplatja.info\/de\/item\/reus-ciutat-modernista\/#breadcrumb","itemListElement":[{"@type":"ListItem","position":1,"name":"Portada","item":"https:\/\/lapinedaplatja.info\/de\/"},{"@type":"ListItem","position":2,"name":"Die Umgebung","item":"https:\/\/lapinedaplatja.info\/de\/tipus\/entorn-de\/"},{"@type":"ListItem","position":3,"name":"Reus, Stadt des Modernisme"}]},{"@type":"WebSite","@id":"https:\/\/lapinedaplatja.info\/de\/#website","url":"https:\/\/lapinedaplatja.info\/de\/","name":"La Pineda Platja | Vila-seca","description":"Oficina de Turismo de La Pineda.","publisher":{"@id":"https:\/\/lapinedaplatja.info\/de\/#organization"},"potentialAction":[{"@type":"SearchAction","target":{"@type":"EntryPoint","urlTemplate":"https:\/\/lapinedaplatja.info\/de\/?s={search_term_string}"},"query-input":{"@type":"PropertyValueSpecification","valueRequired":true,"valueName":"search_term_string"}}],"inLanguage":"de"},{"@type":"Organization","@id":"https:\/\/lapinedaplatja.info\/de\/#organization","name":"Patronat Municipal de Turisme de Vila-seca","url":"https:\/\/lapinedaplatja.info\/de\/","logo":{"@type":"ImageObject","inLanguage":"de","@id":"https:\/\/lapinedaplatja.info\/de\/#\/schema\/logo\/image\/","url":"https:\/\/lapinedaplatja.info\/wp-content\/uploads\/2018\/10\/cropped-13260099_989491457837088_3488030785405353200_n.jpg","contentUrl":"https:\/\/lapinedaplatja.info\/wp-content\/uploads\/2018\/10\/cropped-13260099_989491457837088_3488030785405353200_n.jpg","width":600,"height":600,"caption":"Patronat Municipal de Turisme de Vila-seca"},"image":{"@id":"https:\/\/lapinedaplatja.info\/de\/#\/schema\/logo\/image\/"},"sameAs":["https:\/\/www.facebook.com\/lapinedaplatja\/","https:\/\/x.com\/lapinedaplatja","https:\/\/www.instagram.com\/lapinedaplatja\/"]}]}},"_links":{"self":[{"href":"https:\/\/lapinedaplatja.info\/de\/wp-json\/wp\/v2\/portfolio\/10639","targetHints":{"allow":["GET"]}}],"collection":[{"href":"https:\/\/lapinedaplatja.info\/de\/wp-json\/wp\/v2\/portfolio"}],"about":[{"href":"https:\/\/lapinedaplatja.info\/de\/wp-json\/wp\/v2\/types\/portfolio"}],"version-history":[{"count":0,"href":"https:\/\/lapinedaplatja.info\/de\/wp-json\/wp\/v2\/portfolio\/10639\/revisions"}],"wp:featuredmedia":[{"embeddable":true,"href":"https:\/\/lapinedaplatja.info\/de\/wp-json\/wp\/v2\/media\/14573"}],"wp:attachment":[{"href":"https:\/\/lapinedaplatja.info\/de\/wp-json\/wp\/v2\/media?parent=10639"}],"wp:term":[{"taxonomy":"portfolio-types","embeddable":true,"href":"https:\/\/lapinedaplatja.info\/de\/wp-json\/wp\/v2\/portfolio-types?post=10639"}],"curies":[{"name":"wp","href":"https:\/\/api.w.org\/{rel}","templated":true}]}}

<p>Reus verfügt – nach Barcelona – über die meisten modernistischen Gebäude der Welt. Hier wurde Antoni Gaudí geboren und hier wohnten auch viele seiner Schüler; deswegen können Sie in dieser Stadt bis zu 80 Schätze des Modernisme aufspüren. Hervorzuheben sind Casa Navàs, Institut Pere Mata, Casa Rull und Casa Gasull (Werke von Lluís Domènech i Muntaner) und weitere Bauten von Pere Caselles sowie Joan Rubió i Bellver.</p>
<p>Weitere Informationen: : <a href="http://www.reusturisme.cat/">http://www.reusturisme.cat/</a></p>

<!-- This site is optimized with the Yoast SEO plugin v26.6 - https://yoast.com/wordpress/plugins/seo/ -->
<title>Reus, Stadt des Modernisme | Vila-seca - La Pineda Platja</title>
<meta name="description" content="Reus verfügt – nach Barcelona – über die meisten modernistischen Gebäude der Welt. Hier wurde Antoni Gaudí geboren und hier wohnten auch viele seiner" />
<meta name="robots" content="index, follow, max-snippet:-1, max-image-preview:large, max-video-preview:-1" />
<link rel="canonical" href="https://lapinedaplatja.info/de/item/reus-ciutat-modernista/" />
<meta property="og:locale" content="de_DE" />
<meta property="og:type" content="article" />
<meta property="og:title" content="Reus, Stadt des Modernisme | Vila-seca - La Pineda Platja" />
<meta property="og:description" content="Reus verfügt – nach Barcelona – über die meisten modernistischen Gebäude der Welt. Hier wurde Antoni Gaudí geboren und hier wohnten auch viele seiner" />
<meta property="og:url" content="https://lapinedaplatja.info/de/item/reus-ciutat-modernista/" />
<meta property="og:site_name" content="Vila-seca - La Pineda Platja" />
<meta property="article:publisher" content="https://www.facebook.com/lapinedaplatja/" />
<meta property="article:modified_time" content="2019-08-12T09:30:11+00:00" />
<meta property="og:image" content="https://lapinedaplatja.info/wp-content/uploads/2019/03/2020_001_item_reus-ciutat-modernista.jpg" />
	<meta property="og:image:width" content="1440" />
	<meta property="og:image:height" content="550" />
	<meta property="og:image:type" content="image/jpeg" />
<meta name="twitter:card" content="summary_large_image" />
<meta name="twitter:site" content="@lapinedaplatja" />
<script type="application/ld+json" class="yoast-schema-graph">{"@context":"https://schema.org","@graph":[{"@type":"WebPage","@id":"https://lapinedaplatja.info/de/item/reus-ciutat-modernista/","url":"https://lapinedaplatja.info/de/item/reus-ciutat-modernista/","name":"Reus, Stadt des Modernisme | Vila-seca - La Pineda Platja","isPartOf":{"@id":"https://lapinedaplatja.info/de/#website"},"primaryImageOfPage":{"@id":"https://lapinedaplatja.info/de/item/reus-ciutat-modernista/#primaryimage"},"image":{"@id":"https://lapinedaplatja.info/de/item/reus-ciutat-modernista/#primaryimage"},"thumbnailUrl":"https://lapinedaplatja.info/wp-content/uploads/2019/03/2020_001_item_reus-ciutat-modernista.jpg","datePublished":"2019-03-26T11:47:42+00:00","dateModified":"2019-08-12T09:30:11+00:00","description":"Reus verfügt – nach Barcelona – über die meisten modernistischen Gebäude der Welt. Hier wurde Antoni Gaudí geboren und hier wohnten auch viele seiner","breadcrumb":{"@id":"https://lapinedaplatja.info/de/item/reus-ciutat-modernista/#breadcrumb"},"inLanguage":"de","potentialAction":[{"@type":"ReadAction","target":["https://lapinedaplatja.info/de/item/reus-ciutat-modernista/"]}]},{"@type":"ImageObject","inLanguage":"de","@id":"https://lapinedaplatja.info/de/item/reus-ciutat-modernista/#primaryimage","url":"https://lapinedaplatja.info/wp-content/uploads/2019/03/2020_001_item_reus-ciutat-modernista.jpg","contentUrl":"https://lapinedaplatja.info/wp-content/uploads/2019/03/2020_001_item_reus-ciutat-modernista.jpg","width":1440,"height":550},{"@type":"BreadcrumbList","@id":"https://lapinedaplatja.info/de/item/reus-ciutat-modernista/#breadcrumb","itemListElement":[{"@type":"ListItem","position":1,"name":"Portada","item":"https://lapinedaplatja.info/de/"},{"@type":"ListItem","position":2,"name":"Die Umgebung","item":"https://lapinedaplatja.info/de/tipus/entorn-de/"},{"@type":"ListItem","position":3,"name":"Reus, Stadt des Modernisme"}]},{"@type":"WebSite","@id":"https://lapinedaplatja.info/de/#website","url":"https://lapinedaplatja.info/de/","name":"La Pineda Platja | Vila-seca","description":"Oficina de Turismo de La Pineda.","publisher":{"@id":"https://lapinedaplatja.info/de/#organization"},"potentialAction":[{"@type":"SearchAction","target":{"@type":"EntryPoint","urlTemplate":"https://lapinedaplatja.info/de/?s={search_term_string}"},"query-input":{"@type":"PropertyValueSpecification","valueRequired":true,"valueName":"search_term_string"}}],"inLanguage":"de"},{"@type":"Organization","@id":"https://lapinedaplatja.info/de/#organization","name":"Patronat Municipal de Turisme de Vila-seca","url":"https://lapinedaplatja.info/de/","logo":{"@type":"ImageObject","inLanguage":"de","@id":"https://lapinedaplatja.info/de/#/schema/logo/image/","url":"https://lapinedaplatja.info/wp-content/uploads/2018/10/cropped-13260099_989491457837088_3488030785405353200_n.jpg","contentUrl":"https://lapinedaplatja.info/wp-content/uploads/2018/10/cropped-13260099_989491457837088_3488030785405353200_n.jpg","width":600,"height":600,"caption":"Patronat Municipal de Turisme de Vila-seca"},"image":{"@id":"https://lapinedaplatja.info/de/#/schema/logo/image/"},"sameAs":["https://www.facebook.com/lapinedaplatja/","https://x.com/lapinedaplatja","https://www.instagram.com/lapinedaplatja/"]}]}</script>
<!-- / Yoast SEO plugin. -->

Reus verfügt – nach Barcelona – über die meisten modernistischen Gebäude der Welt. Hier wurde Antoni Gaudí geboren und hier wohnten auch viele seiner
