{"id":10651,"date":"2019-03-26T10:33:05","date_gmt":"2019-03-26T10:33:05","guid":{"rendered":"https:\/\/lapinedaplatja.info\/item\/vinyes-terrer\/"},"modified":"2025-08-01T17:16:51","modified_gmt":"2025-08-01T15:16:51","slug":"vinyes-terrer","status":"publish","type":"portfolio","link":"https:\/\/lapinedaplatja.info\/de\/item\/vinyes-terrer\/","title":{"rendered":"Vinyes del Terrer"},"content":{"rendered":"<p>Das Gut Vinyes del Terrer erstreckt sich \u00fcber 7 Hektar. Dieses einmalige, typisch mediterrane Terrain ist von Olivenhainen, Orangen- und Karobb\u00e4umen umringt.<\/p>\n<p>1989 wurden hier die ersten Reben der Sorte Garnatxa und Cabernet Sauvignon angepflanzt und dabei der Grundstein der Weinkellerei gelegt, doch erst im Jahr 2003 brachte Vinyes del Terrer die ersten Flaschen <em>Terrer d\u2019Aubert<\/em> (75\u00a0% Cabernet Sauvignon und 25\u00a0% Garnatxa tinta) auf den Markt.<\/p>\n<p>Zudem hat im Laufe der Zeit dieser Familienbetrieb zwei neue Weinsorten ins Leben gerufen: <em>Nus del Terrer<\/em> (85\u00a0% Garnatxa tinta und 15\u00a0% Cabernet Sauvignon) und <em>Blanc del Terrer<\/em> (100\u00a0% Macabeu).<\/p>\n<p>Die Weinberge liegen nur 20 m \u00fcber dem Meeresspiegel, sodass hier das ganze Jahr \u00fcber eine Durchschnittstemperatur von 15\u00a0\u00b0C herrscht. Dank des Bodens aus rotem Kalkstein ist zudem f\u00fcr eine gute Dr\u00e4nage gesorgt.<\/p>\n<p>Der gesamte Herstellungsprozess verl\u00e4uft handwerklich, damit der Wein das Wesen der Bodegas treu widerspiegelt. Bei einer privaten Besichtigung k\u00f6nnen Sie mehr dar\u00fcber erfahren und die verschiedenen Erzeugnisse kosten.<\/p>\n\n\n<p> <a href=\"https:\/\/terrer.net\">https:\/\/terrer.net<\/a><\/p>\n\n\n\n<p><\/p>\n","protected":false},"featured_media":14311,"template":"","meta":{"_acf_changed":false},"portfolio-types":[249],"class_list":["post-10651","portfolio","type-portfolio","status-publish","has-post-thumbnail","hentry","portfolio-types-enoturime-de"],"acf":[],"yoast_head":"<!-- This site is optimized with the Yoast SEO plugin v26.6 - https:\/\/yoast.com\/wordpress\/plugins\/seo\/ -->\n<title>Vinyes del Terrer | Vila-seca - La Pineda Platja<\/title>\n<meta name=\"description\" content=\"Das Gut Vinyes del Terrer erstreckt sich \u00fcber 7 Hektar. Dieses einmalige, typisch mediterrane Terrain ist von Olivenhainen, Orangen- und Karobb\u00e4umen\" \/>\n<meta name=\"robots\" content=\"index, follow, max-snippet:-1, max-image-preview:large, max-video-preview:-1\" \/>\n<link rel=\"canonical\" href=\"https:\/\/lapinedaplatja.info\/de\/item\/vinyes-terrer\/\" \/>\n<meta property=\"og:locale\" content=\"de_DE\" \/>\n<meta property=\"og:type\" content=\"article\" \/>\n<meta property=\"og:title\" content=\"Vinyes del Terrer | Vila-seca - La Pineda Platja\" \/>\n<meta property=\"og:description\" content=\"Das Gut Vinyes del Terrer erstreckt sich \u00fcber 7 Hektar. Dieses einmalige, typisch mediterrane Terrain ist von Olivenhainen, Orangen- und Karobb\u00e4umen\" \/>\n<meta property=\"og:url\" content=\"https:\/\/lapinedaplatja.info\/de\/item\/vinyes-terrer\/\" \/>\n<meta property=\"og:site_name\" content=\"Vila-seca - La Pineda Platja\" \/>\n<meta property=\"article:publisher\" content=\"https:\/\/www.facebook.com\/lapinedaplatja\/\" \/>\n<meta property=\"article:modified_time\" content=\"2025-08-01T15:16:51+00:00\" \/>\n<meta property=\"og:image\" content=\"https:\/\/lapinedaplatja.info\/wp-content\/uploads\/2019\/03\/2020_001_item_vinyes-terrer.jpg\" \/>\n\t<meta property=\"og:image:width\" content=\"1440\" \/>\n\t<meta property=\"og:image:height\" content=\"550\" \/>\n\t<meta property=\"og:image:type\" content=\"image\/jpeg\" \/>\n<meta name=\"twitter:card\" content=\"summary_large_image\" \/>\n<meta name=\"twitter:site\" content=\"@lapinedaplatja\" \/>\n<meta name=\"twitter:label1\" content=\"Gesch\u00e4tzte Lesezeit\" \/>\n\t<meta name=\"twitter:data1\" content=\"2\u00a0Minuten\" \/>\n<script type=\"application\/ld+json\" class=\"yoast-schema-graph\">{\"@context\":\"https:\/\/schema.org\",\"@graph\":[{\"@type\":\"WebPage\",\"@id\":\"https:\/\/lapinedaplatja.info\/de\/item\/vinyes-terrer\/\",\"url\":\"https:\/\/lapinedaplatja.info\/de\/item\/vinyes-terrer\/\",\"name\":\"Vinyes del Terrer | Vila-seca - La Pineda Platja\",\"isPartOf\":{\"@id\":\"https:\/\/lapinedaplatja.info\/de\/#website\"},\"primaryImageOfPage\":{\"@id\":\"https:\/\/lapinedaplatja.info\/de\/item\/vinyes-terrer\/#primaryimage\"},\"image\":{\"@id\":\"https:\/\/lapinedaplatja.info\/de\/item\/vinyes-terrer\/#primaryimage\"},\"thumbnailUrl\":\"https:\/\/lapinedaplatja.info\/wp-content\/uploads\/2019\/03\/2020_001_item_vinyes-terrer.jpg\",\"datePublished\":\"2019-03-26T10:33:05+00:00\",\"dateModified\":\"2025-08-01T15:16:51+00:00\",\"description\":\"Das Gut Vinyes del Terrer erstreckt sich \u00fcber 7 Hektar. Dieses einmalige, typisch mediterrane Terrain ist von Olivenhainen, Orangen- und Karobb\u00e4umen\",\"breadcrumb\":{\"@id\":\"https:\/\/lapinedaplatja.info\/de\/item\/vinyes-terrer\/#breadcrumb\"},\"inLanguage\":\"de\",\"potentialAction\":[{\"@type\":\"ReadAction\",\"target\":[\"https:\/\/lapinedaplatja.info\/de\/item\/vinyes-terrer\/\"]}]},{\"@type\":\"ImageObject\",\"inLanguage\":\"de\",\"@id\":\"https:\/\/lapinedaplatja.info\/de\/item\/vinyes-terrer\/#primaryimage\",\"url\":\"https:\/\/lapinedaplatja.info\/wp-content\/uploads\/2019\/03\/2020_001_item_vinyes-terrer.jpg\",\"contentUrl\":\"https:\/\/lapinedaplatja.info\/wp-content\/uploads\/2019\/03\/2020_001_item_vinyes-terrer.jpg\",\"width\":1440,\"height\":550},{\"@type\":\"BreadcrumbList\",\"@id\":\"https:\/\/lapinedaplatja.info\/de\/item\/vinyes-terrer\/#breadcrumb\",\"itemListElement\":[{\"@type\":\"ListItem\",\"position\":1,\"name\":\"Portada\",\"item\":\"https:\/\/lapinedaplatja.info\/de\/\"},{\"@type\":\"ListItem\",\"position\":2,\"name\":\"Weintourismus\",\"item\":\"https:\/\/lapinedaplatja.info\/de\/tipus\/enoturime-de\/\"},{\"@type\":\"ListItem\",\"position\":3,\"name\":\"Vinyes del Terrer\"}]},{\"@type\":\"WebSite\",\"@id\":\"https:\/\/lapinedaplatja.info\/de\/#website\",\"url\":\"https:\/\/lapinedaplatja.info\/de\/\",\"name\":\"La Pineda Platja | Vila-seca\",\"description\":\"Oficina de Turismo de La Pineda.\",\"publisher\":{\"@id\":\"https:\/\/lapinedaplatja.info\/de\/#organization\"},\"potentialAction\":[{\"@type\":\"SearchAction\",\"target\":{\"@type\":\"EntryPoint\",\"urlTemplate\":\"https:\/\/lapinedaplatja.info\/de\/?s={search_term_string}\"},\"query-input\":{\"@type\":\"PropertyValueSpecification\",\"valueRequired\":true,\"valueName\":\"search_term_string\"}}],\"inLanguage\":\"de\"},{\"@type\":\"Organization\",\"@id\":\"https:\/\/lapinedaplatja.info\/de\/#organization\",\"name\":\"Patronat Municipal de Turisme de Vila-seca\",\"url\":\"https:\/\/lapinedaplatja.info\/de\/\",\"logo\":{\"@type\":\"ImageObject\",\"inLanguage\":\"de\",\"@id\":\"https:\/\/lapinedaplatja.info\/de\/#\/schema\/logo\/image\/\",\"url\":\"https:\/\/lapinedaplatja.info\/wp-content\/uploads\/2018\/10\/cropped-13260099_989491457837088_3488030785405353200_n.jpg\",\"contentUrl\":\"https:\/\/lapinedaplatja.info\/wp-content\/uploads\/2018\/10\/cropped-13260099_989491457837088_3488030785405353200_n.jpg\",\"width\":600,\"height\":600,\"caption\":\"Patronat Municipal de Turisme de Vila-seca\"},\"image\":{\"@id\":\"https:\/\/lapinedaplatja.info\/de\/#\/schema\/logo\/image\/\"},\"sameAs\":[\"https:\/\/www.facebook.com\/lapinedaplatja\/\",\"https:\/\/x.com\/lapinedaplatja\",\"https:\/\/www.instagram.com\/lapinedaplatja\/\"]}]}<\/script>\n<!-- \/ Yoast SEO plugin. -->","yoast_head_json":{"title":"Vinyes del Terrer | Vila-seca - La Pineda Platja","description":"Das Gut Vinyes del Terrer erstreckt sich \u00fcber 7 Hektar. Dieses einmalige, typisch mediterrane Terrain ist von Olivenhainen, Orangen- und Karobb\u00e4umen","robots":{"index":"index","follow":"follow","max-snippet":"max-snippet:-1","max-image-preview":"max-image-preview:large","max-video-preview":"max-video-preview:-1"},"canonical":"https:\/\/lapinedaplatja.info\/de\/item\/vinyes-terrer\/","og_locale":"de_DE","og_type":"article","og_title":"Vinyes del Terrer | Vila-seca - La Pineda Platja","og_description":"Das Gut Vinyes del Terrer erstreckt sich \u00fcber 7 Hektar. Dieses einmalige, typisch mediterrane Terrain ist von Olivenhainen, Orangen- und Karobb\u00e4umen","og_url":"https:\/\/lapinedaplatja.info\/de\/item\/vinyes-terrer\/","og_site_name":"Vila-seca - La Pineda Platja","article_publisher":"https:\/\/www.facebook.com\/lapinedaplatja\/","article_modified_time":"2025-08-01T15:16:51+00:00","og_image":[{"width":1440,"height":550,"url":"https:\/\/lapinedaplatja.info\/wp-content\/uploads\/2019\/03\/2020_001_item_vinyes-terrer.jpg","type":"image\/jpeg"}],"twitter_card":"summary_large_image","twitter_site":"@lapinedaplatja","twitter_misc":{"Gesch\u00e4tzte Lesezeit":"2\u00a0Minuten"},"schema":{"@context":"https:\/\/schema.org","@graph":[{"@type":"WebPage","@id":"https:\/\/lapinedaplatja.info\/de\/item\/vinyes-terrer\/","url":"https:\/\/lapinedaplatja.info\/de\/item\/vinyes-terrer\/","name":"Vinyes del Terrer | Vila-seca - La Pineda Platja","isPartOf":{"@id":"https:\/\/lapinedaplatja.info\/de\/#website"},"primaryImageOfPage":{"@id":"https:\/\/lapinedaplatja.info\/de\/item\/vinyes-terrer\/#primaryimage"},"image":{"@id":"https:\/\/lapinedaplatja.info\/de\/item\/vinyes-terrer\/#primaryimage"},"thumbnailUrl":"https:\/\/lapinedaplatja.info\/wp-content\/uploads\/2019\/03\/2020_001_item_vinyes-terrer.jpg","datePublished":"2019-03-26T10:33:05+00:00","dateModified":"2025-08-01T15:16:51+00:00","description":"Das Gut Vinyes del Terrer erstreckt sich \u00fcber 7 Hektar. Dieses einmalige, typisch mediterrane Terrain ist von Olivenhainen, Orangen- und Karobb\u00e4umen","breadcrumb":{"@id":"https:\/\/lapinedaplatja.info\/de\/item\/vinyes-terrer\/#breadcrumb"},"inLanguage":"de","potentialAction":[{"@type":"ReadAction","target":["https:\/\/lapinedaplatja.info\/de\/item\/vinyes-terrer\/"]}]},{"@type":"ImageObject","inLanguage":"de","@id":"https:\/\/lapinedaplatja.info\/de\/item\/vinyes-terrer\/#primaryimage","url":"https:\/\/lapinedaplatja.info\/wp-content\/uploads\/2019\/03\/2020_001_item_vinyes-terrer.jpg","contentUrl":"https:\/\/lapinedaplatja.info\/wp-content\/uploads\/2019\/03\/2020_001_item_vinyes-terrer.jpg","width":1440,"height":550},{"@type":"BreadcrumbList","@id":"https:\/\/lapinedaplatja.info\/de\/item\/vinyes-terrer\/#breadcrumb","itemListElement":[{"@type":"ListItem","position":1,"name":"Portada","item":"https:\/\/lapinedaplatja.info\/de\/"},{"@type":"ListItem","position":2,"name":"Weintourismus","item":"https:\/\/lapinedaplatja.info\/de\/tipus\/enoturime-de\/"},{"@type":"ListItem","position":3,"name":"Vinyes del Terrer"}]},{"@type":"WebSite","@id":"https:\/\/lapinedaplatja.info\/de\/#website","url":"https:\/\/lapinedaplatja.info\/de\/","name":"La Pineda Platja | Vila-seca","description":"Oficina de Turismo de La Pineda.","publisher":{"@id":"https:\/\/lapinedaplatja.info\/de\/#organization"},"potentialAction":[{"@type":"SearchAction","target":{"@type":"EntryPoint","urlTemplate":"https:\/\/lapinedaplatja.info\/de\/?s={search_term_string}"},"query-input":{"@type":"PropertyValueSpecification","valueRequired":true,"valueName":"search_term_string"}}],"inLanguage":"de"},{"@type":"Organization","@id":"https:\/\/lapinedaplatja.info\/de\/#organization","name":"Patronat Municipal de Turisme de Vila-seca","url":"https:\/\/lapinedaplatja.info\/de\/","logo":{"@type":"ImageObject","inLanguage":"de","@id":"https:\/\/lapinedaplatja.info\/de\/#\/schema\/logo\/image\/","url":"https:\/\/lapinedaplatja.info\/wp-content\/uploads\/2018\/10\/cropped-13260099_989491457837088_3488030785405353200_n.jpg","contentUrl":"https:\/\/lapinedaplatja.info\/wp-content\/uploads\/2018\/10\/cropped-13260099_989491457837088_3488030785405353200_n.jpg","width":600,"height":600,"caption":"Patronat Municipal de Turisme de Vila-seca"},"image":{"@id":"https:\/\/lapinedaplatja.info\/de\/#\/schema\/logo\/image\/"},"sameAs":["https:\/\/www.facebook.com\/lapinedaplatja\/","https:\/\/x.com\/lapinedaplatja","https:\/\/www.instagram.com\/lapinedaplatja\/"]}]}},"_links":{"self":[{"href":"https:\/\/lapinedaplatja.info\/de\/wp-json\/wp\/v2\/portfolio\/10651","targetHints":{"allow":["GET"]}}],"collection":[{"href":"https:\/\/lapinedaplatja.info\/de\/wp-json\/wp\/v2\/portfolio"}],"about":[{"href":"https:\/\/lapinedaplatja.info\/de\/wp-json\/wp\/v2\/types\/portfolio"}],"version-history":[{"count":0,"href":"https:\/\/lapinedaplatja.info\/de\/wp-json\/wp\/v2\/portfolio\/10651\/revisions"}],"wp:featuredmedia":[{"embeddable":true,"href":"https:\/\/lapinedaplatja.info\/de\/wp-json\/wp\/v2\/media\/14311"}],"wp:attachment":[{"href":"https:\/\/lapinedaplatja.info\/de\/wp-json\/wp\/v2\/media?parent=10651"}],"wp:term":[{"taxonomy":"portfolio-types","embeddable":true,"href":"https:\/\/lapinedaplatja.info\/de\/wp-json\/wp\/v2\/portfolio-types?post=10651"}],"curies":[{"name":"wp","href":"https:\/\/api.w.org\/{rel}","templated":true}]}}

<p>Das Gut Vinyes del Terrer erstreckt sich über 7 Hektar. Dieses einmalige, typisch mediterrane Terrain ist von Olivenhainen, Orangen- und Karobbäumen umringt.</p>
<p>1989 wurden hier die ersten Reben der Sorte Garnatxa und Cabernet Sauvignon angepflanzt und dabei der Grundstein der Weinkellerei gelegt, doch erst im Jahr 2003 brachte Vinyes del Terrer die ersten Flaschen <em>Terrer d’Aubert</em> (75 % Cabernet Sauvignon und 25 % Garnatxa tinta) auf den Markt.</p>
<p>Zudem hat im Laufe der Zeit dieser Familienbetrieb zwei neue Weinsorten ins Leben gerufen: <em>Nus del Terrer</em> (85 % Garnatxa tinta und 15 % Cabernet Sauvignon) und <em>Blanc del Terrer</em> (100 % Macabeu).</p>
<p>Die Weinberge liegen nur 20 m über dem Meeresspiegel, sodass hier das ganze Jahr über eine Durchschnittstemperatur von 15 °C herrscht. Dank des Bodens aus rotem Kalkstein ist zudem für eine gute Dränage gesorgt.</p>
<p>Der gesamte Herstellungsprozess verläuft handwerklich, damit der Wein das Wesen der Bodegas treu widerspiegelt. Bei einer privaten Besichtigung können Sie mehr darüber erfahren und die verschiedenen Erzeugnisse kosten.</p>


<p> <a href="https://terrer.net">https://terrer.net</a></p>



<p></p>

<!-- This site is optimized with the Yoast SEO plugin v26.6 - https://yoast.com/wordpress/plugins/seo/ -->
<title>Vinyes del Terrer | Vila-seca - La Pineda Platja</title>
<meta name="description" content="Das Gut Vinyes del Terrer erstreckt sich über 7 Hektar. Dieses einmalige, typisch mediterrane Terrain ist von Olivenhainen, Orangen- und Karobbäumen" />
<meta name="robots" content="index, follow, max-snippet:-1, max-image-preview:large, max-video-preview:-1" />
<link rel="canonical" href="https://lapinedaplatja.info/de/item/vinyes-terrer/" />
<meta property="og:locale" content="de_DE" />
<meta property="og:type" content="article" />
<meta property="og:title" content="Vinyes del Terrer | Vila-seca - La Pineda Platja" />
<meta property="og:description" content="Das Gut Vinyes del Terrer erstreckt sich über 7 Hektar. Dieses einmalige, typisch mediterrane Terrain ist von Olivenhainen, Orangen- und Karobbäumen" />
<meta property="og:url" content="https://lapinedaplatja.info/de/item/vinyes-terrer/" />
<meta property="og:site_name" content="Vila-seca - La Pineda Platja" />
<meta property="article:publisher" content="https://www.facebook.com/lapinedaplatja/" />
<meta property="article:modified_time" content="2025-08-01T15:16:51+00:00" />
<meta property="og:image" content="https://lapinedaplatja.info/wp-content/uploads/2019/03/2020_001_item_vinyes-terrer.jpg" />
	<meta property="og:image:width" content="1440" />
	<meta property="og:image:height" content="550" />
	<meta property="og:image:type" content="image/jpeg" />
<meta name="twitter:card" content="summary_large_image" />
<meta name="twitter:site" content="@lapinedaplatja" />
<meta name="twitter:label1" content="Geschätzte Lesezeit" />
	<meta name="twitter:data1" content="2 Minuten" />
<script type="application/ld+json" class="yoast-schema-graph">{"@context":"https://schema.org","@graph":[{"@type":"WebPage","@id":"https://lapinedaplatja.info/de/item/vinyes-terrer/","url":"https://lapinedaplatja.info/de/item/vinyes-terrer/","name":"Vinyes del Terrer | Vila-seca - La Pineda Platja","isPartOf":{"@id":"https://lapinedaplatja.info/de/#website"},"primaryImageOfPage":{"@id":"https://lapinedaplatja.info/de/item/vinyes-terrer/#primaryimage"},"image":{"@id":"https://lapinedaplatja.info/de/item/vinyes-terrer/#primaryimage"},"thumbnailUrl":"https://lapinedaplatja.info/wp-content/uploads/2019/03/2020_001_item_vinyes-terrer.jpg","datePublished":"2019-03-26T10:33:05+00:00","dateModified":"2025-08-01T15:16:51+00:00","description":"Das Gut Vinyes del Terrer erstreckt sich über 7 Hektar. Dieses einmalige, typisch mediterrane Terrain ist von Olivenhainen, Orangen- und Karobbäumen","breadcrumb":{"@id":"https://lapinedaplatja.info/de/item/vinyes-terrer/#breadcrumb"},"inLanguage":"de","potentialAction":[{"@type":"ReadAction","target":["https://lapinedaplatja.info/de/item/vinyes-terrer/"]}]},{"@type":"ImageObject","inLanguage":"de","@id":"https://lapinedaplatja.info/de/item/vinyes-terrer/#primaryimage","url":"https://lapinedaplatja.info/wp-content/uploads/2019/03/2020_001_item_vinyes-terrer.jpg","contentUrl":"https://lapinedaplatja.info/wp-content/uploads/2019/03/2020_001_item_vinyes-terrer.jpg","width":1440,"height":550},{"@type":"BreadcrumbList","@id":"https://lapinedaplatja.info/de/item/vinyes-terrer/#breadcrumb","itemListElement":[{"@type":"ListItem","position":1,"name":"Portada","item":"https://lapinedaplatja.info/de/"},{"@type":"ListItem","position":2,"name":"Weintourismus","item":"https://lapinedaplatja.info/de/tipus/enoturime-de/"},{"@type":"ListItem","position":3,"name":"Vinyes del Terrer"}]},{"@type":"WebSite","@id":"https://lapinedaplatja.info/de/#website","url":"https://lapinedaplatja.info/de/","name":"La Pineda Platja | Vila-seca","description":"Oficina de Turismo de La Pineda.","publisher":{"@id":"https://lapinedaplatja.info/de/#organization"},"potentialAction":[{"@type":"SearchAction","target":{"@type":"EntryPoint","urlTemplate":"https://lapinedaplatja.info/de/?s={search_term_string}"},"query-input":{"@type":"PropertyValueSpecification","valueRequired":true,"valueName":"search_term_string"}}],"inLanguage":"de"},{"@type":"Organization","@id":"https://lapinedaplatja.info/de/#organization","name":"Patronat Municipal de Turisme de Vila-seca","url":"https://lapinedaplatja.info/de/","logo":{"@type":"ImageObject","inLanguage":"de","@id":"https://lapinedaplatja.info/de/#/schema/logo/image/","url":"https://lapinedaplatja.info/wp-content/uploads/2018/10/cropped-13260099_989491457837088_3488030785405353200_n.jpg","contentUrl":"https://lapinedaplatja.info/wp-content/uploads/2018/10/cropped-13260099_989491457837088_3488030785405353200_n.jpg","width":600,"height":600,"caption":"Patronat Municipal de Turisme de Vila-seca"},"image":{"@id":"https://lapinedaplatja.info/de/#/schema/logo/image/"},"sameAs":["https://www.facebook.com/lapinedaplatja/","https://x.com/lapinedaplatja","https://www.instagram.com/lapinedaplatja/"]}]}</script>
<!-- / Yoast SEO plugin. -->

Das Gut Vinyes del Terrer erstreckt sich über 7 Hektar. Dieses einmalige, typisch mediterrane Terrain ist von Olivenhainen, Orangen- und Karobbäumen
