{"id":10660,"date":"2019-03-26T09:33:28","date_gmt":"2019-03-26T09:33:28","guid":{"rendered":"https:\/\/lapinedaplatja.info\/item\/mercadets-fires\/"},"modified":"2019-08-09T14:18:34","modified_gmt":"2019-08-09T12:18:34","slug":"mercadets-fires","status":"publish","type":"portfolio","link":"https:\/\/lapinedaplatja.info\/de\/item\/mercadets-fires\/","title":{"rendered":"Wochen- und Stra\u00dfenm\u00e4rkte"},"content":{"rendered":"<h4>Wochenm\u00e4rkte<\/h4>\n<p>Auf den Wochenm\u00e4rkten in Vila-seca und La Pineda k\u00f6nnen Sie u.\u00a0a. Kleidung, Schuhe, Accessoires und Heimzubeh\u00f6r erwerben.<\/p>\n<h5><strong>Vila-seca<\/strong><\/h5>\n<p>Donnerstags<\/p>\n<p>Carrer Requet de F\u00e9lix (neben den Stadtmarkt)<\/p>\n<p>&nbsp;<\/p>\n<h5>La Pineda<\/h5>\n<p>Freitags (von Ostern bis Oktober)<\/p>\n<p>Carrer Cam\u00ed del Rac\u00f3<\/p>\n<p>Standort:<\/p>\n<p>&nbsp;<\/p>\n<h3>Handwerkermarkt<\/h3>\n<p>In den Sommermonaten findet im Parc del Pinar del Perruquet t\u00e4glich von 20:00 bis 01:00 Uhr der Handwerkermarkt statt. Hier werden u.\u00a0a. handwerklicher Schmuck, Deko-Objekte, Kleidung und Accessoires feilgeboten.<\/p>\n<h3>Das Oliven\u00f6lfest<\/h3>\n<p>Jedes Jahr wird Ende November auf dem Pla\u00e7a de Sant Antoni in Vila-seca das Oliven\u00f6lfest gefeiert. Dieses Fest wird gemeinsam von der Bauerngenossenschaft und dem Stadtrat Vila-seca organisiert. Zu diesem Anlass findet ein Volksessen mit Verkostung des neu gepressten Oliven\u00f6ls statt.<\/p>\n<p>&nbsp;<\/p>\n","protected":false},"featured_media":14372,"template":"","meta":{"_acf_changed":false},"portfolio-types":[],"class_list":["post-10660","portfolio","type-portfolio","status-publish","has-post-thumbnail","hentry"],"acf":[],"yoast_head":"<!-- This site is optimized with the Yoast SEO plugin v26.6 - https:\/\/yoast.com\/wordpress\/plugins\/seo\/ -->\n<title>Wochen- und Stra\u00dfenm\u00e4rkte | Vila-seca - La Pineda Platja<\/title>\n<meta name=\"description\" content=\"Wochenm\u00e4rkte Auf den Wochenm\u00e4rkten in Vila-seca und La Pineda k\u00f6nnen Sie u.\u00a0a. Kleidung, Schuhe, Accessoires und Heimzubeh\u00f6r erwerben. Vila-seca\" \/>\n<meta name=\"robots\" content=\"index, follow, max-snippet:-1, max-image-preview:large, max-video-preview:-1\" \/>\n<link rel=\"canonical\" href=\"https:\/\/lapinedaplatja.info\/de\/item\/mercadets-fires\/\" \/>\n<meta property=\"og:locale\" content=\"de_DE\" \/>\n<meta property=\"og:type\" content=\"article\" \/>\n<meta property=\"og:title\" content=\"Wochen- und Stra\u00dfenm\u00e4rkte | Vila-seca - La Pineda Platja\" \/>\n<meta property=\"og:description\" content=\"Wochenm\u00e4rkte Auf den Wochenm\u00e4rkten in Vila-seca und La Pineda k\u00f6nnen Sie u.\u00a0a. Kleidung, Schuhe, Accessoires und Heimzubeh\u00f6r erwerben. Vila-seca\" \/>\n<meta property=\"og:url\" content=\"https:\/\/lapinedaplatja.info\/de\/item\/mercadets-fires\/\" \/>\n<meta property=\"og:site_name\" content=\"Vila-seca - La Pineda Platja\" \/>\n<meta property=\"article:publisher\" content=\"https:\/\/www.facebook.com\/lapinedaplatja\/\" \/>\n<meta property=\"article:modified_time\" content=\"2019-08-09T12:18:34+00:00\" \/>\n<meta property=\"og:image\" content=\"https:\/\/lapinedaplatja.info\/wp-content\/uploads\/2019\/03\/2020_001_item_mercadets-fires.jpg\" \/>\n\t<meta property=\"og:image:width\" content=\"1440\" \/>\n\t<meta property=\"og:image:height\" content=\"550\" \/>\n\t<meta property=\"og:image:type\" content=\"image\/jpeg\" \/>\n<meta name=\"twitter:card\" content=\"summary_large_image\" \/>\n<meta name=\"twitter:site\" content=\"@lapinedaplatja\" \/>\n<meta name=\"twitter:label1\" content=\"Gesch\u00e4tzte Lesezeit\" \/>\n\t<meta name=\"twitter:data1\" content=\"1\u00a0Minute\" \/>\n<script type=\"application\/ld+json\" class=\"yoast-schema-graph\">{\"@context\":\"https:\/\/schema.org\",\"@graph\":[{\"@type\":\"WebPage\",\"@id\":\"https:\/\/lapinedaplatja.info\/de\/item\/mercadets-fires\/\",\"url\":\"https:\/\/lapinedaplatja.info\/de\/item\/mercadets-fires\/\",\"name\":\"Wochen- und Stra\u00dfenm\u00e4rkte | Vila-seca - La Pineda Platja\",\"isPartOf\":{\"@id\":\"https:\/\/lapinedaplatja.info\/de\/#website\"},\"primaryImageOfPage\":{\"@id\":\"https:\/\/lapinedaplatja.info\/de\/item\/mercadets-fires\/#primaryimage\"},\"image\":{\"@id\":\"https:\/\/lapinedaplatja.info\/de\/item\/mercadets-fires\/#primaryimage\"},\"thumbnailUrl\":\"https:\/\/lapinedaplatja.info\/wp-content\/uploads\/2019\/03\/2020_001_item_mercadets-fires.jpg\",\"datePublished\":\"2019-03-26T09:33:28+00:00\",\"dateModified\":\"2019-08-09T12:18:34+00:00\",\"description\":\"Wochenm\u00e4rkte Auf den Wochenm\u00e4rkten in Vila-seca und La Pineda k\u00f6nnen Sie u.\u00a0a. Kleidung, Schuhe, Accessoires und Heimzubeh\u00f6r erwerben. Vila-seca\",\"breadcrumb\":{\"@id\":\"https:\/\/lapinedaplatja.info\/de\/item\/mercadets-fires\/#breadcrumb\"},\"inLanguage\":\"de\",\"potentialAction\":[{\"@type\":\"ReadAction\",\"target\":[\"https:\/\/lapinedaplatja.info\/de\/item\/mercadets-fires\/\"]}]},{\"@type\":\"ImageObject\",\"inLanguage\":\"de\",\"@id\":\"https:\/\/lapinedaplatja.info\/de\/item\/mercadets-fires\/#primaryimage\",\"url\":\"https:\/\/lapinedaplatja.info\/wp-content\/uploads\/2019\/03\/2020_001_item_mercadets-fires.jpg\",\"contentUrl\":\"https:\/\/lapinedaplatja.info\/wp-content\/uploads\/2019\/03\/2020_001_item_mercadets-fires.jpg\",\"width\":1440,\"height\":550},{\"@type\":\"BreadcrumbList\",\"@id\":\"https:\/\/lapinedaplatja.info\/de\/item\/mercadets-fires\/#breadcrumb\",\"itemListElement\":[{\"@type\":\"ListItem\",\"position\":1,\"name\":\"Portada\",\"item\":\"https:\/\/lapinedaplatja.info\/de\/\"},{\"@type\":\"ListItem\",\"position\":2,\"name\":\"Wochen- und Stra\u00dfenm\u00e4rkte\"}]},{\"@type\":\"WebSite\",\"@id\":\"https:\/\/lapinedaplatja.info\/de\/#website\",\"url\":\"https:\/\/lapinedaplatja.info\/de\/\",\"name\":\"La Pineda Platja | Vila-seca\",\"description\":\"Oficina de Turismo de La Pineda.\",\"publisher\":{\"@id\":\"https:\/\/lapinedaplatja.info\/de\/#organization\"},\"potentialAction\":[{\"@type\":\"SearchAction\",\"target\":{\"@type\":\"EntryPoint\",\"urlTemplate\":\"https:\/\/lapinedaplatja.info\/de\/?s={search_term_string}\"},\"query-input\":{\"@type\":\"PropertyValueSpecification\",\"valueRequired\":true,\"valueName\":\"search_term_string\"}}],\"inLanguage\":\"de\"},{\"@type\":\"Organization\",\"@id\":\"https:\/\/lapinedaplatja.info\/de\/#organization\",\"name\":\"Patronat Municipal de Turisme de Vila-seca\",\"url\":\"https:\/\/lapinedaplatja.info\/de\/\",\"logo\":{\"@type\":\"ImageObject\",\"inLanguage\":\"de\",\"@id\":\"https:\/\/lapinedaplatja.info\/de\/#\/schema\/logo\/image\/\",\"url\":\"https:\/\/lapinedaplatja.info\/wp-content\/uploads\/2018\/10\/cropped-13260099_989491457837088_3488030785405353200_n.jpg\",\"contentUrl\":\"https:\/\/lapinedaplatja.info\/wp-content\/uploads\/2018\/10\/cropped-13260099_989491457837088_3488030785405353200_n.jpg\",\"width\":600,\"height\":600,\"caption\":\"Patronat Municipal de Turisme de Vila-seca\"},\"image\":{\"@id\":\"https:\/\/lapinedaplatja.info\/de\/#\/schema\/logo\/image\/\"},\"sameAs\":[\"https:\/\/www.facebook.com\/lapinedaplatja\/\",\"https:\/\/x.com\/lapinedaplatja\",\"https:\/\/www.instagram.com\/lapinedaplatja\/\"]}]}<\/script>\n<!-- \/ Yoast SEO plugin. -->","yoast_head_json":{"title":"Wochen- und Stra\u00dfenm\u00e4rkte | Vila-seca - La Pineda Platja","description":"Wochenm\u00e4rkte Auf den Wochenm\u00e4rkten in Vila-seca und La Pineda k\u00f6nnen Sie u.\u00a0a. Kleidung, Schuhe, Accessoires und Heimzubeh\u00f6r erwerben. Vila-seca","robots":{"index":"index","follow":"follow","max-snippet":"max-snippet:-1","max-image-preview":"max-image-preview:large","max-video-preview":"max-video-preview:-1"},"canonical":"https:\/\/lapinedaplatja.info\/de\/item\/mercadets-fires\/","og_locale":"de_DE","og_type":"article","og_title":"Wochen- und Stra\u00dfenm\u00e4rkte | Vila-seca - La Pineda Platja","og_description":"Wochenm\u00e4rkte Auf den Wochenm\u00e4rkten in Vila-seca und La Pineda k\u00f6nnen Sie u.\u00a0a. Kleidung, Schuhe, Accessoires und Heimzubeh\u00f6r erwerben. Vila-seca","og_url":"https:\/\/lapinedaplatja.info\/de\/item\/mercadets-fires\/","og_site_name":"Vila-seca - La Pineda Platja","article_publisher":"https:\/\/www.facebook.com\/lapinedaplatja\/","article_modified_time":"2019-08-09T12:18:34+00:00","og_image":[{"width":1440,"height":550,"url":"https:\/\/lapinedaplatja.info\/wp-content\/uploads\/2019\/03\/2020_001_item_mercadets-fires.jpg","type":"image\/jpeg"}],"twitter_card":"summary_large_image","twitter_site":"@lapinedaplatja","twitter_misc":{"Gesch\u00e4tzte Lesezeit":"1\u00a0Minute"},"schema":{"@context":"https:\/\/schema.org","@graph":[{"@type":"WebPage","@id":"https:\/\/lapinedaplatja.info\/de\/item\/mercadets-fires\/","url":"https:\/\/lapinedaplatja.info\/de\/item\/mercadets-fires\/","name":"Wochen- und Stra\u00dfenm\u00e4rkte | Vila-seca - La Pineda Platja","isPartOf":{"@id":"https:\/\/lapinedaplatja.info\/de\/#website"},"primaryImageOfPage":{"@id":"https:\/\/lapinedaplatja.info\/de\/item\/mercadets-fires\/#primaryimage"},"image":{"@id":"https:\/\/lapinedaplatja.info\/de\/item\/mercadets-fires\/#primaryimage"},"thumbnailUrl":"https:\/\/lapinedaplatja.info\/wp-content\/uploads\/2019\/03\/2020_001_item_mercadets-fires.jpg","datePublished":"2019-03-26T09:33:28+00:00","dateModified":"2019-08-09T12:18:34+00:00","description":"Wochenm\u00e4rkte Auf den Wochenm\u00e4rkten in Vila-seca und La Pineda k\u00f6nnen Sie u.\u00a0a. Kleidung, Schuhe, Accessoires und Heimzubeh\u00f6r erwerben. Vila-seca","breadcrumb":{"@id":"https:\/\/lapinedaplatja.info\/de\/item\/mercadets-fires\/#breadcrumb"},"inLanguage":"de","potentialAction":[{"@type":"ReadAction","target":["https:\/\/lapinedaplatja.info\/de\/item\/mercadets-fires\/"]}]},{"@type":"ImageObject","inLanguage":"de","@id":"https:\/\/lapinedaplatja.info\/de\/item\/mercadets-fires\/#primaryimage","url":"https:\/\/lapinedaplatja.info\/wp-content\/uploads\/2019\/03\/2020_001_item_mercadets-fires.jpg","contentUrl":"https:\/\/lapinedaplatja.info\/wp-content\/uploads\/2019\/03\/2020_001_item_mercadets-fires.jpg","width":1440,"height":550},{"@type":"BreadcrumbList","@id":"https:\/\/lapinedaplatja.info\/de\/item\/mercadets-fires\/#breadcrumb","itemListElement":[{"@type":"ListItem","position":1,"name":"Portada","item":"https:\/\/lapinedaplatja.info\/de\/"},{"@type":"ListItem","position":2,"name":"Wochen- und Stra\u00dfenm\u00e4rkte"}]},{"@type":"WebSite","@id":"https:\/\/lapinedaplatja.info\/de\/#website","url":"https:\/\/lapinedaplatja.info\/de\/","name":"La Pineda Platja | Vila-seca","description":"Oficina de Turismo de La Pineda.","publisher":{"@id":"https:\/\/lapinedaplatja.info\/de\/#organization"},"potentialAction":[{"@type":"SearchAction","target":{"@type":"EntryPoint","urlTemplate":"https:\/\/lapinedaplatja.info\/de\/?s={search_term_string}"},"query-input":{"@type":"PropertyValueSpecification","valueRequired":true,"valueName":"search_term_string"}}],"inLanguage":"de"},{"@type":"Organization","@id":"https:\/\/lapinedaplatja.info\/de\/#organization","name":"Patronat Municipal de Turisme de Vila-seca","url":"https:\/\/lapinedaplatja.info\/de\/","logo":{"@type":"ImageObject","inLanguage":"de","@id":"https:\/\/lapinedaplatja.info\/de\/#\/schema\/logo\/image\/","url":"https:\/\/lapinedaplatja.info\/wp-content\/uploads\/2018\/10\/cropped-13260099_989491457837088_3488030785405353200_n.jpg","contentUrl":"https:\/\/lapinedaplatja.info\/wp-content\/uploads\/2018\/10\/cropped-13260099_989491457837088_3488030785405353200_n.jpg","width":600,"height":600,"caption":"Patronat Municipal de Turisme de Vila-seca"},"image":{"@id":"https:\/\/lapinedaplatja.info\/de\/#\/schema\/logo\/image\/"},"sameAs":["https:\/\/www.facebook.com\/lapinedaplatja\/","https:\/\/x.com\/lapinedaplatja","https:\/\/www.instagram.com\/lapinedaplatja\/"]}]}},"_links":{"self":[{"href":"https:\/\/lapinedaplatja.info\/de\/wp-json\/wp\/v2\/portfolio\/10660","targetHints":{"allow":["GET"]}}],"collection":[{"href":"https:\/\/lapinedaplatja.info\/de\/wp-json\/wp\/v2\/portfolio"}],"about":[{"href":"https:\/\/lapinedaplatja.info\/de\/wp-json\/wp\/v2\/types\/portfolio"}],"version-history":[{"count":0,"href":"https:\/\/lapinedaplatja.info\/de\/wp-json\/wp\/v2\/portfolio\/10660\/revisions"}],"wp:featuredmedia":[{"embeddable":true,"href":"https:\/\/lapinedaplatja.info\/de\/wp-json\/wp\/v2\/media\/14372"}],"wp:attachment":[{"href":"https:\/\/lapinedaplatja.info\/de\/wp-json\/wp\/v2\/media?parent=10660"}],"wp:term":[{"taxonomy":"portfolio-types","embeddable":true,"href":"https:\/\/lapinedaplatja.info\/de\/wp-json\/wp\/v2\/portfolio-types?post=10660"}],"curies":[{"name":"wp","href":"https:\/\/api.w.org\/{rel}","templated":true}]}}

Wochen- und Straßenmärkte

<h4>Wochenmärkte</h4>
<p>Auf den Wochenmärkten in Vila-seca und La Pineda können Sie u. a. Kleidung, Schuhe, Accessoires und Heimzubehör erwerben.</p>
<h5><strong>Vila-seca</strong></h5>
<p>Donnerstags</p>
<p>Carrer Requet de Félix (neben den Stadtmarkt)</p>
<p>&nbsp;</p>
<h5>La Pineda</h5>
<p>Freitags (von Ostern bis Oktober)</p>
<p>Carrer Camí del Racó</p>
<p>Standort:</p>
<p>&nbsp;</p>
<h3>Handwerkermarkt</h3>
<p>In den Sommermonaten findet im Parc del Pinar del Perruquet täglich von 20:00 bis 01:00 Uhr der Handwerkermarkt statt. Hier werden u. a. handwerklicher Schmuck, Deko-Objekte, Kleidung und Accessoires feilgeboten.</p>
<h3>Das Olivenölfest</h3>
<p>Jedes Jahr wird Ende November auf dem Plaça de Sant Antoni in Vila-seca das Olivenölfest gefeiert. Dieses Fest wird gemeinsam von der Bauerngenossenschaft und dem Stadtrat Vila-seca organisiert. Zu diesem Anlass findet ein Volksessen mit Verkostung des neu gepressten Olivenöls statt.</p>
<p>&nbsp;</p>

<!-- This site is optimized with the Yoast SEO plugin v26.6 - https://yoast.com/wordpress/plugins/seo/ -->
<title>Wochen- und Straßenmärkte | Vila-seca - La Pineda Platja</title>
<meta name="description" content="Wochenmärkte Auf den Wochenmärkten in Vila-seca und La Pineda können Sie u. a. Kleidung, Schuhe, Accessoires und Heimzubehör erwerben. Vila-seca" />
<meta name="robots" content="index, follow, max-snippet:-1, max-image-preview:large, max-video-preview:-1" />
<link rel="canonical" href="https://lapinedaplatja.info/de/item/mercadets-fires/" />
<meta property="og:locale" content="de_DE" />
<meta property="og:type" content="article" />
<meta property="og:title" content="Wochen- und Straßenmärkte | Vila-seca - La Pineda Platja" />
<meta property="og:description" content="Wochenmärkte Auf den Wochenmärkten in Vila-seca und La Pineda können Sie u. a. Kleidung, Schuhe, Accessoires und Heimzubehör erwerben. Vila-seca" />
<meta property="og:url" content="https://lapinedaplatja.info/de/item/mercadets-fires/" />
<meta property="og:site_name" content="Vila-seca - La Pineda Platja" />
<meta property="article:publisher" content="https://www.facebook.com/lapinedaplatja/" />
<meta property="article:modified_time" content="2019-08-09T12:18:34+00:00" />
<meta property="og:image" content="https://lapinedaplatja.info/wp-content/uploads/2019/03/2020_001_item_mercadets-fires.jpg" />
	<meta property="og:image:width" content="1440" />
	<meta property="og:image:height" content="550" />
	<meta property="og:image:type" content="image/jpeg" />
<meta name="twitter:card" content="summary_large_image" />
<meta name="twitter:site" content="@lapinedaplatja" />
<meta name="twitter:label1" content="Geschätzte Lesezeit" />
	<meta name="twitter:data1" content="1 Minute" />
<script type="application/ld+json" class="yoast-schema-graph">{"@context":"https://schema.org","@graph":[{"@type":"WebPage","@id":"https://lapinedaplatja.info/de/item/mercadets-fires/","url":"https://lapinedaplatja.info/de/item/mercadets-fires/","name":"Wochen- und Straßenmärkte | Vila-seca - La Pineda Platja","isPartOf":{"@id":"https://lapinedaplatja.info/de/#website"},"primaryImageOfPage":{"@id":"https://lapinedaplatja.info/de/item/mercadets-fires/#primaryimage"},"image":{"@id":"https://lapinedaplatja.info/de/item/mercadets-fires/#primaryimage"},"thumbnailUrl":"https://lapinedaplatja.info/wp-content/uploads/2019/03/2020_001_item_mercadets-fires.jpg","datePublished":"2019-03-26T09:33:28+00:00","dateModified":"2019-08-09T12:18:34+00:00","description":"Wochenmärkte Auf den Wochenmärkten in Vila-seca und La Pineda können Sie u. a. Kleidung, Schuhe, Accessoires und Heimzubehör erwerben. Vila-seca","breadcrumb":{"@id":"https://lapinedaplatja.info/de/item/mercadets-fires/#breadcrumb"},"inLanguage":"de","potentialAction":[{"@type":"ReadAction","target":["https://lapinedaplatja.info/de/item/mercadets-fires/"]}]},{"@type":"ImageObject","inLanguage":"de","@id":"https://lapinedaplatja.info/de/item/mercadets-fires/#primaryimage","url":"https://lapinedaplatja.info/wp-content/uploads/2019/03/2020_001_item_mercadets-fires.jpg","contentUrl":"https://lapinedaplatja.info/wp-content/uploads/2019/03/2020_001_item_mercadets-fires.jpg","width":1440,"height":550},{"@type":"BreadcrumbList","@id":"https://lapinedaplatja.info/de/item/mercadets-fires/#breadcrumb","itemListElement":[{"@type":"ListItem","position":1,"name":"Portada","item":"https://lapinedaplatja.info/de/"},{"@type":"ListItem","position":2,"name":"Wochen- und Straßenmärkte"}]},{"@type":"WebSite","@id":"https://lapinedaplatja.info/de/#website","url":"https://lapinedaplatja.info/de/","name":"La Pineda Platja | Vila-seca","description":"Oficina de Turismo de La Pineda.","publisher":{"@id":"https://lapinedaplatja.info/de/#organization"},"potentialAction":[{"@type":"SearchAction","target":{"@type":"EntryPoint","urlTemplate":"https://lapinedaplatja.info/de/?s={search_term_string}"},"query-input":{"@type":"PropertyValueSpecification","valueRequired":true,"valueName":"search_term_string"}}],"inLanguage":"de"},{"@type":"Organization","@id":"https://lapinedaplatja.info/de/#organization","name":"Patronat Municipal de Turisme de Vila-seca","url":"https://lapinedaplatja.info/de/","logo":{"@type":"ImageObject","inLanguage":"de","@id":"https://lapinedaplatja.info/de/#/schema/logo/image/","url":"https://lapinedaplatja.info/wp-content/uploads/2018/10/cropped-13260099_989491457837088_3488030785405353200_n.jpg","contentUrl":"https://lapinedaplatja.info/wp-content/uploads/2018/10/cropped-13260099_989491457837088_3488030785405353200_n.jpg","width":600,"height":600,"caption":"Patronat Municipal de Turisme de Vila-seca"},"image":{"@id":"https://lapinedaplatja.info/de/#/schema/logo/image/"},"sameAs":["https://www.facebook.com/lapinedaplatja/","https://x.com/lapinedaplatja","https://www.instagram.com/lapinedaplatja/"]}]}</script>
<!-- / Yoast SEO plugin. -->

Wochen- und Straßenmärkte | Vila-seca - La Pineda Platja

Wochenmärkte Auf den Wochenmärkten in Vila-seca und La Pineda können Sie u. a. Kleidung, Schuhe, Accessoires und Heimzubehör erwerben. Vila-seca
