{"id":37140,"date":"2026-04-30T13:19:52","date_gmt":"2026-04-30T11:19:52","guid":{"rendered":"https:\/\/lapinedaplatja.info\/?post_type=portfolio&#038;p=37140"},"modified":"2026-04-30T13:19:54","modified_gmt":"2026-04-30T11:19:54","slug":"hotel-estival-park-almaris","status":"publish","type":"portfolio","link":"https:\/\/lapinedaplatja.info\/de\/item\/hotel-estival-park-2-2\/","title":{"rendered":"Hotel Estival Park Almaris ****"},"content":{"rendered":"<h6>Hotelverzeichnisnr.: KT-000669<\/h6>\n<p><span data-olk-copy-source=\"MessageBody\">Estival Park Almaris verbindet die Ruhe der mediterranen Umgebung mit dem Angebot eines Resorts und ist ideal f\u00fcr Familien, Paare und Freunde. Es verf\u00fcgt \u00fcber ein Solarium mit zwei Pools, darunter ein Kinderpool mit Wasserspielen, sowie eine exklusive Adults-only-Dachterrasse (+18) mit Meerblick.<\/span><\/p>\n","protected":false},"featured_media":37172,"template":"","meta":{"_acf_changed":false},"portfolio-types":[201],"class_list":["post-37140","portfolio","type-portfolio","status-publish","has-post-thumbnail","hentry","portfolio-types-hotels-4-de"],"acf":[],"yoast_head":"<!-- This site is optimized with the Yoast SEO plugin v26.6 - https:\/\/yoast.com\/wordpress\/plugins\/seo\/ -->\n<title>Hotel Estival Park Almaris **** | Vila-seca - La Pineda Platja<\/title>\n<meta name=\"description\" content=\"Hotelverzeichnisnr.: KT-000669 Estival Park Almaris verbindet die Ruhe der mediterranen Umgebung mit dem Angebot eines Resorts und ist ideal f\u00fcr Familien,\" \/>\n<meta name=\"robots\" content=\"index, follow, max-snippet:-1, max-image-preview:large, max-video-preview:-1\" \/>\n<link rel=\"canonical\" href=\"https:\/\/lapinedaplatja.info\/de\/item\/hotel-estival-park-2-2\/\" \/>\n<meta property=\"og:locale\" content=\"de_DE\" \/>\n<meta property=\"og:type\" content=\"article\" \/>\n<meta property=\"og:title\" content=\"Hotel Estival Park Almaris **** | Vila-seca - La Pineda Platja\" \/>\n<meta property=\"og:description\" content=\"Hotelverzeichnisnr.: KT-000669 Estival Park Almaris verbindet die Ruhe der mediterranen Umgebung mit dem Angebot eines Resorts und ist ideal f\u00fcr Familien,\" \/>\n<meta property=\"og:url\" content=\"https:\/\/lapinedaplatja.info\/de\/item\/hotel-estival-park-2-2\/\" \/>\n<meta property=\"og:site_name\" content=\"Vila-seca - La Pineda Platja\" \/>\n<meta property=\"article:publisher\" content=\"https:\/\/www.facebook.com\/lapinedaplatja\/\" \/>\n<meta property=\"article:modified_time\" content=\"2026-04-30T11:19:54+00:00\" \/>\n<meta property=\"og:image\" content=\"https:\/\/lapinedaplatja.info\/wp-content\/uploads\/2026\/04\/Almaris-Rooftop.jpg\" \/>\n\t<meta property=\"og:image:width\" content=\"1000\" \/>\n\t<meta property=\"og:image:height\" content=\"667\" \/>\n\t<meta property=\"og:image:type\" content=\"image\/jpeg\" \/>\n<meta name=\"twitter:card\" content=\"summary_large_image\" \/>\n<meta name=\"twitter:site\" content=\"@lapinedaplatja\" \/>\n<meta name=\"twitter:label1\" content=\"Gesch\u00e4tzte Lesezeit\" \/>\n\t<meta name=\"twitter:data1\" content=\"1\u00a0Minute\" \/>\n<script type=\"application\/ld+json\" class=\"yoast-schema-graph\">{\"@context\":\"https:\/\/schema.org\",\"@graph\":[{\"@type\":\"WebPage\",\"@id\":\"https:\/\/lapinedaplatja.info\/de\/item\/hotel-estival-park-2-2\/\",\"url\":\"https:\/\/lapinedaplatja.info\/de\/item\/hotel-estival-park-2-2\/\",\"name\":\"Hotel Estival Park Almaris **** | Vila-seca - La Pineda Platja\",\"isPartOf\":{\"@id\":\"https:\/\/lapinedaplatja.info\/de\/#website\"},\"primaryImageOfPage\":{\"@id\":\"https:\/\/lapinedaplatja.info\/de\/item\/hotel-estival-park-2-2\/#primaryimage\"},\"image\":{\"@id\":\"https:\/\/lapinedaplatja.info\/de\/item\/hotel-estival-park-2-2\/#primaryimage\"},\"thumbnailUrl\":\"https:\/\/lapinedaplatja.info\/wp-content\/uploads\/2026\/04\/Almaris-Rooftop.jpg\",\"datePublished\":\"2026-04-30T11:19:52+00:00\",\"dateModified\":\"2026-04-30T11:19:54+00:00\",\"description\":\"Hotelverzeichnisnr.: KT-000669 Estival Park Almaris verbindet die Ruhe der mediterranen Umgebung mit dem Angebot eines Resorts und ist ideal f\u00fcr Familien,\",\"breadcrumb\":{\"@id\":\"https:\/\/lapinedaplatja.info\/de\/item\/hotel-estival-park-2-2\/#breadcrumb\"},\"inLanguage\":\"de\",\"potentialAction\":[{\"@type\":\"ReadAction\",\"target\":[\"https:\/\/lapinedaplatja.info\/de\/item\/hotel-estival-park-2-2\/\"]}]},{\"@type\":\"ImageObject\",\"inLanguage\":\"de\",\"@id\":\"https:\/\/lapinedaplatja.info\/de\/item\/hotel-estival-park-2-2\/#primaryimage\",\"url\":\"https:\/\/lapinedaplatja.info\/wp-content\/uploads\/2026\/04\/Almaris-Rooftop.jpg\",\"contentUrl\":\"https:\/\/lapinedaplatja.info\/wp-content\/uploads\/2026\/04\/Almaris-Rooftop.jpg\",\"width\":1000,\"height\":667},{\"@type\":\"BreadcrumbList\",\"@id\":\"https:\/\/lapinedaplatja.info\/de\/item\/hotel-estival-park-2-2\/#breadcrumb\",\"itemListElement\":[{\"@type\":\"ListItem\",\"position\":1,\"name\":\"Portada\",\"item\":\"https:\/\/lapinedaplatja.info\/de\/\"},{\"@type\":\"ListItem\",\"position\":2,\"name\":\"Hotels ****\",\"item\":\"https:\/\/lapinedaplatja.info\/de\/tipus\/hotels-4-de\/\"},{\"@type\":\"ListItem\",\"position\":3,\"name\":\"Hotel Estival Park Almaris ****\"}]},{\"@type\":\"WebSite\",\"@id\":\"https:\/\/lapinedaplatja.info\/de\/#website\",\"url\":\"https:\/\/lapinedaplatja.info\/de\/\",\"name\":\"La Pineda Platja | Vila-seca\",\"description\":\"Oficina de Turismo de La Pineda.\",\"publisher\":{\"@id\":\"https:\/\/lapinedaplatja.info\/de\/#organization\"},\"potentialAction\":[{\"@type\":\"SearchAction\",\"target\":{\"@type\":\"EntryPoint\",\"urlTemplate\":\"https:\/\/lapinedaplatja.info\/de\/?s={search_term_string}\"},\"query-input\":{\"@type\":\"PropertyValueSpecification\",\"valueRequired\":true,\"valueName\":\"search_term_string\"}}],\"inLanguage\":\"de\"},{\"@type\":\"Organization\",\"@id\":\"https:\/\/lapinedaplatja.info\/de\/#organization\",\"name\":\"Patronat Municipal de Turisme de Vila-seca\",\"url\":\"https:\/\/lapinedaplatja.info\/de\/\",\"logo\":{\"@type\":\"ImageObject\",\"inLanguage\":\"de\",\"@id\":\"https:\/\/lapinedaplatja.info\/de\/#\/schema\/logo\/image\/\",\"url\":\"https:\/\/lapinedaplatja.info\/wp-content\/uploads\/2018\/10\/cropped-13260099_989491457837088_3488030785405353200_n.jpg\",\"contentUrl\":\"https:\/\/lapinedaplatja.info\/wp-content\/uploads\/2018\/10\/cropped-13260099_989491457837088_3488030785405353200_n.jpg\",\"width\":600,\"height\":600,\"caption\":\"Patronat Municipal de Turisme de Vila-seca\"},\"image\":{\"@id\":\"https:\/\/lapinedaplatja.info\/de\/#\/schema\/logo\/image\/\"},\"sameAs\":[\"https:\/\/www.facebook.com\/lapinedaplatja\/\",\"https:\/\/x.com\/lapinedaplatja\",\"https:\/\/www.instagram.com\/lapinedaplatja\/\"]}]}<\/script>\n<!-- \/ Yoast SEO plugin. -->","yoast_head_json":{"title":"Hotel Estival Park Almaris **** | Vila-seca - La Pineda Platja","description":"Hotelverzeichnisnr.: KT-000669 Estival Park Almaris verbindet die Ruhe der mediterranen Umgebung mit dem Angebot eines Resorts und ist ideal f\u00fcr Familien,","robots":{"index":"index","follow":"follow","max-snippet":"max-snippet:-1","max-image-preview":"max-image-preview:large","max-video-preview":"max-video-preview:-1"},"canonical":"https:\/\/lapinedaplatja.info\/de\/item\/hotel-estival-park-2-2\/","og_locale":"de_DE","og_type":"article","og_title":"Hotel Estival Park Almaris **** | Vila-seca - La Pineda Platja","og_description":"Hotelverzeichnisnr.: KT-000669 Estival Park Almaris verbindet die Ruhe der mediterranen Umgebung mit dem Angebot eines Resorts und ist ideal f\u00fcr Familien,","og_url":"https:\/\/lapinedaplatja.info\/de\/item\/hotel-estival-park-2-2\/","og_site_name":"Vila-seca - La Pineda Platja","article_publisher":"https:\/\/www.facebook.com\/lapinedaplatja\/","article_modified_time":"2026-04-30T11:19:54+00:00","og_image":[{"width":1000,"height":667,"url":"https:\/\/lapinedaplatja.info\/wp-content\/uploads\/2026\/04\/Almaris-Rooftop.jpg","type":"image\/jpeg"}],"twitter_card":"summary_large_image","twitter_site":"@lapinedaplatja","twitter_misc":{"Gesch\u00e4tzte Lesezeit":"1\u00a0Minute"},"schema":{"@context":"https:\/\/schema.org","@graph":[{"@type":"WebPage","@id":"https:\/\/lapinedaplatja.info\/de\/item\/hotel-estival-park-2-2\/","url":"https:\/\/lapinedaplatja.info\/de\/item\/hotel-estival-park-2-2\/","name":"Hotel Estival Park Almaris **** | Vila-seca - La Pineda Platja","isPartOf":{"@id":"https:\/\/lapinedaplatja.info\/de\/#website"},"primaryImageOfPage":{"@id":"https:\/\/lapinedaplatja.info\/de\/item\/hotel-estival-park-2-2\/#primaryimage"},"image":{"@id":"https:\/\/lapinedaplatja.info\/de\/item\/hotel-estival-park-2-2\/#primaryimage"},"thumbnailUrl":"https:\/\/lapinedaplatja.info\/wp-content\/uploads\/2026\/04\/Almaris-Rooftop.jpg","datePublished":"2026-04-30T11:19:52+00:00","dateModified":"2026-04-30T11:19:54+00:00","description":"Hotelverzeichnisnr.: KT-000669 Estival Park Almaris verbindet die Ruhe der mediterranen Umgebung mit dem Angebot eines Resorts und ist ideal f\u00fcr Familien,","breadcrumb":{"@id":"https:\/\/lapinedaplatja.info\/de\/item\/hotel-estival-park-2-2\/#breadcrumb"},"inLanguage":"de","potentialAction":[{"@type":"ReadAction","target":["https:\/\/lapinedaplatja.info\/de\/item\/hotel-estival-park-2-2\/"]}]},{"@type":"ImageObject","inLanguage":"de","@id":"https:\/\/lapinedaplatja.info\/de\/item\/hotel-estival-park-2-2\/#primaryimage","url":"https:\/\/lapinedaplatja.info\/wp-content\/uploads\/2026\/04\/Almaris-Rooftop.jpg","contentUrl":"https:\/\/lapinedaplatja.info\/wp-content\/uploads\/2026\/04\/Almaris-Rooftop.jpg","width":1000,"height":667},{"@type":"BreadcrumbList","@id":"https:\/\/lapinedaplatja.info\/de\/item\/hotel-estival-park-2-2\/#breadcrumb","itemListElement":[{"@type":"ListItem","position":1,"name":"Portada","item":"https:\/\/lapinedaplatja.info\/de\/"},{"@type":"ListItem","position":2,"name":"Hotels ****","item":"https:\/\/lapinedaplatja.info\/de\/tipus\/hotels-4-de\/"},{"@type":"ListItem","position":3,"name":"Hotel Estival Park Almaris ****"}]},{"@type":"WebSite","@id":"https:\/\/lapinedaplatja.info\/de\/#website","url":"https:\/\/lapinedaplatja.info\/de\/","name":"La Pineda Platja | Vila-seca","description":"Oficina de Turismo de La Pineda.","publisher":{"@id":"https:\/\/lapinedaplatja.info\/de\/#organization"},"potentialAction":[{"@type":"SearchAction","target":{"@type":"EntryPoint","urlTemplate":"https:\/\/lapinedaplatja.info\/de\/?s={search_term_string}"},"query-input":{"@type":"PropertyValueSpecification","valueRequired":true,"valueName":"search_term_string"}}],"inLanguage":"de"},{"@type":"Organization","@id":"https:\/\/lapinedaplatja.info\/de\/#organization","name":"Patronat Municipal de Turisme de Vila-seca","url":"https:\/\/lapinedaplatja.info\/de\/","logo":{"@type":"ImageObject","inLanguage":"de","@id":"https:\/\/lapinedaplatja.info\/de\/#\/schema\/logo\/image\/","url":"https:\/\/lapinedaplatja.info\/wp-content\/uploads\/2018\/10\/cropped-13260099_989491457837088_3488030785405353200_n.jpg","contentUrl":"https:\/\/lapinedaplatja.info\/wp-content\/uploads\/2018\/10\/cropped-13260099_989491457837088_3488030785405353200_n.jpg","width":600,"height":600,"caption":"Patronat Municipal de Turisme de Vila-seca"},"image":{"@id":"https:\/\/lapinedaplatja.info\/de\/#\/schema\/logo\/image\/"},"sameAs":["https:\/\/www.facebook.com\/lapinedaplatja\/","https:\/\/x.com\/lapinedaplatja","https:\/\/www.instagram.com\/lapinedaplatja\/"]}]}},"_links":{"self":[{"href":"https:\/\/lapinedaplatja.info\/de\/wp-json\/wp\/v2\/portfolio\/37140","targetHints":{"allow":["GET"]}}],"collection":[{"href":"https:\/\/lapinedaplatja.info\/de\/wp-json\/wp\/v2\/portfolio"}],"about":[{"href":"https:\/\/lapinedaplatja.info\/de\/wp-json\/wp\/v2\/types\/portfolio"}],"version-history":[{"count":1,"href":"https:\/\/lapinedaplatja.info\/de\/wp-json\/wp\/v2\/portfolio\/37140\/revisions"}],"predecessor-version":[{"id":37185,"href":"https:\/\/lapinedaplatja.info\/de\/wp-json\/wp\/v2\/portfolio\/37140\/revisions\/37185"}],"wp:featuredmedia":[{"embeddable":true,"href":"https:\/\/lapinedaplatja.info\/de\/wp-json\/wp\/v2\/media\/37172"}],"wp:attachment":[{"href":"https:\/\/lapinedaplatja.info\/de\/wp-json\/wp\/v2\/media?parent=37140"}],"wp:term":[{"taxonomy":"portfolio-types","embeddable":true,"href":"https:\/\/lapinedaplatja.info\/de\/wp-json\/wp\/v2\/portfolio-types?post=37140"}],"curies":[{"name":"wp","href":"https:\/\/api.w.org\/{rel}","templated":true}]}}

<h6>Hotelverzeichnisnr.: KT-000669</h6>
<p><span data-olk-copy-source="MessageBody">Estival Park Almaris verbindet die Ruhe der mediterranen Umgebung mit dem Angebot eines Resorts und ist ideal für Familien, Paare und Freunde. Es verfügt über ein Solarium mit zwei Pools, darunter ein Kinderpool mit Wasserspielen, sowie eine exklusive Adults-only-Dachterrasse (+18) mit Meerblick.</span></p>

<!-- This site is optimized with the Yoast SEO plugin v26.6 - https://yoast.com/wordpress/plugins/seo/ -->
<title>Hotel Estival Park Almaris **** | Vila-seca - La Pineda Platja</title>
<meta name="description" content="Hotelverzeichnisnr.: KT-000669 Estival Park Almaris verbindet die Ruhe der mediterranen Umgebung mit dem Angebot eines Resorts und ist ideal für Familien," />
<meta name="robots" content="index, follow, max-snippet:-1, max-image-preview:large, max-video-preview:-1" />
<link rel="canonical" href="https://lapinedaplatja.info/de/item/hotel-estival-park-2-2/" />
<meta property="og:locale" content="de_DE" />
<meta property="og:type" content="article" />
<meta property="og:title" content="Hotel Estival Park Almaris **** | Vila-seca - La Pineda Platja" />
<meta property="og:description" content="Hotelverzeichnisnr.: KT-000669 Estival Park Almaris verbindet die Ruhe der mediterranen Umgebung mit dem Angebot eines Resorts und ist ideal für Familien," />
<meta property="og:url" content="https://lapinedaplatja.info/de/item/hotel-estival-park-2-2/" />
<meta property="og:site_name" content="Vila-seca - La Pineda Platja" />
<meta property="article:publisher" content="https://www.facebook.com/lapinedaplatja/" />
<meta property="article:modified_time" content="2026-04-30T11:19:54+00:00" />
<meta property="og:image" content="https://lapinedaplatja.info/wp-content/uploads/2026/04/Almaris-Rooftop.jpg" />
	<meta property="og:image:width" content="1000" />
	<meta property="og:image:height" content="667" />
	<meta property="og:image:type" content="image/jpeg" />
<meta name="twitter:card" content="summary_large_image" />
<meta name="twitter:site" content="@lapinedaplatja" />
<meta name="twitter:label1" content="Geschätzte Lesezeit" />
	<meta name="twitter:data1" content="1 Minute" />
<script type="application/ld+json" class="yoast-schema-graph">{"@context":"https://schema.org","@graph":[{"@type":"WebPage","@id":"https://lapinedaplatja.info/de/item/hotel-estival-park-2-2/","url":"https://lapinedaplatja.info/de/item/hotel-estival-park-2-2/","name":"Hotel Estival Park Almaris **** | Vila-seca - La Pineda Platja","isPartOf":{"@id":"https://lapinedaplatja.info/de/#website"},"primaryImageOfPage":{"@id":"https://lapinedaplatja.info/de/item/hotel-estival-park-2-2/#primaryimage"},"image":{"@id":"https://lapinedaplatja.info/de/item/hotel-estival-park-2-2/#primaryimage"},"thumbnailUrl":"https://lapinedaplatja.info/wp-content/uploads/2026/04/Almaris-Rooftop.jpg","datePublished":"2026-04-30T11:19:52+00:00","dateModified":"2026-04-30T11:19:54+00:00","description":"Hotelverzeichnisnr.: KT-000669 Estival Park Almaris verbindet die Ruhe der mediterranen Umgebung mit dem Angebot eines Resorts und ist ideal für Familien,","breadcrumb":{"@id":"https://lapinedaplatja.info/de/item/hotel-estival-park-2-2/#breadcrumb"},"inLanguage":"de","potentialAction":[{"@type":"ReadAction","target":["https://lapinedaplatja.info/de/item/hotel-estival-park-2-2/"]}]},{"@type":"ImageObject","inLanguage":"de","@id":"https://lapinedaplatja.info/de/item/hotel-estival-park-2-2/#primaryimage","url":"https://lapinedaplatja.info/wp-content/uploads/2026/04/Almaris-Rooftop.jpg","contentUrl":"https://lapinedaplatja.info/wp-content/uploads/2026/04/Almaris-Rooftop.jpg","width":1000,"height":667},{"@type":"BreadcrumbList","@id":"https://lapinedaplatja.info/de/item/hotel-estival-park-2-2/#breadcrumb","itemListElement":[{"@type":"ListItem","position":1,"name":"Portada","item":"https://lapinedaplatja.info/de/"},{"@type":"ListItem","position":2,"name":"Hotels ****","item":"https://lapinedaplatja.info/de/tipus/hotels-4-de/"},{"@type":"ListItem","position":3,"name":"Hotel Estival Park Almaris ****"}]},{"@type":"WebSite","@id":"https://lapinedaplatja.info/de/#website","url":"https://lapinedaplatja.info/de/","name":"La Pineda Platja | Vila-seca","description":"Oficina de Turismo de La Pineda.","publisher":{"@id":"https://lapinedaplatja.info/de/#organization"},"potentialAction":[{"@type":"SearchAction","target":{"@type":"EntryPoint","urlTemplate":"https://lapinedaplatja.info/de/?s={search_term_string}"},"query-input":{"@type":"PropertyValueSpecification","valueRequired":true,"valueName":"search_term_string"}}],"inLanguage":"de"},{"@type":"Organization","@id":"https://lapinedaplatja.info/de/#organization","name":"Patronat Municipal de Turisme de Vila-seca","url":"https://lapinedaplatja.info/de/","logo":{"@type":"ImageObject","inLanguage":"de","@id":"https://lapinedaplatja.info/de/#/schema/logo/image/","url":"https://lapinedaplatja.info/wp-content/uploads/2018/10/cropped-13260099_989491457837088_3488030785405353200_n.jpg","contentUrl":"https://lapinedaplatja.info/wp-content/uploads/2018/10/cropped-13260099_989491457837088_3488030785405353200_n.jpg","width":600,"height":600,"caption":"Patronat Municipal de Turisme de Vila-seca"},"image":{"@id":"https://lapinedaplatja.info/de/#/schema/logo/image/"},"sameAs":["https://www.facebook.com/lapinedaplatja/","https://x.com/lapinedaplatja","https://www.instagram.com/lapinedaplatja/"]}]}</script>
<!-- / Yoast SEO plugin. -->

Hotelverzeichnisnr.: KT-000669 Estival Park Almaris verbindet die Ruhe der mediterranen Umgebung mit dem Angebot eines Resorts und ist ideal für Familien,
