{"id":6273,"date":"2019-04-16T07:20:51","date_gmt":"2019-04-16T07:20:51","guid":{"rendered":"http:\/\/lapinedaplatja.info\/item\/1-dia-resta-any\/"},"modified":"2023-08-18T11:46:37","modified_gmt":"2023-08-18T09:46:37","slug":"1-dia-resta-any","status":"publish","type":"portfolio","link":"https:\/\/lapinedaplatja.info\/es\/item\/1-dia-resta-any\/","title":{"rendered":"1 D\u00eda"},"content":{"rendered":"<h1><strong>Vila-seca, la Pineda Platja, tambi\u00e9n en oto\u00f1o<\/strong><\/h1>\n<p>Vila-seca, la Pineda Platja es una destinaci\u00f3n conocida sobre todo por sus playas tranquilas pero tiene muchos otros atractivos que la hacen ideal para visitar tambi\u00e9n durante la primavera, el oto\u00f1o y el invierno. Si tienes pocas horas para visitarnos, esto es lo que no te puedes perder.<\/p>\n<h3>Ma\u00f1ana del d\u00eda 1: un paseo a la orilla del mar<\/h3>\n<p>Vila-seca destaca por su playa y el paseo mar\u00edtimo que lo envuelve. Sus m\u00e1s de 3 kil\u00f3metros hacen que sea un placer recorrerla tambi\u00e9n fuera de la temporada de verano. Haz un agradable paseo al lado del mar y ac\u00e9rcate hasta los puntos de inter\u00e9s de la playa: los grupos escult\u00f3ricos Marca d\u2019Aigua y Pineda, adem\u00e1s del Parc del Pinar de Perrquet, un parque urbano de grandes dimensiones al lado de la arena.<\/p>\n<p>A media ma\u00f1ana, ven a descubrir el espacio natural de la S\u00e9quia Major, d\u00f3nde contemplar\u00e1s especies vegetales y animales, algunas de las cuales se encuentran en peligro de extinci\u00f3n. Este importante humedal de Catalunya est\u00e1 protegido por el Pla d\u2019Espais d\u2019Inter\u00e9s Natural (PEIN)\u00a0de la Generalitat de Catalunya. Si eres un amante de la naturaleza y de la observaci\u00f3n de aves, te va a encantar. Puedes reservar tu visita guiada gratuita (entre los meses de agosto y febrero, cuando las aves no nidifican) llamando al 977.39.03.62.<\/p>\n<h3>Tarde del d\u00eda 1: descubre el centro hist\u00f3rico y desconecta cuerpo y mente<\/h3>\n<p>Por la tarde, Vila-seca te espera para conocer su patrimonio cultural realizando un itinerario libre por el centro hist\u00f3rico. Esta ruta se puede recorrer siguiendo los 10 t\u00f3tems identificativos con informaci\u00f3n QR, ubicados en los monumentos m\u00e1s relevantes. Un buen punto de partida es el Raval de la Mar donde encontrar\u00e1s la Creu de la Beguda del siglo XII. Sigue el itinerario visitando el Castell; la Esgl\u00e9sia de Sant Esteve; el Celler; el Portal de Sant Antoni (s.XIV); la Torre de la Tuies del Caf\u00e8 (s.XVI); y las Torres de l\u2019Abadia, de l\u2019Ardiaca, del Delme y de l\u2019Homenatge (s.XII).<\/p>\n<p>Para volver a casa como nuevo, pasa antes por uno de los centros del bienestar y wellness de Vila-seca. Contamos con dos espacios de referencia en el territorio: el Aquum Spa &amp; Wellness, donde podr\u00e1s disfrutar de una experiencia relajante y revitalizante a trav\u00e9s de tratamientos, sensaciones, saunas, masajes y circuitos de aguas.<\/p>\n","protected":false},"featured_media":14471,"template":"","meta":{"_acf_changed":false},"portfolio-types":[118],"class_list":["post-6273","portfolio","type-portfolio","status-publish","has-post-thumbnail","hentry","portfolio-types-resta-any-es"],"acf":[],"yoast_head":"<!-- This site is optimized with the Yoast SEO plugin v26.6 - https:\/\/yoast.com\/wordpress\/plugins\/seo\/ -->\n<title>1 D\u00eda | Vila-seca<\/title>\n<meta name=\"description\" content=\"Vila-seca, la Pineda Platja, tambi\u00e9n en oto\u00f1o Vila-seca, la Pineda Platja es una destinaci\u00f3n conocida sobre todo por sus playas tranquilas pero tiene\" \/>\n<meta name=\"robots\" content=\"index, follow, max-snippet:-1, max-image-preview:large, max-video-preview:-1\" \/>\n<link rel=\"canonical\" href=\"https:\/\/lapinedaplatja.info\/es\/item\/1-dia-resta-any\/\" \/>\n<meta property=\"og:locale\" content=\"es_ES\" \/>\n<meta property=\"og:type\" content=\"article\" \/>\n<meta property=\"og:title\" content=\"1 D\u00eda | Vila-seca\" \/>\n<meta property=\"og:description\" content=\"Vila-seca, la Pineda Platja, tambi\u00e9n en oto\u00f1o Vila-seca, la Pineda Platja es una destinaci\u00f3n conocida sobre todo por sus playas tranquilas pero tiene\" \/>\n<meta property=\"og:url\" content=\"https:\/\/lapinedaplatja.info\/es\/item\/1-dia-resta-any\/\" \/>\n<meta property=\"og:site_name\" content=\"Vila-seca\" \/>\n<meta property=\"article:publisher\" content=\"https:\/\/www.facebook.com\/lapinedaplatja\/\" \/>\n<meta property=\"article:modified_time\" content=\"2023-08-18T09:46:37+00:00\" \/>\n<meta property=\"og:image\" content=\"https:\/\/lapinedaplatja.info\/wp-content\/uploads\/2019\/04\/2020_001_item_resta-any.jpg\" \/>\n\t<meta property=\"og:image:width\" content=\"1440\" \/>\n\t<meta property=\"og:image:height\" content=\"550\" \/>\n\t<meta property=\"og:image:type\" content=\"image\/jpeg\" \/>\n<meta name=\"twitter:card\" content=\"summary_large_image\" \/>\n<meta name=\"twitter:site\" content=\"@lapinedaplatja\" \/>\n<meta name=\"twitter:label1\" content=\"Tiempo de lectura\" \/>\n\t<meta name=\"twitter:data1\" content=\"3 minutos\" \/>\n<script type=\"application\/ld+json\" class=\"yoast-schema-graph\">{\"@context\":\"https:\/\/schema.org\",\"@graph\":[{\"@type\":\"WebPage\",\"@id\":\"https:\/\/lapinedaplatja.info\/es\/item\/1-dia-resta-any\/\",\"url\":\"https:\/\/lapinedaplatja.info\/es\/item\/1-dia-resta-any\/\",\"name\":\"1 D\u00eda | Vila-seca\",\"isPartOf\":{\"@id\":\"https:\/\/lapinedaplatja.info\/es\/#website\"},\"primaryImageOfPage\":{\"@id\":\"https:\/\/lapinedaplatja.info\/es\/item\/1-dia-resta-any\/#primaryimage\"},\"image\":{\"@id\":\"https:\/\/lapinedaplatja.info\/es\/item\/1-dia-resta-any\/#primaryimage\"},\"thumbnailUrl\":\"https:\/\/lapinedaplatja.info\/wp-content\/uploads\/2019\/04\/2020_001_item_resta-any.jpg\",\"datePublished\":\"2019-04-16T07:20:51+00:00\",\"dateModified\":\"2023-08-18T09:46:37+00:00\",\"description\":\"Vila-seca, la Pineda Platja, tambi\u00e9n en oto\u00f1o Vila-seca, la Pineda Platja es una destinaci\u00f3n conocida sobre todo por sus playas tranquilas pero tiene\",\"breadcrumb\":{\"@id\":\"https:\/\/lapinedaplatja.info\/es\/item\/1-dia-resta-any\/#breadcrumb\"},\"inLanguage\":\"es\",\"potentialAction\":[{\"@type\":\"ReadAction\",\"target\":[\"https:\/\/lapinedaplatja.info\/es\/item\/1-dia-resta-any\/\"]}]},{\"@type\":\"ImageObject\",\"inLanguage\":\"es\",\"@id\":\"https:\/\/lapinedaplatja.info\/es\/item\/1-dia-resta-any\/#primaryimage\",\"url\":\"https:\/\/lapinedaplatja.info\/wp-content\/uploads\/2019\/04\/2020_001_item_resta-any.jpg\",\"contentUrl\":\"https:\/\/lapinedaplatja.info\/wp-content\/uploads\/2019\/04\/2020_001_item_resta-any.jpg\",\"width\":1440,\"height\":550},{\"@type\":\"BreadcrumbList\",\"@id\":\"https:\/\/lapinedaplatja.info\/es\/item\/1-dia-resta-any\/#breadcrumb\",\"itemListElement\":[{\"@type\":\"ListItem\",\"position\":1,\"name\":\"Portada\",\"item\":\"https:\/\/lapinedaplatja.info\/es\/\"},{\"@type\":\"ListItem\",\"position\":2,\"name\":\"Resto del a\u00f1o\",\"item\":\"https:\/\/lapinedaplatja.info\/es\/tipus\/resta-any-es\/\"},{\"@type\":\"ListItem\",\"position\":3,\"name\":\"1 D\u00eda\"}]},{\"@type\":\"WebSite\",\"@id\":\"https:\/\/lapinedaplatja.info\/es\/#website\",\"url\":\"https:\/\/lapinedaplatja.info\/es\/\",\"name\":\"La Pineda Platja | Vila-seca\",\"description\":\"Destinaci\u00f3 de turisme familiar.\",\"publisher\":{\"@id\":\"https:\/\/lapinedaplatja.info\/es\/#organization\"},\"potentialAction\":[{\"@type\":\"SearchAction\",\"target\":{\"@type\":\"EntryPoint\",\"urlTemplate\":\"https:\/\/lapinedaplatja.info\/es\/?s={search_term_string}\"},\"query-input\":{\"@type\":\"PropertyValueSpecification\",\"valueRequired\":true,\"valueName\":\"search_term_string\"}}],\"inLanguage\":\"es\"},{\"@type\":\"Organization\",\"@id\":\"https:\/\/lapinedaplatja.info\/es\/#organization\",\"name\":\"Patronat Municipal de Turisme de Vila-seca\",\"url\":\"https:\/\/lapinedaplatja.info\/es\/\",\"logo\":{\"@type\":\"ImageObject\",\"inLanguage\":\"es\",\"@id\":\"https:\/\/lapinedaplatja.info\/es\/#\/schema\/logo\/image\/\",\"url\":\"https:\/\/lapinedaplatja.info\/wp-content\/uploads\/2018\/10\/cropped-13260099_989491457837088_3488030785405353200_n.jpg\",\"contentUrl\":\"https:\/\/lapinedaplatja.info\/wp-content\/uploads\/2018\/10\/cropped-13260099_989491457837088_3488030785405353200_n.jpg\",\"width\":600,\"height\":600,\"caption\":\"Patronat Municipal de Turisme de Vila-seca\"},\"image\":{\"@id\":\"https:\/\/lapinedaplatja.info\/es\/#\/schema\/logo\/image\/\"},\"sameAs\":[\"https:\/\/www.facebook.com\/lapinedaplatja\/\",\"https:\/\/x.com\/lapinedaplatja\",\"https:\/\/www.instagram.com\/lapinedaplatja\/\"]}]}<\/script>\n<!-- \/ Yoast SEO plugin. -->","yoast_head_json":{"title":"1 D\u00eda | Vila-seca","description":"Vila-seca, la Pineda Platja, tambi\u00e9n en oto\u00f1o Vila-seca, la Pineda Platja es una destinaci\u00f3n conocida sobre todo por sus playas tranquilas pero tiene","robots":{"index":"index","follow":"follow","max-snippet":"max-snippet:-1","max-image-preview":"max-image-preview:large","max-video-preview":"max-video-preview:-1"},"canonical":"https:\/\/lapinedaplatja.info\/es\/item\/1-dia-resta-any\/","og_locale":"es_ES","og_type":"article","og_title":"1 D\u00eda | Vila-seca","og_description":"Vila-seca, la Pineda Platja, tambi\u00e9n en oto\u00f1o Vila-seca, la Pineda Platja es una destinaci\u00f3n conocida sobre todo por sus playas tranquilas pero tiene","og_url":"https:\/\/lapinedaplatja.info\/es\/item\/1-dia-resta-any\/","og_site_name":"Vila-seca","article_publisher":"https:\/\/www.facebook.com\/lapinedaplatja\/","article_modified_time":"2023-08-18T09:46:37+00:00","og_image":[{"width":1440,"height":550,"url":"https:\/\/lapinedaplatja.info\/wp-content\/uploads\/2019\/04\/2020_001_item_resta-any.jpg","type":"image\/jpeg"}],"twitter_card":"summary_large_image","twitter_site":"@lapinedaplatja","twitter_misc":{"Tiempo de lectura":"3 minutos"},"schema":{"@context":"https:\/\/schema.org","@graph":[{"@type":"WebPage","@id":"https:\/\/lapinedaplatja.info\/es\/item\/1-dia-resta-any\/","url":"https:\/\/lapinedaplatja.info\/es\/item\/1-dia-resta-any\/","name":"1 D\u00eda | Vila-seca","isPartOf":{"@id":"https:\/\/lapinedaplatja.info\/es\/#website"},"primaryImageOfPage":{"@id":"https:\/\/lapinedaplatja.info\/es\/item\/1-dia-resta-any\/#primaryimage"},"image":{"@id":"https:\/\/lapinedaplatja.info\/es\/item\/1-dia-resta-any\/#primaryimage"},"thumbnailUrl":"https:\/\/lapinedaplatja.info\/wp-content\/uploads\/2019\/04\/2020_001_item_resta-any.jpg","datePublished":"2019-04-16T07:20:51+00:00","dateModified":"2023-08-18T09:46:37+00:00","description":"Vila-seca, la Pineda Platja, tambi\u00e9n en oto\u00f1o Vila-seca, la Pineda Platja es una destinaci\u00f3n conocida sobre todo por sus playas tranquilas pero tiene","breadcrumb":{"@id":"https:\/\/lapinedaplatja.info\/es\/item\/1-dia-resta-any\/#breadcrumb"},"inLanguage":"es","potentialAction":[{"@type":"ReadAction","target":["https:\/\/lapinedaplatja.info\/es\/item\/1-dia-resta-any\/"]}]},{"@type":"ImageObject","inLanguage":"es","@id":"https:\/\/lapinedaplatja.info\/es\/item\/1-dia-resta-any\/#primaryimage","url":"https:\/\/lapinedaplatja.info\/wp-content\/uploads\/2019\/04\/2020_001_item_resta-any.jpg","contentUrl":"https:\/\/lapinedaplatja.info\/wp-content\/uploads\/2019\/04\/2020_001_item_resta-any.jpg","width":1440,"height":550},{"@type":"BreadcrumbList","@id":"https:\/\/lapinedaplatja.info\/es\/item\/1-dia-resta-any\/#breadcrumb","itemListElement":[{"@type":"ListItem","position":1,"name":"Portada","item":"https:\/\/lapinedaplatja.info\/es\/"},{"@type":"ListItem","position":2,"name":"Resto del a\u00f1o","item":"https:\/\/lapinedaplatja.info\/es\/tipus\/resta-any-es\/"},{"@type":"ListItem","position":3,"name":"1 D\u00eda"}]},{"@type":"WebSite","@id":"https:\/\/lapinedaplatja.info\/es\/#website","url":"https:\/\/lapinedaplatja.info\/es\/","name":"La Pineda Platja | Vila-seca","description":"Destinaci\u00f3 de turisme familiar.","publisher":{"@id":"https:\/\/lapinedaplatja.info\/es\/#organization"},"potentialAction":[{"@type":"SearchAction","target":{"@type":"EntryPoint","urlTemplate":"https:\/\/lapinedaplatja.info\/es\/?s={search_term_string}"},"query-input":{"@type":"PropertyValueSpecification","valueRequired":true,"valueName":"search_term_string"}}],"inLanguage":"es"},{"@type":"Organization","@id":"https:\/\/lapinedaplatja.info\/es\/#organization","name":"Patronat Municipal de Turisme de Vila-seca","url":"https:\/\/lapinedaplatja.info\/es\/","logo":{"@type":"ImageObject","inLanguage":"es","@id":"https:\/\/lapinedaplatja.info\/es\/#\/schema\/logo\/image\/","url":"https:\/\/lapinedaplatja.info\/wp-content\/uploads\/2018\/10\/cropped-13260099_989491457837088_3488030785405353200_n.jpg","contentUrl":"https:\/\/lapinedaplatja.info\/wp-content\/uploads\/2018\/10\/cropped-13260099_989491457837088_3488030785405353200_n.jpg","width":600,"height":600,"caption":"Patronat Municipal de Turisme de Vila-seca"},"image":{"@id":"https:\/\/lapinedaplatja.info\/es\/#\/schema\/logo\/image\/"},"sameAs":["https:\/\/www.facebook.com\/lapinedaplatja\/","https:\/\/x.com\/lapinedaplatja","https:\/\/www.instagram.com\/lapinedaplatja\/"]}]}},"_links":{"self":[{"href":"https:\/\/lapinedaplatja.info\/es\/wp-json\/wp\/v2\/portfolio\/6273","targetHints":{"allow":["GET"]}}],"collection":[{"href":"https:\/\/lapinedaplatja.info\/es\/wp-json\/wp\/v2\/portfolio"}],"about":[{"href":"https:\/\/lapinedaplatja.info\/es\/wp-json\/wp\/v2\/types\/portfolio"}],"version-history":[{"count":0,"href":"https:\/\/lapinedaplatja.info\/es\/wp-json\/wp\/v2\/portfolio\/6273\/revisions"}],"wp:featuredmedia":[{"embeddable":true,"href":"https:\/\/lapinedaplatja.info\/es\/wp-json\/wp\/v2\/media\/14471"}],"wp:attachment":[{"href":"https:\/\/lapinedaplatja.info\/es\/wp-json\/wp\/v2\/media?parent=6273"}],"wp:term":[{"taxonomy":"portfolio-types","embeddable":true,"href":"https:\/\/lapinedaplatja.info\/es\/wp-json\/wp\/v2\/portfolio-types?post=6273"}],"curies":[{"name":"wp","href":"https:\/\/api.w.org\/{rel}","templated":true}]}}

1 Día

<h1><strong>Vila-seca, la Pineda Platja, también en otoño</strong></h1>
<p>Vila-seca, la Pineda Platja es una destinación conocida sobre todo por sus playas tranquilas pero tiene muchos otros atractivos que la hacen ideal para visitar también durante la primavera, el otoño y el invierno. Si tienes pocas horas para visitarnos, esto es lo que no te puedes perder.</p>
<h3>Mañana del día 1: un paseo a la orilla del mar</h3>
<p>Vila-seca destaca por su playa y el paseo marítimo que lo envuelve. Sus más de 3 kilómetros hacen que sea un placer recorrerla también fuera de la temporada de verano. Haz un agradable paseo al lado del mar y acércate hasta los puntos de interés de la playa: los grupos escultóricos Marca d’Aigua y Pineda, además del Parc del Pinar de Perrquet, un parque urbano de grandes dimensiones al lado de la arena.</p>
<p>A media mañana, ven a descubrir el espacio natural de la Séquia Major, dónde contemplarás especies vegetales y animales, algunas de las cuales se encuentran en peligro de extinción. Este importante humedal de Catalunya está protegido por el Pla d’Espais d’Interés Natural (PEIN) de la Generalitat de Catalunya. Si eres un amante de la naturaleza y de la observación de aves, te va a encantar. Puedes reservar tu visita guiada gratuita (entre los meses de agosto y febrero, cuando las aves no nidifican) llamando al 977.39.03.62.</p>
<h3>Tarde del día 1: descubre el centro histórico y desconecta cuerpo y mente</h3>
<p>Por la tarde, Vila-seca te espera para conocer su patrimonio cultural realizando un itinerario libre por el centro histórico. Esta ruta se puede recorrer siguiendo los 10 tótems identificativos con información QR, ubicados en los monumentos más relevantes. Un buen punto de partida es el Raval de la Mar donde encontrarás la Creu de la Beguda del siglo XII. Sigue el itinerario visitando el Castell; la Església de Sant Esteve; el Celler; el Portal de Sant Antoni (s.XIV); la Torre de la Tuies del Cafè (s.XVI); y las Torres de l’Abadia, de l’Ardiaca, del Delme y de l’Homenatge (s.XII).</p>
<p>Para volver a casa como nuevo, pasa antes por uno de los centros del bienestar y wellness de Vila-seca. Contamos con dos espacios de referencia en el territorio: el Aquum Spa &amp; Wellness, donde podrás disfrutar de una experiencia relajante y revitalizante a través de tratamientos, sensaciones, saunas, masajes y circuitos de aguas.</p>

<!-- This site is optimized with the Yoast SEO plugin v26.6 - https://yoast.com/wordpress/plugins/seo/ -->
<title>1 Día | Vila-seca</title>
<meta name="description" content="Vila-seca, la Pineda Platja, también en otoño Vila-seca, la Pineda Platja es una destinación conocida sobre todo por sus playas tranquilas pero tiene" />
<meta name="robots" content="index, follow, max-snippet:-1, max-image-preview:large, max-video-preview:-1" />
<link rel="canonical" href="https://lapinedaplatja.info/es/item/1-dia-resta-any/" />
<meta property="og:locale" content="es_ES" />
<meta property="og:type" content="article" />
<meta property="og:title" content="1 Día | Vila-seca" />
<meta property="og:description" content="Vila-seca, la Pineda Platja, también en otoño Vila-seca, la Pineda Platja es una destinación conocida sobre todo por sus playas tranquilas pero tiene" />
<meta property="og:url" content="https://lapinedaplatja.info/es/item/1-dia-resta-any/" />
<meta property="og:site_name" content="Vila-seca" />
<meta property="article:publisher" content="https://www.facebook.com/lapinedaplatja/" />
<meta property="article:modified_time" content="2023-08-18T09:46:37+00:00" />
<meta property="og:image" content="https://lapinedaplatja.info/wp-content/uploads/2019/04/2020_001_item_resta-any.jpg" />
	<meta property="og:image:width" content="1440" />
	<meta property="og:image:height" content="550" />
	<meta property="og:image:type" content="image/jpeg" />
<meta name="twitter:card" content="summary_large_image" />
<meta name="twitter:site" content="@lapinedaplatja" />
<meta name="twitter:label1" content="Tiempo de lectura" />
	<meta name="twitter:data1" content="3 minutos" />
<script type="application/ld+json" class="yoast-schema-graph">{"@context":"https://schema.org","@graph":[{"@type":"WebPage","@id":"https://lapinedaplatja.info/es/item/1-dia-resta-any/","url":"https://lapinedaplatja.info/es/item/1-dia-resta-any/","name":"1 Día | Vila-seca","isPartOf":{"@id":"https://lapinedaplatja.info/es/#website"},"primaryImageOfPage":{"@id":"https://lapinedaplatja.info/es/item/1-dia-resta-any/#primaryimage"},"image":{"@id":"https://lapinedaplatja.info/es/item/1-dia-resta-any/#primaryimage"},"thumbnailUrl":"https://lapinedaplatja.info/wp-content/uploads/2019/04/2020_001_item_resta-any.jpg","datePublished":"2019-04-16T07:20:51+00:00","dateModified":"2023-08-18T09:46:37+00:00","description":"Vila-seca, la Pineda Platja, también en otoño Vila-seca, la Pineda Platja es una destinación conocida sobre todo por sus playas tranquilas pero tiene","breadcrumb":{"@id":"https://lapinedaplatja.info/es/item/1-dia-resta-any/#breadcrumb"},"inLanguage":"es","potentialAction":[{"@type":"ReadAction","target":["https://lapinedaplatja.info/es/item/1-dia-resta-any/"]}]},{"@type":"ImageObject","inLanguage":"es","@id":"https://lapinedaplatja.info/es/item/1-dia-resta-any/#primaryimage","url":"https://lapinedaplatja.info/wp-content/uploads/2019/04/2020_001_item_resta-any.jpg","contentUrl":"https://lapinedaplatja.info/wp-content/uploads/2019/04/2020_001_item_resta-any.jpg","width":1440,"height":550},{"@type":"BreadcrumbList","@id":"https://lapinedaplatja.info/es/item/1-dia-resta-any/#breadcrumb","itemListElement":[{"@type":"ListItem","position":1,"name":"Portada","item":"https://lapinedaplatja.info/es/"},{"@type":"ListItem","position":2,"name":"Resto del año","item":"https://lapinedaplatja.info/es/tipus/resta-any-es/"},{"@type":"ListItem","position":3,"name":"1 Día"}]},{"@type":"WebSite","@id":"https://lapinedaplatja.info/es/#website","url":"https://lapinedaplatja.info/es/","name":"La Pineda Platja | Vila-seca","description":"Destinació de turisme familiar.","publisher":{"@id":"https://lapinedaplatja.info/es/#organization"},"potentialAction":[{"@type":"SearchAction","target":{"@type":"EntryPoint","urlTemplate":"https://lapinedaplatja.info/es/?s={search_term_string}"},"query-input":{"@type":"PropertyValueSpecification","valueRequired":true,"valueName":"search_term_string"}}],"inLanguage":"es"},{"@type":"Organization","@id":"https://lapinedaplatja.info/es/#organization","name":"Patronat Municipal de Turisme de Vila-seca","url":"https://lapinedaplatja.info/es/","logo":{"@type":"ImageObject","inLanguage":"es","@id":"https://lapinedaplatja.info/es/#/schema/logo/image/","url":"https://lapinedaplatja.info/wp-content/uploads/2018/10/cropped-13260099_989491457837088_3488030785405353200_n.jpg","contentUrl":"https://lapinedaplatja.info/wp-content/uploads/2018/10/cropped-13260099_989491457837088_3488030785405353200_n.jpg","width":600,"height":600,"caption":"Patronat Municipal de Turisme de Vila-seca"},"image":{"@id":"https://lapinedaplatja.info/es/#/schema/logo/image/"},"sameAs":["https://www.facebook.com/lapinedaplatja/","https://x.com/lapinedaplatja","https://www.instagram.com/lapinedaplatja/"]}]}</script>
<!-- / Yoast SEO plugin. -->

1 Día | Vila-seca

Vila-seca, la Pineda Platja, también en otoño Vila-seca, la Pineda Platja es una destinación conocida sobre todo por sus playas tranquilas pero tiene

Resto del año

Destinació de turisme familiar.
