{"id":6539,"date":"2019-03-27T09:57:07","date_gmt":"2019-03-27T09:57:07","guid":{"rendered":"http:\/\/lapinedaplatja.info\/item\/auditori-josep-carreras\/"},"modified":"2023-08-18T09:05:12","modified_gmt":"2023-08-18T07:05:12","slug":"auditori-josep-carreras","status":"publish","type":"portfolio","link":"https:\/\/lapinedaplatja.info\/es\/item\/auditori-josep-carreras\/","title":{"rendered":"Auditori Josep Carreras"},"content":{"rendered":"<p>El Auditori Josep Carreras es uno de los equipamientos culturales principales de Vila-seca y uno de los referentes musicales m\u00e1s importantes del sur de Catalu\u00f1a. Anexo al Conservatorio de M\u00fasica, tiene una superficie de 1.750m2 y 378 localidades y mantiene dos programaciones establecidas durante el a\u00f1o, temporada de primavera y temporada de invierno.<\/p>\n<p>Las caracter\u00edsticas t\u00e9cnicas de este equipamiento permiten mantener una variada programaci\u00f3n durante todo el a\u00f1o, de acuerdo con los adelantos m\u00e1s actuales. Tanto su\u00a0iluminaci\u00f3n, como los equipos de sonido y la ac\u00fastica del recinto, permiten acoger actuaciones musicales de varios estilos, desde la m\u00fasica cl\u00e1sica a la m\u00fasica popular.<\/p>\n<p>El Auditori cuenta, adem\u00e1s, con una sala anexa, denominada alcalde Josep\u00a0Malapeira, con capacidad para un centenar de espectadores. Se trata de una sala con un escenario para grupos reducidos, equipada con megafon\u00eda y equipos de grabaci\u00f3n y con una ac\u00fastica especialmente dise\u00f1ada para la m\u00fasica de c\u00e1mara.<\/p>\n<h4>Servicios<\/h4>\n<p>Abonos de temporada<br \/>\nCafeter\u00eda<br \/>\nAparcamiento<br \/>\nGuarda ropa<br \/>\nAcceso para personas con movilidad reducida<\/p>\n","protected":false},"featured_media":14361,"template":"","meta":{"_acf_changed":false},"portfolio-types":[142],"class_list":["post-6539","portfolio","type-portfolio","status-publish","has-post-thumbnail","hentry","portfolio-types-musica-es"],"acf":[],"yoast_head":"<!-- This site is optimized with the Yoast SEO plugin v26.6 - https:\/\/yoast.com\/wordpress\/plugins\/seo\/ -->\n<title>Auditori Josep Carreras | Vila-seca<\/title>\n<meta name=\"description\" content=\"El Auditori Josep Carreras es uno de los equipamientos culturales principales de Vila-seca y uno de los referentes musicales m\u00e1s importantes del sur de\" \/>\n<meta name=\"robots\" content=\"index, follow, max-snippet:-1, max-image-preview:large, max-video-preview:-1\" \/>\n<link rel=\"canonical\" href=\"https:\/\/lapinedaplatja.info\/es\/item\/auditori-josep-carreras\/\" \/>\n<meta property=\"og:locale\" content=\"es_ES\" \/>\n<meta property=\"og:type\" content=\"article\" \/>\n<meta property=\"og:title\" content=\"Auditori Josep Carreras | Vila-seca\" \/>\n<meta property=\"og:description\" content=\"El Auditori Josep Carreras es uno de los equipamientos culturales principales de Vila-seca y uno de los referentes musicales m\u00e1s importantes del sur de\" \/>\n<meta property=\"og:url\" content=\"https:\/\/lapinedaplatja.info\/es\/item\/auditori-josep-carreras\/\" \/>\n<meta property=\"og:site_name\" content=\"Vila-seca\" \/>\n<meta property=\"article:publisher\" content=\"https:\/\/www.facebook.com\/lapinedaplatja\/\" \/>\n<meta property=\"article:modified_time\" content=\"2023-08-18T07:05:12+00:00\" \/>\n<meta property=\"og:image\" content=\"https:\/\/lapinedaplatja.info\/wp-content\/uploads\/2019\/03\/2020_001_item_auditori-josep-carreras.jpg\" \/>\n\t<meta property=\"og:image:width\" content=\"1440\" \/>\n\t<meta property=\"og:image:height\" content=\"550\" \/>\n\t<meta property=\"og:image:type\" content=\"image\/jpeg\" \/>\n<meta name=\"twitter:card\" content=\"summary_large_image\" \/>\n<meta name=\"twitter:site\" content=\"@lapinedaplatja\" \/>\n<meta name=\"twitter:label1\" content=\"Tiempo de lectura\" \/>\n\t<meta name=\"twitter:data1\" content=\"1 minuto\" \/>\n<script type=\"application\/ld+json\" class=\"yoast-schema-graph\">{\"@context\":\"https:\/\/schema.org\",\"@graph\":[{\"@type\":\"WebPage\",\"@id\":\"https:\/\/lapinedaplatja.info\/es\/item\/auditori-josep-carreras\/\",\"url\":\"https:\/\/lapinedaplatja.info\/es\/item\/auditori-josep-carreras\/\",\"name\":\"Auditori Josep Carreras | Vila-seca\",\"isPartOf\":{\"@id\":\"https:\/\/lapinedaplatja.info\/es\/#website\"},\"primaryImageOfPage\":{\"@id\":\"https:\/\/lapinedaplatja.info\/es\/item\/auditori-josep-carreras\/#primaryimage\"},\"image\":{\"@id\":\"https:\/\/lapinedaplatja.info\/es\/item\/auditori-josep-carreras\/#primaryimage\"},\"thumbnailUrl\":\"https:\/\/lapinedaplatja.info\/wp-content\/uploads\/2019\/03\/2020_001_item_auditori-josep-carreras.jpg\",\"datePublished\":\"2019-03-27T09:57:07+00:00\",\"dateModified\":\"2023-08-18T07:05:12+00:00\",\"description\":\"El Auditori Josep Carreras es uno de los equipamientos culturales principales de Vila-seca y uno de los referentes musicales m\u00e1s importantes del sur de\",\"breadcrumb\":{\"@id\":\"https:\/\/lapinedaplatja.info\/es\/item\/auditori-josep-carreras\/#breadcrumb\"},\"inLanguage\":\"es\",\"potentialAction\":[{\"@type\":\"ReadAction\",\"target\":[\"https:\/\/lapinedaplatja.info\/es\/item\/auditori-josep-carreras\/\"]}]},{\"@type\":\"ImageObject\",\"inLanguage\":\"es\",\"@id\":\"https:\/\/lapinedaplatja.info\/es\/item\/auditori-josep-carreras\/#primaryimage\",\"url\":\"https:\/\/lapinedaplatja.info\/wp-content\/uploads\/2019\/03\/2020_001_item_auditori-josep-carreras.jpg\",\"contentUrl\":\"https:\/\/lapinedaplatja.info\/wp-content\/uploads\/2019\/03\/2020_001_item_auditori-josep-carreras.jpg\",\"width\":1440,\"height\":550},{\"@type\":\"BreadcrumbList\",\"@id\":\"https:\/\/lapinedaplatja.info\/es\/item\/auditori-josep-carreras\/#breadcrumb\",\"itemListElement\":[{\"@type\":\"ListItem\",\"position\":1,\"name\":\"Portada\",\"item\":\"https:\/\/lapinedaplatja.info\/es\/\"},{\"@type\":\"ListItem\",\"position\":2,\"name\":\"M\u00fasica\",\"item\":\"https:\/\/lapinedaplatja.info\/es\/tipus\/musica-es\/\"},{\"@type\":\"ListItem\",\"position\":3,\"name\":\"Auditori Josep Carreras\"}]},{\"@type\":\"WebSite\",\"@id\":\"https:\/\/lapinedaplatja.info\/es\/#website\",\"url\":\"https:\/\/lapinedaplatja.info\/es\/\",\"name\":\"La Pineda Platja | Vila-seca\",\"description\":\"Destinaci\u00f3 de turisme familiar.\",\"publisher\":{\"@id\":\"https:\/\/lapinedaplatja.info\/es\/#organization\"},\"potentialAction\":[{\"@type\":\"SearchAction\",\"target\":{\"@type\":\"EntryPoint\",\"urlTemplate\":\"https:\/\/lapinedaplatja.info\/es\/?s={search_term_string}\"},\"query-input\":{\"@type\":\"PropertyValueSpecification\",\"valueRequired\":true,\"valueName\":\"search_term_string\"}}],\"inLanguage\":\"es\"},{\"@type\":\"Organization\",\"@id\":\"https:\/\/lapinedaplatja.info\/es\/#organization\",\"name\":\"Patronat Municipal de Turisme de Vila-seca\",\"url\":\"https:\/\/lapinedaplatja.info\/es\/\",\"logo\":{\"@type\":\"ImageObject\",\"inLanguage\":\"es\",\"@id\":\"https:\/\/lapinedaplatja.info\/es\/#\/schema\/logo\/image\/\",\"url\":\"https:\/\/lapinedaplatja.info\/wp-content\/uploads\/2018\/10\/cropped-13260099_989491457837088_3488030785405353200_n.jpg\",\"contentUrl\":\"https:\/\/lapinedaplatja.info\/wp-content\/uploads\/2018\/10\/cropped-13260099_989491457837088_3488030785405353200_n.jpg\",\"width\":600,\"height\":600,\"caption\":\"Patronat Municipal de Turisme de Vila-seca\"},\"image\":{\"@id\":\"https:\/\/lapinedaplatja.info\/es\/#\/schema\/logo\/image\/\"},\"sameAs\":[\"https:\/\/www.facebook.com\/lapinedaplatja\/\",\"https:\/\/x.com\/lapinedaplatja\",\"https:\/\/www.instagram.com\/lapinedaplatja\/\"]}]}<\/script>\n<!-- \/ Yoast SEO plugin. -->","yoast_head_json":{"title":"Auditori Josep Carreras | Vila-seca","description":"El Auditori Josep Carreras es uno de los equipamientos culturales principales de Vila-seca y uno de los referentes musicales m\u00e1s importantes del sur de","robots":{"index":"index","follow":"follow","max-snippet":"max-snippet:-1","max-image-preview":"max-image-preview:large","max-video-preview":"max-video-preview:-1"},"canonical":"https:\/\/lapinedaplatja.info\/es\/item\/auditori-josep-carreras\/","og_locale":"es_ES","og_type":"article","og_title":"Auditori Josep Carreras | Vila-seca","og_description":"El Auditori Josep Carreras es uno de los equipamientos culturales principales de Vila-seca y uno de los referentes musicales m\u00e1s importantes del sur de","og_url":"https:\/\/lapinedaplatja.info\/es\/item\/auditori-josep-carreras\/","og_site_name":"Vila-seca","article_publisher":"https:\/\/www.facebook.com\/lapinedaplatja\/","article_modified_time":"2023-08-18T07:05:12+00:00","og_image":[{"width":1440,"height":550,"url":"https:\/\/lapinedaplatja.info\/wp-content\/uploads\/2019\/03\/2020_001_item_auditori-josep-carreras.jpg","type":"image\/jpeg"}],"twitter_card":"summary_large_image","twitter_site":"@lapinedaplatja","twitter_misc":{"Tiempo de lectura":"1 minuto"},"schema":{"@context":"https:\/\/schema.org","@graph":[{"@type":"WebPage","@id":"https:\/\/lapinedaplatja.info\/es\/item\/auditori-josep-carreras\/","url":"https:\/\/lapinedaplatja.info\/es\/item\/auditori-josep-carreras\/","name":"Auditori Josep Carreras | Vila-seca","isPartOf":{"@id":"https:\/\/lapinedaplatja.info\/es\/#website"},"primaryImageOfPage":{"@id":"https:\/\/lapinedaplatja.info\/es\/item\/auditori-josep-carreras\/#primaryimage"},"image":{"@id":"https:\/\/lapinedaplatja.info\/es\/item\/auditori-josep-carreras\/#primaryimage"},"thumbnailUrl":"https:\/\/lapinedaplatja.info\/wp-content\/uploads\/2019\/03\/2020_001_item_auditori-josep-carreras.jpg","datePublished":"2019-03-27T09:57:07+00:00","dateModified":"2023-08-18T07:05:12+00:00","description":"El Auditori Josep Carreras es uno de los equipamientos culturales principales de Vila-seca y uno de los referentes musicales m\u00e1s importantes del sur de","breadcrumb":{"@id":"https:\/\/lapinedaplatja.info\/es\/item\/auditori-josep-carreras\/#breadcrumb"},"inLanguage":"es","potentialAction":[{"@type":"ReadAction","target":["https:\/\/lapinedaplatja.info\/es\/item\/auditori-josep-carreras\/"]}]},{"@type":"ImageObject","inLanguage":"es","@id":"https:\/\/lapinedaplatja.info\/es\/item\/auditori-josep-carreras\/#primaryimage","url":"https:\/\/lapinedaplatja.info\/wp-content\/uploads\/2019\/03\/2020_001_item_auditori-josep-carreras.jpg","contentUrl":"https:\/\/lapinedaplatja.info\/wp-content\/uploads\/2019\/03\/2020_001_item_auditori-josep-carreras.jpg","width":1440,"height":550},{"@type":"BreadcrumbList","@id":"https:\/\/lapinedaplatja.info\/es\/item\/auditori-josep-carreras\/#breadcrumb","itemListElement":[{"@type":"ListItem","position":1,"name":"Portada","item":"https:\/\/lapinedaplatja.info\/es\/"},{"@type":"ListItem","position":2,"name":"M\u00fasica","item":"https:\/\/lapinedaplatja.info\/es\/tipus\/musica-es\/"},{"@type":"ListItem","position":3,"name":"Auditori Josep Carreras"}]},{"@type":"WebSite","@id":"https:\/\/lapinedaplatja.info\/es\/#website","url":"https:\/\/lapinedaplatja.info\/es\/","name":"La Pineda Platja | Vila-seca","description":"Destinaci\u00f3 de turisme familiar.","publisher":{"@id":"https:\/\/lapinedaplatja.info\/es\/#organization"},"potentialAction":[{"@type":"SearchAction","target":{"@type":"EntryPoint","urlTemplate":"https:\/\/lapinedaplatja.info\/es\/?s={search_term_string}"},"query-input":{"@type":"PropertyValueSpecification","valueRequired":true,"valueName":"search_term_string"}}],"inLanguage":"es"},{"@type":"Organization","@id":"https:\/\/lapinedaplatja.info\/es\/#organization","name":"Patronat Municipal de Turisme de Vila-seca","url":"https:\/\/lapinedaplatja.info\/es\/","logo":{"@type":"ImageObject","inLanguage":"es","@id":"https:\/\/lapinedaplatja.info\/es\/#\/schema\/logo\/image\/","url":"https:\/\/lapinedaplatja.info\/wp-content\/uploads\/2018\/10\/cropped-13260099_989491457837088_3488030785405353200_n.jpg","contentUrl":"https:\/\/lapinedaplatja.info\/wp-content\/uploads\/2018\/10\/cropped-13260099_989491457837088_3488030785405353200_n.jpg","width":600,"height":600,"caption":"Patronat Municipal de Turisme de Vila-seca"},"image":{"@id":"https:\/\/lapinedaplatja.info\/es\/#\/schema\/logo\/image\/"},"sameAs":["https:\/\/www.facebook.com\/lapinedaplatja\/","https:\/\/x.com\/lapinedaplatja","https:\/\/www.instagram.com\/lapinedaplatja\/"]}]}},"_links":{"self":[{"href":"https:\/\/lapinedaplatja.info\/es\/wp-json\/wp\/v2\/portfolio\/6539","targetHints":{"allow":["GET"]}}],"collection":[{"href":"https:\/\/lapinedaplatja.info\/es\/wp-json\/wp\/v2\/portfolio"}],"about":[{"href":"https:\/\/lapinedaplatja.info\/es\/wp-json\/wp\/v2\/types\/portfolio"}],"version-history":[{"count":0,"href":"https:\/\/lapinedaplatja.info\/es\/wp-json\/wp\/v2\/portfolio\/6539\/revisions"}],"wp:featuredmedia":[{"embeddable":true,"href":"https:\/\/lapinedaplatja.info\/es\/wp-json\/wp\/v2\/media\/14361"}],"wp:attachment":[{"href":"https:\/\/lapinedaplatja.info\/es\/wp-json\/wp\/v2\/media?parent=6539"}],"wp:term":[{"taxonomy":"portfolio-types","embeddable":true,"href":"https:\/\/lapinedaplatja.info\/es\/wp-json\/wp\/v2\/portfolio-types?post=6539"}],"curies":[{"name":"wp","href":"https:\/\/api.w.org\/{rel}","templated":true}]}}

<p>El Auditori Josep Carreras es uno de los equipamientos culturales principales de Vila-seca y uno de los referentes musicales más importantes del sur de Cataluña. Anexo al Conservatorio de Música, tiene una superficie de 1.750m2 y 378 localidades y mantiene dos programaciones establecidas durante el año, temporada de primavera y temporada de invierno.</p>
<p>Las características técnicas de este equipamiento permiten mantener una variada programación durante todo el año, de acuerdo con los adelantos más actuales. Tanto su iluminación, como los equipos de sonido y la acústica del recinto, permiten acoger actuaciones musicales de varios estilos, desde la música clásica a la música popular.</p>
<p>El Auditori cuenta, además, con una sala anexa, denominada alcalde Josep Malapeira, con capacidad para un centenar de espectadores. Se trata de una sala con un escenario para grupos reducidos, equipada con megafonía y equipos de grabación y con una acústica especialmente diseñada para la música de cámara.</p>
<h4>Servicios</h4>
<p>Abonos de temporada<br />
Cafetería<br />
Aparcamiento<br />
Guarda ropa<br />
Acceso para personas con movilidad reducida</p>

<!-- This site is optimized with the Yoast SEO plugin v26.6 - https://yoast.com/wordpress/plugins/seo/ -->
<title>Auditori Josep Carreras | Vila-seca</title>
<meta name="description" content="El Auditori Josep Carreras es uno de los equipamientos culturales principales de Vila-seca y uno de los referentes musicales más importantes del sur de" />
<meta name="robots" content="index, follow, max-snippet:-1, max-image-preview:large, max-video-preview:-1" />
<link rel="canonical" href="https://lapinedaplatja.info/es/item/auditori-josep-carreras/" />
<meta property="og:locale" content="es_ES" />
<meta property="og:type" content="article" />
<meta property="og:title" content="Auditori Josep Carreras | Vila-seca" />
<meta property="og:description" content="El Auditori Josep Carreras es uno de los equipamientos culturales principales de Vila-seca y uno de los referentes musicales más importantes del sur de" />
<meta property="og:url" content="https://lapinedaplatja.info/es/item/auditori-josep-carreras/" />
<meta property="og:site_name" content="Vila-seca" />
<meta property="article:publisher" content="https://www.facebook.com/lapinedaplatja/" />
<meta property="article:modified_time" content="2023-08-18T07:05:12+00:00" />
<meta property="og:image" content="https://lapinedaplatja.info/wp-content/uploads/2019/03/2020_001_item_auditori-josep-carreras.jpg" />
	<meta property="og:image:width" content="1440" />
	<meta property="og:image:height" content="550" />
	<meta property="og:image:type" content="image/jpeg" />
<meta name="twitter:card" content="summary_large_image" />
<meta name="twitter:site" content="@lapinedaplatja" />
<meta name="twitter:label1" content="Tiempo de lectura" />
	<meta name="twitter:data1" content="1 minuto" />
<script type="application/ld+json" class="yoast-schema-graph">{"@context":"https://schema.org","@graph":[{"@type":"WebPage","@id":"https://lapinedaplatja.info/es/item/auditori-josep-carreras/","url":"https://lapinedaplatja.info/es/item/auditori-josep-carreras/","name":"Auditori Josep Carreras | Vila-seca","isPartOf":{"@id":"https://lapinedaplatja.info/es/#website"},"primaryImageOfPage":{"@id":"https://lapinedaplatja.info/es/item/auditori-josep-carreras/#primaryimage"},"image":{"@id":"https://lapinedaplatja.info/es/item/auditori-josep-carreras/#primaryimage"},"thumbnailUrl":"https://lapinedaplatja.info/wp-content/uploads/2019/03/2020_001_item_auditori-josep-carreras.jpg","datePublished":"2019-03-27T09:57:07+00:00","dateModified":"2023-08-18T07:05:12+00:00","description":"El Auditori Josep Carreras es uno de los equipamientos culturales principales de Vila-seca y uno de los referentes musicales más importantes del sur de","breadcrumb":{"@id":"https://lapinedaplatja.info/es/item/auditori-josep-carreras/#breadcrumb"},"inLanguage":"es","potentialAction":[{"@type":"ReadAction","target":["https://lapinedaplatja.info/es/item/auditori-josep-carreras/"]}]},{"@type":"ImageObject","inLanguage":"es","@id":"https://lapinedaplatja.info/es/item/auditori-josep-carreras/#primaryimage","url":"https://lapinedaplatja.info/wp-content/uploads/2019/03/2020_001_item_auditori-josep-carreras.jpg","contentUrl":"https://lapinedaplatja.info/wp-content/uploads/2019/03/2020_001_item_auditori-josep-carreras.jpg","width":1440,"height":550},{"@type":"BreadcrumbList","@id":"https://lapinedaplatja.info/es/item/auditori-josep-carreras/#breadcrumb","itemListElement":[{"@type":"ListItem","position":1,"name":"Portada","item":"https://lapinedaplatja.info/es/"},{"@type":"ListItem","position":2,"name":"Música","item":"https://lapinedaplatja.info/es/tipus/musica-es/"},{"@type":"ListItem","position":3,"name":"Auditori Josep Carreras"}]},{"@type":"WebSite","@id":"https://lapinedaplatja.info/es/#website","url":"https://lapinedaplatja.info/es/","name":"La Pineda Platja | Vila-seca","description":"Destinació de turisme familiar.","publisher":{"@id":"https://lapinedaplatja.info/es/#organization"},"potentialAction":[{"@type":"SearchAction","target":{"@type":"EntryPoint","urlTemplate":"https://lapinedaplatja.info/es/?s={search_term_string}"},"query-input":{"@type":"PropertyValueSpecification","valueRequired":true,"valueName":"search_term_string"}}],"inLanguage":"es"},{"@type":"Organization","@id":"https://lapinedaplatja.info/es/#organization","name":"Patronat Municipal de Turisme de Vila-seca","url":"https://lapinedaplatja.info/es/","logo":{"@type":"ImageObject","inLanguage":"es","@id":"https://lapinedaplatja.info/es/#/schema/logo/image/","url":"https://lapinedaplatja.info/wp-content/uploads/2018/10/cropped-13260099_989491457837088_3488030785405353200_n.jpg","contentUrl":"https://lapinedaplatja.info/wp-content/uploads/2018/10/cropped-13260099_989491457837088_3488030785405353200_n.jpg","width":600,"height":600,"caption":"Patronat Municipal de Turisme de Vila-seca"},"image":{"@id":"https://lapinedaplatja.info/es/#/schema/logo/image/"},"sameAs":["https://www.facebook.com/lapinedaplatja/","https://x.com/lapinedaplatja","https://www.instagram.com/lapinedaplatja/"]}]}</script>
<!-- / Yoast SEO plugin. -->

El Auditori Josep Carreras es uno de los equipamientos culturales principales de Vila-seca y uno de los referentes musicales más importantes del sur de

Música

Destinació de turisme familiar.
