{"id":6592,"date":"2019-03-29T11:36:05","date_gmt":"2019-03-29T10:36:05","guid":{"rendered":"http:\/\/lapinedaplatja.info\/item\/nadal-reis\/"},"modified":"2026-03-30T09:15:13","modified_gmt":"2026-03-30T07:15:13","slug":"nadal-reis","status":"publish","type":"portfolio","link":"https:\/\/lapinedaplatja.info\/es\/item\/nadal-reis\/","title":{"rendered":"Navidad y Reyes"},"content":{"rendered":"<p>Durante la segunda quincena de diciembre y hasta el 6 de enero, Vila-seca acoge sus fiestas navide\u00f1as y lo hace con una programaci\u00f3n variada que da pie a la participaci\u00f3n de toda la ciudadan\u00eda.<\/p>\n<p>Grandes y peque\u00f1os pueden ser participes, ya sea asistiendo a los distintos conciertos, mercados de Navidad o comidas populares con el Tradicional Brou, o disfrutando de las diferentes atracciones y talleres del parque infantil de Navidad.<\/p>\n<p>Durante la ma\u00f1ana del \u00faltimo d\u00eda del a\u00f1o se lleva a cabo el tradicional Ba\u00f1o de San Silvestre en la playa de la Pineda y, por la tarde, Gegants y Grallers van a buscar el Home dels Nassos a la estaci\u00f3n de tren de Vila-seca, que, despu\u00e9s del pasacalles, realiza un discurso cargado de ilusi\u00f3n y entusiasmo desde el balc\u00f3n de la Casa Consistorial.<\/p>\n<p>As\u00ed mismo, el 5 de enero, el d\u00eda m\u00e1s esperado por los ni\u00f1os y ni\u00f1as, se da la bienvenida a Sus Majestades los Reyes Magos de Oriente en el Castell de Vila-seca con un espect\u00e1culo de luz y m\u00fasica. All\u00ed, despu\u00e9s de realizar la Adoraci\u00f3n del ni\u00f1o Jes\u00fas, Sus Majestades son recibidas por las autoridades, encargadas de hacer entrega de las llaves del municipio.<\/p>\n<p>As\u00ed, Melchor, Gaspar y Baltasar son los protagonistas de la deseada Cabalgata\u00a0 de los Reyes que recorre las calles de Vila-seca, la Pineda Platja y la Plana. Lo hacen a caballo, entregando los regalos a los m\u00e1s peque\u00f1os casa por casa, una tradici\u00f3n que no ser\u00eda posible sin la tarea de la Associaci\u00f3 de Reis de Vila-seca.<\/p>\n","protected":false},"featured_media":24121,"template":"","meta":{"_acf_changed":false},"portfolio-types":[153],"class_list":["post-6592","portfolio","type-portfolio","status-publish","has-post-thumbnail","hentry","portfolio-types-festes-tradicions-es"],"acf":[],"yoast_head":"<!-- This site is optimized with the Yoast SEO plugin v26.6 - https:\/\/yoast.com\/wordpress\/plugins\/seo\/ -->\n<title>Navidad y Reyes | Vila-seca<\/title>\n<meta name=\"description\" content=\"Durante la segunda quincena de diciembre y hasta el 6 de enero, Vila-seca acoge sus fiestas navide\u00f1as y lo hace con una programaci\u00f3n variada que da pie a\" \/>\n<meta name=\"robots\" content=\"index, follow, max-snippet:-1, max-image-preview:large, max-video-preview:-1\" \/>\n<link rel=\"canonical\" href=\"https:\/\/lapinedaplatja.info\/es\/item\/nadal-reis\/\" \/>\n<meta property=\"og:locale\" content=\"es_ES\" \/>\n<meta property=\"og:type\" content=\"article\" \/>\n<meta property=\"og:title\" content=\"Navidad y Reyes | Vila-seca\" \/>\n<meta property=\"og:description\" content=\"Durante la segunda quincena de diciembre y hasta el 6 de enero, Vila-seca acoge sus fiestas navide\u00f1as y lo hace con una programaci\u00f3n variada que da pie a\" \/>\n<meta property=\"og:url\" content=\"https:\/\/lapinedaplatja.info\/es\/item\/nadal-reis\/\" \/>\n<meta property=\"og:site_name\" content=\"Vila-seca\" \/>\n<meta property=\"article:publisher\" content=\"https:\/\/www.facebook.com\/lapinedaplatja\/\" \/>\n<meta property=\"article:modified_time\" content=\"2026-03-30T07:15:13+00:00\" \/>\n<meta property=\"og:image\" content=\"https:\/\/lapinedaplatja.info\/wp-content\/uploads\/2019\/03\/SA_F-0874.jpg\" \/>\n\t<meta property=\"og:image:width\" content=\"800\" \/>\n\t<meta property=\"og:image:height\" content=\"533\" \/>\n\t<meta property=\"og:image:type\" content=\"image\/jpeg\" \/>\n<meta name=\"twitter:card\" content=\"summary_large_image\" \/>\n<meta name=\"twitter:site\" content=\"@lapinedaplatja\" \/>\n<meta name=\"twitter:label1\" content=\"Tiempo de lectura\" \/>\n\t<meta name=\"twitter:data1\" content=\"2 minutos\" \/>\n<script type=\"application\/ld+json\" class=\"yoast-schema-graph\">{\"@context\":\"https:\/\/schema.org\",\"@graph\":[{\"@type\":\"WebPage\",\"@id\":\"https:\/\/lapinedaplatja.info\/es\/item\/nadal-reis\/\",\"url\":\"https:\/\/lapinedaplatja.info\/es\/item\/nadal-reis\/\",\"name\":\"Navidad y Reyes | Vila-seca\",\"isPartOf\":{\"@id\":\"https:\/\/lapinedaplatja.info\/es\/#website\"},\"primaryImageOfPage\":{\"@id\":\"https:\/\/lapinedaplatja.info\/es\/item\/nadal-reis\/#primaryimage\"},\"image\":{\"@id\":\"https:\/\/lapinedaplatja.info\/es\/item\/nadal-reis\/#primaryimage\"},\"thumbnailUrl\":\"https:\/\/lapinedaplatja.info\/wp-content\/uploads\/2019\/03\/SA_F-0874.jpg\",\"datePublished\":\"2019-03-29T10:36:05+00:00\",\"dateModified\":\"2026-03-30T07:15:13+00:00\",\"description\":\"Durante la segunda quincena de diciembre y hasta el 6 de enero, Vila-seca acoge sus fiestas navide\u00f1as y lo hace con una programaci\u00f3n variada que da pie a\",\"breadcrumb\":{\"@id\":\"https:\/\/lapinedaplatja.info\/es\/item\/nadal-reis\/#breadcrumb\"},\"inLanguage\":\"es\",\"potentialAction\":[{\"@type\":\"ReadAction\",\"target\":[\"https:\/\/lapinedaplatja.info\/es\/item\/nadal-reis\/\"]}]},{\"@type\":\"ImageObject\",\"inLanguage\":\"es\",\"@id\":\"https:\/\/lapinedaplatja.info\/es\/item\/nadal-reis\/#primaryimage\",\"url\":\"https:\/\/lapinedaplatja.info\/wp-content\/uploads\/2019\/03\/SA_F-0874.jpg\",\"contentUrl\":\"https:\/\/lapinedaplatja.info\/wp-content\/uploads\/2019\/03\/SA_F-0874.jpg\",\"width\":2250,\"height\":1500},{\"@type\":\"BreadcrumbList\",\"@id\":\"https:\/\/lapinedaplatja.info\/es\/item\/nadal-reis\/#breadcrumb\",\"itemListElement\":[{\"@type\":\"ListItem\",\"position\":1,\"name\":\"Portada\",\"item\":\"https:\/\/lapinedaplatja.info\/es\/\"},{\"@type\":\"ListItem\",\"position\":2,\"name\":\"Fiestas y tradiciones\",\"item\":\"https:\/\/lapinedaplatja.info\/es\/tipus\/festes-tradicions-es\/\"},{\"@type\":\"ListItem\",\"position\":3,\"name\":\"Navidad y Reyes\"}]},{\"@type\":\"WebSite\",\"@id\":\"https:\/\/lapinedaplatja.info\/es\/#website\",\"url\":\"https:\/\/lapinedaplatja.info\/es\/\",\"name\":\"La Pineda Platja | Vila-seca\",\"description\":\"Destinaci\u00f3 de turisme familiar.\",\"publisher\":{\"@id\":\"https:\/\/lapinedaplatja.info\/es\/#organization\"},\"potentialAction\":[{\"@type\":\"SearchAction\",\"target\":{\"@type\":\"EntryPoint\",\"urlTemplate\":\"https:\/\/lapinedaplatja.info\/es\/?s={search_term_string}\"},\"query-input\":{\"@type\":\"PropertyValueSpecification\",\"valueRequired\":true,\"valueName\":\"search_term_string\"}}],\"inLanguage\":\"es\"},{\"@type\":\"Organization\",\"@id\":\"https:\/\/lapinedaplatja.info\/es\/#organization\",\"name\":\"Patronat Municipal de Turisme de Vila-seca\",\"url\":\"https:\/\/lapinedaplatja.info\/es\/\",\"logo\":{\"@type\":\"ImageObject\",\"inLanguage\":\"es\",\"@id\":\"https:\/\/lapinedaplatja.info\/es\/#\/schema\/logo\/image\/\",\"url\":\"https:\/\/lapinedaplatja.info\/wp-content\/uploads\/2018\/10\/cropped-13260099_989491457837088_3488030785405353200_n.jpg\",\"contentUrl\":\"https:\/\/lapinedaplatja.info\/wp-content\/uploads\/2018\/10\/cropped-13260099_989491457837088_3488030785405353200_n.jpg\",\"width\":600,\"height\":600,\"caption\":\"Patronat Municipal de Turisme de Vila-seca\"},\"image\":{\"@id\":\"https:\/\/lapinedaplatja.info\/es\/#\/schema\/logo\/image\/\"},\"sameAs\":[\"https:\/\/www.facebook.com\/lapinedaplatja\/\",\"https:\/\/x.com\/lapinedaplatja\",\"https:\/\/www.instagram.com\/lapinedaplatja\/\"]}]}<\/script>\n<!-- \/ Yoast SEO plugin. -->","yoast_head_json":{"title":"Navidad y Reyes | Vila-seca","description":"Durante la segunda quincena de diciembre y hasta el 6 de enero, Vila-seca acoge sus fiestas navide\u00f1as y lo hace con una programaci\u00f3n variada que da pie a","robots":{"index":"index","follow":"follow","max-snippet":"max-snippet:-1","max-image-preview":"max-image-preview:large","max-video-preview":"max-video-preview:-1"},"canonical":"https:\/\/lapinedaplatja.info\/es\/item\/nadal-reis\/","og_locale":"es_ES","og_type":"article","og_title":"Navidad y Reyes | Vila-seca","og_description":"Durante la segunda quincena de diciembre y hasta el 6 de enero, Vila-seca acoge sus fiestas navide\u00f1as y lo hace con una programaci\u00f3n variada que da pie a","og_url":"https:\/\/lapinedaplatja.info\/es\/item\/nadal-reis\/","og_site_name":"Vila-seca","article_publisher":"https:\/\/www.facebook.com\/lapinedaplatja\/","article_modified_time":"2026-03-30T07:15:13+00:00","og_image":[{"url":"https:\/\/lapinedaplatja.info\/wp-content\/uploads\/2019\/03\/SA_F-0874.jpg","width":800,"height":533,"type":"image\/jpeg"}],"twitter_card":"summary_large_image","twitter_site":"@lapinedaplatja","twitter_misc":{"Tiempo de lectura":"2 minutos"},"schema":{"@context":"https:\/\/schema.org","@graph":[{"@type":"WebPage","@id":"https:\/\/lapinedaplatja.info\/es\/item\/nadal-reis\/","url":"https:\/\/lapinedaplatja.info\/es\/item\/nadal-reis\/","name":"Navidad y Reyes | Vila-seca","isPartOf":{"@id":"https:\/\/lapinedaplatja.info\/es\/#website"},"primaryImageOfPage":{"@id":"https:\/\/lapinedaplatja.info\/es\/item\/nadal-reis\/#primaryimage"},"image":{"@id":"https:\/\/lapinedaplatja.info\/es\/item\/nadal-reis\/#primaryimage"},"thumbnailUrl":"https:\/\/lapinedaplatja.info\/wp-content\/uploads\/2019\/03\/SA_F-0874.jpg","datePublished":"2019-03-29T10:36:05+00:00","dateModified":"2026-03-30T07:15:13+00:00","description":"Durante la segunda quincena de diciembre y hasta el 6 de enero, Vila-seca acoge sus fiestas navide\u00f1as y lo hace con una programaci\u00f3n variada que da pie a","breadcrumb":{"@id":"https:\/\/lapinedaplatja.info\/es\/item\/nadal-reis\/#breadcrumb"},"inLanguage":"es","potentialAction":[{"@type":"ReadAction","target":["https:\/\/lapinedaplatja.info\/es\/item\/nadal-reis\/"]}]},{"@type":"ImageObject","inLanguage":"es","@id":"https:\/\/lapinedaplatja.info\/es\/item\/nadal-reis\/#primaryimage","url":"https:\/\/lapinedaplatja.info\/wp-content\/uploads\/2019\/03\/SA_F-0874.jpg","contentUrl":"https:\/\/lapinedaplatja.info\/wp-content\/uploads\/2019\/03\/SA_F-0874.jpg","width":2250,"height":1500},{"@type":"BreadcrumbList","@id":"https:\/\/lapinedaplatja.info\/es\/item\/nadal-reis\/#breadcrumb","itemListElement":[{"@type":"ListItem","position":1,"name":"Portada","item":"https:\/\/lapinedaplatja.info\/es\/"},{"@type":"ListItem","position":2,"name":"Fiestas y tradiciones","item":"https:\/\/lapinedaplatja.info\/es\/tipus\/festes-tradicions-es\/"},{"@type":"ListItem","position":3,"name":"Navidad y Reyes"}]},{"@type":"WebSite","@id":"https:\/\/lapinedaplatja.info\/es\/#website","url":"https:\/\/lapinedaplatja.info\/es\/","name":"La Pineda Platja | Vila-seca","description":"Destinaci\u00f3 de turisme familiar.","publisher":{"@id":"https:\/\/lapinedaplatja.info\/es\/#organization"},"potentialAction":[{"@type":"SearchAction","target":{"@type":"EntryPoint","urlTemplate":"https:\/\/lapinedaplatja.info\/es\/?s={search_term_string}"},"query-input":{"@type":"PropertyValueSpecification","valueRequired":true,"valueName":"search_term_string"}}],"inLanguage":"es"},{"@type":"Organization","@id":"https:\/\/lapinedaplatja.info\/es\/#organization","name":"Patronat Municipal de Turisme de Vila-seca","url":"https:\/\/lapinedaplatja.info\/es\/","logo":{"@type":"ImageObject","inLanguage":"es","@id":"https:\/\/lapinedaplatja.info\/es\/#\/schema\/logo\/image\/","url":"https:\/\/lapinedaplatja.info\/wp-content\/uploads\/2018\/10\/cropped-13260099_989491457837088_3488030785405353200_n.jpg","contentUrl":"https:\/\/lapinedaplatja.info\/wp-content\/uploads\/2018\/10\/cropped-13260099_989491457837088_3488030785405353200_n.jpg","width":600,"height":600,"caption":"Patronat Municipal de Turisme de Vila-seca"},"image":{"@id":"https:\/\/lapinedaplatja.info\/es\/#\/schema\/logo\/image\/"},"sameAs":["https:\/\/www.facebook.com\/lapinedaplatja\/","https:\/\/x.com\/lapinedaplatja","https:\/\/www.instagram.com\/lapinedaplatja\/"]}]}},"_links":{"self":[{"href":"https:\/\/lapinedaplatja.info\/es\/wp-json\/wp\/v2\/portfolio\/6592","targetHints":{"allow":["GET"]}}],"collection":[{"href":"https:\/\/lapinedaplatja.info\/es\/wp-json\/wp\/v2\/portfolio"}],"about":[{"href":"https:\/\/lapinedaplatja.info\/es\/wp-json\/wp\/v2\/types\/portfolio"}],"version-history":[{"count":1,"href":"https:\/\/lapinedaplatja.info\/es\/wp-json\/wp\/v2\/portfolio\/6592\/revisions"}],"predecessor-version":[{"id":36994,"href":"https:\/\/lapinedaplatja.info\/es\/wp-json\/wp\/v2\/portfolio\/6592\/revisions\/36994"}],"wp:featuredmedia":[{"embeddable":true,"href":"https:\/\/lapinedaplatja.info\/es\/wp-json\/wp\/v2\/media\/24121"}],"wp:attachment":[{"href":"https:\/\/lapinedaplatja.info\/es\/wp-json\/wp\/v2\/media?parent=6592"}],"wp:term":[{"taxonomy":"portfolio-types","embeddable":true,"href":"https:\/\/lapinedaplatja.info\/es\/wp-json\/wp\/v2\/portfolio-types?post=6592"}],"curies":[{"name":"wp","href":"https:\/\/api.w.org\/{rel}","templated":true}]}}

<p>Durante la segunda quincena de diciembre y hasta el 6 de enero, Vila-seca acoge sus fiestas navideñas y lo hace con una programación variada que da pie a la participación de toda la ciudadanía.</p>
<p>Grandes y pequeños pueden ser participes, ya sea asistiendo a los distintos conciertos, mercados de Navidad o comidas populares con el Tradicional Brou, o disfrutando de las diferentes atracciones y talleres del parque infantil de Navidad.</p>
<p>Durante la mañana del último día del año se lleva a cabo el tradicional Baño de San Silvestre en la playa de la Pineda y, por la tarde, Gegants y Grallers van a buscar el Home dels Nassos a la estación de tren de Vila-seca, que, después del pasacalles, realiza un discurso cargado de ilusión y entusiasmo desde el balcón de la Casa Consistorial.</p>
<p>Así mismo, el 5 de enero, el día más esperado por los niños y niñas, se da la bienvenida a Sus Majestades los Reyes Magos de Oriente en el Castell de Vila-seca con un espectáculo de luz y música. Allí, después de realizar la Adoración del niño Jesús, Sus Majestades son recibidas por las autoridades, encargadas de hacer entrega de las llaves del municipio.</p>
<p>Así, Melchor, Gaspar y Baltasar son los protagonistas de la deseada Cabalgata  de los Reyes que recorre las calles de Vila-seca, la Pineda Platja y la Plana. Lo hacen a caballo, entregando los regalos a los más pequeños casa por casa, una tradición que no sería posible sin la tarea de la Associació de Reis de Vila-seca.</p>

<!-- This site is optimized with the Yoast SEO plugin v26.6 - https://yoast.com/wordpress/plugins/seo/ -->
<title>Navidad y Reyes | Vila-seca</title>
<meta name="description" content="Durante la segunda quincena de diciembre y hasta el 6 de enero, Vila-seca acoge sus fiestas navideñas y lo hace con una programación variada que da pie a" />
<meta name="robots" content="index, follow, max-snippet:-1, max-image-preview:large, max-video-preview:-1" />
<link rel="canonical" href="https://lapinedaplatja.info/es/item/nadal-reis/" />
<meta property="og:locale" content="es_ES" />
<meta property="og:type" content="article" />
<meta property="og:title" content="Navidad y Reyes | Vila-seca" />
<meta property="og:description" content="Durante la segunda quincena de diciembre y hasta el 6 de enero, Vila-seca acoge sus fiestas navideñas y lo hace con una programación variada que da pie a" />
<meta property="og:url" content="https://lapinedaplatja.info/es/item/nadal-reis/" />
<meta property="og:site_name" content="Vila-seca" />
<meta property="article:publisher" content="https://www.facebook.com/lapinedaplatja/" />
<meta property="article:modified_time" content="2026-03-30T07:15:13+00:00" />
<meta property="og:image" content="https://lapinedaplatja.info/wp-content/uploads/2019/03/SA_F-0874.jpg" />
	<meta property="og:image:width" content="800" />
	<meta property="og:image:height" content="533" />
	<meta property="og:image:type" content="image/jpeg" />
<meta name="twitter:card" content="summary_large_image" />
<meta name="twitter:site" content="@lapinedaplatja" />
<meta name="twitter:label1" content="Tiempo de lectura" />
	<meta name="twitter:data1" content="2 minutos" />
<script type="application/ld+json" class="yoast-schema-graph">{"@context":"https://schema.org","@graph":[{"@type":"WebPage","@id":"https://lapinedaplatja.info/es/item/nadal-reis/","url":"https://lapinedaplatja.info/es/item/nadal-reis/","name":"Navidad y Reyes | Vila-seca","isPartOf":{"@id":"https://lapinedaplatja.info/es/#website"},"primaryImageOfPage":{"@id":"https://lapinedaplatja.info/es/item/nadal-reis/#primaryimage"},"image":{"@id":"https://lapinedaplatja.info/es/item/nadal-reis/#primaryimage"},"thumbnailUrl":"https://lapinedaplatja.info/wp-content/uploads/2019/03/SA_F-0874.jpg","datePublished":"2019-03-29T10:36:05+00:00","dateModified":"2026-03-30T07:15:13+00:00","description":"Durante la segunda quincena de diciembre y hasta el 6 de enero, Vila-seca acoge sus fiestas navideñas y lo hace con una programación variada que da pie a","breadcrumb":{"@id":"https://lapinedaplatja.info/es/item/nadal-reis/#breadcrumb"},"inLanguage":"es","potentialAction":[{"@type":"ReadAction","target":["https://lapinedaplatja.info/es/item/nadal-reis/"]}]},{"@type":"ImageObject","inLanguage":"es","@id":"https://lapinedaplatja.info/es/item/nadal-reis/#primaryimage","url":"https://lapinedaplatja.info/wp-content/uploads/2019/03/SA_F-0874.jpg","contentUrl":"https://lapinedaplatja.info/wp-content/uploads/2019/03/SA_F-0874.jpg","width":2250,"height":1500},{"@type":"BreadcrumbList","@id":"https://lapinedaplatja.info/es/item/nadal-reis/#breadcrumb","itemListElement":[{"@type":"ListItem","position":1,"name":"Portada","item":"https://lapinedaplatja.info/es/"},{"@type":"ListItem","position":2,"name":"Fiestas y tradiciones","item":"https://lapinedaplatja.info/es/tipus/festes-tradicions-es/"},{"@type":"ListItem","position":3,"name":"Navidad y Reyes"}]},{"@type":"WebSite","@id":"https://lapinedaplatja.info/es/#website","url":"https://lapinedaplatja.info/es/","name":"La Pineda Platja | Vila-seca","description":"Destinació de turisme familiar.","publisher":{"@id":"https://lapinedaplatja.info/es/#organization"},"potentialAction":[{"@type":"SearchAction","target":{"@type":"EntryPoint","urlTemplate":"https://lapinedaplatja.info/es/?s={search_term_string}"},"query-input":{"@type":"PropertyValueSpecification","valueRequired":true,"valueName":"search_term_string"}}],"inLanguage":"es"},{"@type":"Organization","@id":"https://lapinedaplatja.info/es/#organization","name":"Patronat Municipal de Turisme de Vila-seca","url":"https://lapinedaplatja.info/es/","logo":{"@type":"ImageObject","inLanguage":"es","@id":"https://lapinedaplatja.info/es/#/schema/logo/image/","url":"https://lapinedaplatja.info/wp-content/uploads/2018/10/cropped-13260099_989491457837088_3488030785405353200_n.jpg","contentUrl":"https://lapinedaplatja.info/wp-content/uploads/2018/10/cropped-13260099_989491457837088_3488030785405353200_n.jpg","width":600,"height":600,"caption":"Patronat Municipal de Turisme de Vila-seca"},"image":{"@id":"https://lapinedaplatja.info/es/#/schema/logo/image/"},"sameAs":["https://www.facebook.com/lapinedaplatja/","https://x.com/lapinedaplatja","https://www.instagram.com/lapinedaplatja/"]}]}</script>
<!-- / Yoast SEO plugin. -->

Durante la segunda quincena de diciembre y hasta el 6 de enero, Vila-seca acoge sus fiestas navideñas y lo hace con una programación variada que da pie a

Destinació de turisme familiar.
