{"id":6617,"date":"2018-12-01T18:27:21","date_gmt":"2018-12-01T18:27:21","guid":{"rendered":"http:\/\/lapinedaplatja.info\/item\/creu-de-la-beguda\/"},"modified":"2025-09-09T11:07:42","modified_gmt":"2025-09-09T09:07:42","slug":"creu-de-la-beguda","status":"publish","type":"portfolio","link":"https:\/\/lapinedaplatja.info\/es\/item\/creu-de-la-beguda\/","title":{"rendered":"Creu de la Beguda"},"content":{"rendered":"<p>Muchos municipios conservan todav\u00eda cruces en la entrada del t\u00e9rmino que, en su origen, serv\u00edan para marcar los diferentes territorios que formaban parte. En el caso de Vila-seca, su estructura era similar a la de las poblaciones medievales y estaba formada por diferentes t\u00e9rminos independientes pero con muchos lazos entre s\u00ed.<\/p>\n<p>Los territorios de Salou, Vila-seca del Com\u00fa y Vila-seca de Solcina estaban delimitados por la Creu de la Beguda, la m\u00e1s conocida de Vila-seca, situada hoy en d\u00eda en el Raval de la Mar. La Creu de la Beguda es el \u00faltimo vestigio de las cruces del t\u00e9rmino, y de otros indicadores que se\u00f1alizaban los caminos.<\/p>\n<p>Las primeras referencias que se han encontrado de la Creu de la Beguda constan en documentaci\u00f3n del siglo XVI, pero su origen se intuye medieval. La Creu de la Beguda, hecha de piedra tallada, qued\u00f3 destruida durante la Guerra Civil (1936-1939). Adem\u00e1s del pedestal, exist\u00eda una columna octava y una peque\u00f1a cruz de hierro. Se salv\u00f3 \u00fanicamente el pedestal de piedra, sobre el que se coloc\u00f3 una cruz de hierro forjado realizada por el escultor vila-secano Antoni Mas (padre), que es la que se conserva actualmente.<\/p>\n<p>La Creu de la Beguda es uno de los \u00edtems de la ruta para conocer el centro hist\u00f3rico de Vila-seca a trav\u00e9s de los monumentos patrimoniales que disponen de un <a href=\"https:\/\/lapinedaplatja.info\/es\/item\/ruta-qr\/\">c\u00f3digo QR<\/a>.<\/p>\n","protected":false},"featured_media":32433,"template":"","meta":{"_acf_changed":false},"portfolio-types":[109],"class_list":["post-6617","portfolio","type-portfolio","status-publish","has-post-thumbnail","hentry","portfolio-types-patrimoni-es"],"acf":[],"yoast_head":"<!-- This site is optimized with the Yoast SEO plugin v26.6 - https:\/\/yoast.com\/wordpress\/plugins\/seo\/ -->\n<title>Creu de la Beguda | Vila-seca<\/title>\n<meta name=\"description\" content=\"Muchos municipios conservan todav\u00eda cruces en la entrada del t\u00e9rmino que, en su origen, serv\u00edan para marcar los diferentes territorios que formaban parte.\" \/>\n<meta name=\"robots\" content=\"index, follow, max-snippet:-1, max-image-preview:large, max-video-preview:-1\" \/>\n<link rel=\"canonical\" href=\"https:\/\/lapinedaplatja.info\/es\/item\/creu-de-la-beguda\/\" \/>\n<meta property=\"og:locale\" content=\"es_ES\" \/>\n<meta property=\"og:type\" content=\"article\" \/>\n<meta property=\"og:title\" content=\"Creu de la Beguda | Vila-seca\" \/>\n<meta property=\"og:description\" content=\"Muchos municipios conservan todav\u00eda cruces en la entrada del t\u00e9rmino que, en su origen, serv\u00edan para marcar los diferentes territorios que formaban parte.\" \/>\n<meta property=\"og:url\" content=\"https:\/\/lapinedaplatja.info\/es\/item\/creu-de-la-beguda\/\" \/>\n<meta property=\"og:site_name\" content=\"Vila-seca\" \/>\n<meta property=\"article:publisher\" content=\"https:\/\/www.facebook.com\/lapinedaplatja\/\" \/>\n<meta property=\"article:modified_time\" content=\"2025-09-09T09:07:42+00:00\" \/>\n<meta property=\"og:image\" content=\"https:\/\/lapinedaplatja.info\/wp-content\/uploads\/2018\/12\/centre-historic-105-768x512.png\" \/>\n\t<meta property=\"og:image:width\" content=\"768\" \/>\n\t<meta property=\"og:image:height\" content=\"512\" \/>\n\t<meta property=\"og:image:type\" content=\"image\/png\" \/>\n<meta name=\"twitter:card\" content=\"summary_large_image\" \/>\n<meta name=\"twitter:site\" content=\"@lapinedaplatja\" \/>\n<meta name=\"twitter:label1\" content=\"Tiempo de lectura\" \/>\n\t<meta name=\"twitter:data1\" content=\"2 minutos\" \/>\n<script type=\"application\/ld+json\" class=\"yoast-schema-graph\">{\"@context\":\"https:\/\/schema.org\",\"@graph\":[{\"@type\":\"WebPage\",\"@id\":\"https:\/\/lapinedaplatja.info\/es\/item\/creu-de-la-beguda\/\",\"url\":\"https:\/\/lapinedaplatja.info\/es\/item\/creu-de-la-beguda\/\",\"name\":\"Creu de la Beguda | Vila-seca\",\"isPartOf\":{\"@id\":\"https:\/\/lapinedaplatja.info\/es\/#website\"},\"primaryImageOfPage\":{\"@id\":\"https:\/\/lapinedaplatja.info\/es\/item\/creu-de-la-beguda\/#primaryimage\"},\"image\":{\"@id\":\"https:\/\/lapinedaplatja.info\/es\/item\/creu-de-la-beguda\/#primaryimage\"},\"thumbnailUrl\":\"https:\/\/lapinedaplatja.info\/wp-content\/uploads\/2018\/12\/centre-historic-105.png\",\"datePublished\":\"2018-12-01T18:27:21+00:00\",\"dateModified\":\"2025-09-09T09:07:42+00:00\",\"description\":\"Muchos municipios conservan todav\u00eda cruces en la entrada del t\u00e9rmino que, en su origen, serv\u00edan para marcar los diferentes territorios que formaban parte.\",\"breadcrumb\":{\"@id\":\"https:\/\/lapinedaplatja.info\/es\/item\/creu-de-la-beguda\/#breadcrumb\"},\"inLanguage\":\"es\",\"potentialAction\":[{\"@type\":\"ReadAction\",\"target\":[\"https:\/\/lapinedaplatja.info\/es\/item\/creu-de-la-beguda\/\"]}]},{\"@type\":\"ImageObject\",\"inLanguage\":\"es\",\"@id\":\"https:\/\/lapinedaplatja.info\/es\/item\/creu-de-la-beguda\/#primaryimage\",\"url\":\"https:\/\/lapinedaplatja.info\/wp-content\/uploads\/2018\/12\/centre-historic-105.png\",\"contentUrl\":\"https:\/\/lapinedaplatja.info\/wp-content\/uploads\/2018\/12\/centre-historic-105.png\",\"width\":6133,\"height\":4089},{\"@type\":\"BreadcrumbList\",\"@id\":\"https:\/\/lapinedaplatja.info\/es\/item\/creu-de-la-beguda\/#breadcrumb\",\"itemListElement\":[{\"@type\":\"ListItem\",\"position\":1,\"name\":\"Portada\",\"item\":\"https:\/\/lapinedaplatja.info\/es\/\"},{\"@type\":\"ListItem\",\"position\":2,\"name\":\"Patrimonio\",\"item\":\"https:\/\/lapinedaplatja.info\/es\/tipus\/patrimoni-es\/\"},{\"@type\":\"ListItem\",\"position\":3,\"name\":\"Creu de la Beguda\"}]},{\"@type\":\"WebSite\",\"@id\":\"https:\/\/lapinedaplatja.info\/es\/#website\",\"url\":\"https:\/\/lapinedaplatja.info\/es\/\",\"name\":\"La Pineda Platja | Vila-seca\",\"description\":\"Destinaci\u00f3 de turisme familiar.\",\"publisher\":{\"@id\":\"https:\/\/lapinedaplatja.info\/es\/#organization\"},\"potentialAction\":[{\"@type\":\"SearchAction\",\"target\":{\"@type\":\"EntryPoint\",\"urlTemplate\":\"https:\/\/lapinedaplatja.info\/es\/?s={search_term_string}\"},\"query-input\":{\"@type\":\"PropertyValueSpecification\",\"valueRequired\":true,\"valueName\":\"search_term_string\"}}],\"inLanguage\":\"es\"},{\"@type\":\"Organization\",\"@id\":\"https:\/\/lapinedaplatja.info\/es\/#organization\",\"name\":\"Patronat Municipal de Turisme de Vila-seca\",\"url\":\"https:\/\/lapinedaplatja.info\/es\/\",\"logo\":{\"@type\":\"ImageObject\",\"inLanguage\":\"es\",\"@id\":\"https:\/\/lapinedaplatja.info\/es\/#\/schema\/logo\/image\/\",\"url\":\"https:\/\/lapinedaplatja.info\/wp-content\/uploads\/2018\/10\/cropped-13260099_989491457837088_3488030785405353200_n.jpg\",\"contentUrl\":\"https:\/\/lapinedaplatja.info\/wp-content\/uploads\/2018\/10\/cropped-13260099_989491457837088_3488030785405353200_n.jpg\",\"width\":600,\"height\":600,\"caption\":\"Patronat Municipal de Turisme de Vila-seca\"},\"image\":{\"@id\":\"https:\/\/lapinedaplatja.info\/es\/#\/schema\/logo\/image\/\"},\"sameAs\":[\"https:\/\/www.facebook.com\/lapinedaplatja\/\",\"https:\/\/x.com\/lapinedaplatja\",\"https:\/\/www.instagram.com\/lapinedaplatja\/\"]}]}<\/script>\n<!-- \/ Yoast SEO plugin. -->","yoast_head_json":{"title":"Creu de la Beguda | Vila-seca","description":"Muchos municipios conservan todav\u00eda cruces en la entrada del t\u00e9rmino que, en su origen, serv\u00edan para marcar los diferentes territorios que formaban parte.","robots":{"index":"index","follow":"follow","max-snippet":"max-snippet:-1","max-image-preview":"max-image-preview:large","max-video-preview":"max-video-preview:-1"},"canonical":"https:\/\/lapinedaplatja.info\/es\/item\/creu-de-la-beguda\/","og_locale":"es_ES","og_type":"article","og_title":"Creu de la Beguda | Vila-seca","og_description":"Muchos municipios conservan todav\u00eda cruces en la entrada del t\u00e9rmino que, en su origen, serv\u00edan para marcar los diferentes territorios que formaban parte.","og_url":"https:\/\/lapinedaplatja.info\/es\/item\/creu-de-la-beguda\/","og_site_name":"Vila-seca","article_publisher":"https:\/\/www.facebook.com\/lapinedaplatja\/","article_modified_time":"2025-09-09T09:07:42+00:00","og_image":[{"width":768,"height":512,"url":"https:\/\/lapinedaplatja.info\/wp-content\/uploads\/2018\/12\/centre-historic-105-768x512.png","type":"image\/png"}],"twitter_card":"summary_large_image","twitter_site":"@lapinedaplatja","twitter_misc":{"Tiempo de lectura":"2 minutos"},"schema":{"@context":"https:\/\/schema.org","@graph":[{"@type":"WebPage","@id":"https:\/\/lapinedaplatja.info\/es\/item\/creu-de-la-beguda\/","url":"https:\/\/lapinedaplatja.info\/es\/item\/creu-de-la-beguda\/","name":"Creu de la Beguda | Vila-seca","isPartOf":{"@id":"https:\/\/lapinedaplatja.info\/es\/#website"},"primaryImageOfPage":{"@id":"https:\/\/lapinedaplatja.info\/es\/item\/creu-de-la-beguda\/#primaryimage"},"image":{"@id":"https:\/\/lapinedaplatja.info\/es\/item\/creu-de-la-beguda\/#primaryimage"},"thumbnailUrl":"https:\/\/lapinedaplatja.info\/wp-content\/uploads\/2018\/12\/centre-historic-105.png","datePublished":"2018-12-01T18:27:21+00:00","dateModified":"2025-09-09T09:07:42+00:00","description":"Muchos municipios conservan todav\u00eda cruces en la entrada del t\u00e9rmino que, en su origen, serv\u00edan para marcar los diferentes territorios que formaban parte.","breadcrumb":{"@id":"https:\/\/lapinedaplatja.info\/es\/item\/creu-de-la-beguda\/#breadcrumb"},"inLanguage":"es","potentialAction":[{"@type":"ReadAction","target":["https:\/\/lapinedaplatja.info\/es\/item\/creu-de-la-beguda\/"]}]},{"@type":"ImageObject","inLanguage":"es","@id":"https:\/\/lapinedaplatja.info\/es\/item\/creu-de-la-beguda\/#primaryimage","url":"https:\/\/lapinedaplatja.info\/wp-content\/uploads\/2018\/12\/centre-historic-105.png","contentUrl":"https:\/\/lapinedaplatja.info\/wp-content\/uploads\/2018\/12\/centre-historic-105.png","width":6133,"height":4089},{"@type":"BreadcrumbList","@id":"https:\/\/lapinedaplatja.info\/es\/item\/creu-de-la-beguda\/#breadcrumb","itemListElement":[{"@type":"ListItem","position":1,"name":"Portada","item":"https:\/\/lapinedaplatja.info\/es\/"},{"@type":"ListItem","position":2,"name":"Patrimonio","item":"https:\/\/lapinedaplatja.info\/es\/tipus\/patrimoni-es\/"},{"@type":"ListItem","position":3,"name":"Creu de la Beguda"}]},{"@type":"WebSite","@id":"https:\/\/lapinedaplatja.info\/es\/#website","url":"https:\/\/lapinedaplatja.info\/es\/","name":"La Pineda Platja | Vila-seca","description":"Destinaci\u00f3 de turisme familiar.","publisher":{"@id":"https:\/\/lapinedaplatja.info\/es\/#organization"},"potentialAction":[{"@type":"SearchAction","target":{"@type":"EntryPoint","urlTemplate":"https:\/\/lapinedaplatja.info\/es\/?s={search_term_string}"},"query-input":{"@type":"PropertyValueSpecification","valueRequired":true,"valueName":"search_term_string"}}],"inLanguage":"es"},{"@type":"Organization","@id":"https:\/\/lapinedaplatja.info\/es\/#organization","name":"Patronat Municipal de Turisme de Vila-seca","url":"https:\/\/lapinedaplatja.info\/es\/","logo":{"@type":"ImageObject","inLanguage":"es","@id":"https:\/\/lapinedaplatja.info\/es\/#\/schema\/logo\/image\/","url":"https:\/\/lapinedaplatja.info\/wp-content\/uploads\/2018\/10\/cropped-13260099_989491457837088_3488030785405353200_n.jpg","contentUrl":"https:\/\/lapinedaplatja.info\/wp-content\/uploads\/2018\/10\/cropped-13260099_989491457837088_3488030785405353200_n.jpg","width":600,"height":600,"caption":"Patronat Municipal de Turisme de Vila-seca"},"image":{"@id":"https:\/\/lapinedaplatja.info\/es\/#\/schema\/logo\/image\/"},"sameAs":["https:\/\/www.facebook.com\/lapinedaplatja\/","https:\/\/x.com\/lapinedaplatja","https:\/\/www.instagram.com\/lapinedaplatja\/"]}]}},"_links":{"self":[{"href":"https:\/\/lapinedaplatja.info\/es\/wp-json\/wp\/v2\/portfolio\/6617","targetHints":{"allow":["GET"]}}],"collection":[{"href":"https:\/\/lapinedaplatja.info\/es\/wp-json\/wp\/v2\/portfolio"}],"about":[{"href":"https:\/\/lapinedaplatja.info\/es\/wp-json\/wp\/v2\/types\/portfolio"}],"version-history":[{"count":0,"href":"https:\/\/lapinedaplatja.info\/es\/wp-json\/wp\/v2\/portfolio\/6617\/revisions"}],"wp:featuredmedia":[{"embeddable":true,"href":"https:\/\/lapinedaplatja.info\/es\/wp-json\/wp\/v2\/media\/32433"}],"wp:attachment":[{"href":"https:\/\/lapinedaplatja.info\/es\/wp-json\/wp\/v2\/media?parent=6617"}],"wp:term":[{"taxonomy":"portfolio-types","embeddable":true,"href":"https:\/\/lapinedaplatja.info\/es\/wp-json\/wp\/v2\/portfolio-types?post=6617"}],"curies":[{"name":"wp","href":"https:\/\/api.w.org\/{rel}","templated":true}]}}

<p>Muchos municipios conservan todavía cruces en la entrada del término que, en su origen, servían para marcar los diferentes territorios que formaban parte. En el caso de Vila-seca, su estructura era similar a la de las poblaciones medievales y estaba formada por diferentes términos independientes pero con muchos lazos entre sí.</p>
<p>Los territorios de Salou, Vila-seca del Comú y Vila-seca de Solcina estaban delimitados por la Creu de la Beguda, la más conocida de Vila-seca, situada hoy en día en el Raval de la Mar. La Creu de la Beguda es el último vestigio de las cruces del término, y de otros indicadores que señalizaban los caminos.</p>
<p>Las primeras referencias que se han encontrado de la Creu de la Beguda constan en documentación del siglo XVI, pero su origen se intuye medieval. La Creu de la Beguda, hecha de piedra tallada, quedó destruida durante la Guerra Civil (1936-1939). Además del pedestal, existía una columna octava y una pequeña cruz de hierro. Se salvó únicamente el pedestal de piedra, sobre el que se colocó una cruz de hierro forjado realizada por el escultor vila-secano Antoni Mas (padre), que es la que se conserva actualmente.</p>
<p>La Creu de la Beguda es uno de los ítems de la ruta para conocer el centro histórico de Vila-seca a través de los monumentos patrimoniales que disponen de un <a href="https://lapinedaplatja.info/es/item/ruta-qr/">código QR</a>.</p>

<!-- This site is optimized with the Yoast SEO plugin v26.6 - https://yoast.com/wordpress/plugins/seo/ -->
<title>Creu de la Beguda | Vila-seca</title>
<meta name="description" content="Muchos municipios conservan todavía cruces en la entrada del término que, en su origen, servían para marcar los diferentes territorios que formaban parte." />
<meta name="robots" content="index, follow, max-snippet:-1, max-image-preview:large, max-video-preview:-1" />
<link rel="canonical" href="https://lapinedaplatja.info/es/item/creu-de-la-beguda/" />
<meta property="og:locale" content="es_ES" />
<meta property="og:type" content="article" />
<meta property="og:title" content="Creu de la Beguda | Vila-seca" />
<meta property="og:description" content="Muchos municipios conservan todavía cruces en la entrada del término que, en su origen, servían para marcar los diferentes territorios que formaban parte." />
<meta property="og:url" content="https://lapinedaplatja.info/es/item/creu-de-la-beguda/" />
<meta property="og:site_name" content="Vila-seca" />
<meta property="article:publisher" content="https://www.facebook.com/lapinedaplatja/" />
<meta property="article:modified_time" content="2025-09-09T09:07:42+00:00" />
<meta property="og:image" content="https://lapinedaplatja.info/wp-content/uploads/2018/12/centre-historic-105-768x512.png" />
	<meta property="og:image:width" content="768" />
	<meta property="og:image:height" content="512" />
	<meta property="og:image:type" content="image/png" />
<meta name="twitter:card" content="summary_large_image" />
<meta name="twitter:site" content="@lapinedaplatja" />
<meta name="twitter:label1" content="Tiempo de lectura" />
	<meta name="twitter:data1" content="2 minutos" />
<script type="application/ld+json" class="yoast-schema-graph">{"@context":"https://schema.org","@graph":[{"@type":"WebPage","@id":"https://lapinedaplatja.info/es/item/creu-de-la-beguda/","url":"https://lapinedaplatja.info/es/item/creu-de-la-beguda/","name":"Creu de la Beguda | Vila-seca","isPartOf":{"@id":"https://lapinedaplatja.info/es/#website"},"primaryImageOfPage":{"@id":"https://lapinedaplatja.info/es/item/creu-de-la-beguda/#primaryimage"},"image":{"@id":"https://lapinedaplatja.info/es/item/creu-de-la-beguda/#primaryimage"},"thumbnailUrl":"https://lapinedaplatja.info/wp-content/uploads/2018/12/centre-historic-105.png","datePublished":"2018-12-01T18:27:21+00:00","dateModified":"2025-09-09T09:07:42+00:00","description":"Muchos municipios conservan todavía cruces en la entrada del término que, en su origen, servían para marcar los diferentes territorios que formaban parte.","breadcrumb":{"@id":"https://lapinedaplatja.info/es/item/creu-de-la-beguda/#breadcrumb"},"inLanguage":"es","potentialAction":[{"@type":"ReadAction","target":["https://lapinedaplatja.info/es/item/creu-de-la-beguda/"]}]},{"@type":"ImageObject","inLanguage":"es","@id":"https://lapinedaplatja.info/es/item/creu-de-la-beguda/#primaryimage","url":"https://lapinedaplatja.info/wp-content/uploads/2018/12/centre-historic-105.png","contentUrl":"https://lapinedaplatja.info/wp-content/uploads/2018/12/centre-historic-105.png","width":6133,"height":4089},{"@type":"BreadcrumbList","@id":"https://lapinedaplatja.info/es/item/creu-de-la-beguda/#breadcrumb","itemListElement":[{"@type":"ListItem","position":1,"name":"Portada","item":"https://lapinedaplatja.info/es/"},{"@type":"ListItem","position":2,"name":"Patrimonio","item":"https://lapinedaplatja.info/es/tipus/patrimoni-es/"},{"@type":"ListItem","position":3,"name":"Creu de la Beguda"}]},{"@type":"WebSite","@id":"https://lapinedaplatja.info/es/#website","url":"https://lapinedaplatja.info/es/","name":"La Pineda Platja | Vila-seca","description":"Destinació de turisme familiar.","publisher":{"@id":"https://lapinedaplatja.info/es/#organization"},"potentialAction":[{"@type":"SearchAction","target":{"@type":"EntryPoint","urlTemplate":"https://lapinedaplatja.info/es/?s={search_term_string}"},"query-input":{"@type":"PropertyValueSpecification","valueRequired":true,"valueName":"search_term_string"}}],"inLanguage":"es"},{"@type":"Organization","@id":"https://lapinedaplatja.info/es/#organization","name":"Patronat Municipal de Turisme de Vila-seca","url":"https://lapinedaplatja.info/es/","logo":{"@type":"ImageObject","inLanguage":"es","@id":"https://lapinedaplatja.info/es/#/schema/logo/image/","url":"https://lapinedaplatja.info/wp-content/uploads/2018/10/cropped-13260099_989491457837088_3488030785405353200_n.jpg","contentUrl":"https://lapinedaplatja.info/wp-content/uploads/2018/10/cropped-13260099_989491457837088_3488030785405353200_n.jpg","width":600,"height":600,"caption":"Patronat Municipal de Turisme de Vila-seca"},"image":{"@id":"https://lapinedaplatja.info/es/#/schema/logo/image/"},"sameAs":["https://www.facebook.com/lapinedaplatja/","https://x.com/lapinedaplatja","https://www.instagram.com/lapinedaplatja/"]}]}</script>
<!-- / Yoast SEO plugin. -->

Muchos municipios conservan todavía cruces en la entrada del término que, en su origen, servían para marcar los diferentes territorios que formaban parte.

Destinació de turisme familiar.
