{"id":26209,"date":"2019-04-08T09:22:00","date_gmt":"2019-04-08T07:22:00","guid":{"rendered":"https:\/\/lapinedaplatja.info\/item\/rentalmar\/"},"modified":"2025-10-10T16:14:18","modified_gmt":"2025-10-10T14:14:18","slug":"rentalmar","status":"publish","type":"portfolio","link":"https:\/\/lapinedaplatja.info\/fr\/item\/rentalmar\/","title":{"rendered":"Rentalmar"},"content":{"rendered":"\n<p>Rentalmar est une agence leader dans la location d&rsquo;appartements touristiques sur la Costa Dorada, avec pr\u00e8s de 60 ans d&rsquo;exp\u00e9rience dans le secteur. Ses propri\u00e9t\u00e9s sont situ\u00e9es dans des destinations comme La Pineda et sont principalement destin\u00e9es au tourisme familial. Rentalmar garantit le meilleur prix \u00e0 ses clients tout au long de l&rsquo;ann\u00e9e et facilite la r\u00e9servation imm\u00e9diate gr\u00e2ce \u00e0 un syst\u00e8me de r\u00e9servation en ligne simple.<\/p>\n","protected":false},"featured_media":26204,"template":"","meta":{"_acf_changed":false},"portfolio-types":[192],"class_list":["post-26209","portfolio","type-portfolio","status-publish","has-post-thumbnail","hentry","portfolio-types-lloguer-immobles-fr"],"acf":[],"yoast_head":"<!-- This site is optimized with the Yoast SEO plugin v26.6 - https:\/\/yoast.com\/wordpress\/plugins\/seo\/ -->\n<title>Rentalmar | Vila-seca - La Pineda Platja<\/title>\n<meta name=\"description\" content=\"Rentalmar est une agence leader dans la location d&#039;appartements touristiques sur la Costa Dorada, avec pr\u00e8s de 60 ans d&#039;exp\u00e9rience dans le secteur. Ses\" \/>\n<meta name=\"robots\" content=\"index, follow, max-snippet:-1, max-image-preview:large, max-video-preview:-1\" \/>\n<link rel=\"canonical\" href=\"https:\/\/lapinedaplatja.info\/fr\/item\/rentalmar\/\" \/>\n<meta property=\"og:locale\" content=\"fr_FR\" \/>\n<meta property=\"og:type\" content=\"article\" \/>\n<meta property=\"og:title\" content=\"Rentalmar | Vila-seca - La Pineda Platja\" \/>\n<meta property=\"og:description\" content=\"Rentalmar est une agence leader dans la location d&#039;appartements touristiques sur la Costa Dorada, avec pr\u00e8s de 60 ans d&#039;exp\u00e9rience dans le secteur. Ses\" \/>\n<meta property=\"og:url\" content=\"https:\/\/lapinedaplatja.info\/fr\/item\/rentalmar\/\" \/>\n<meta property=\"og:site_name\" content=\"Vila-seca - La Pineda Platja\" \/>\n<meta property=\"article:publisher\" content=\"https:\/\/www.facebook.com\/lapinedaplatja\/\" \/>\n<meta property=\"article:modified_time\" content=\"2025-10-10T14:14:18+00:00\" \/>\n<meta property=\"og:image\" content=\"https:\/\/lapinedaplatja.info\/wp-content\/uploads\/2024\/03\/salou-pacific.jpg\" \/>\n\t<meta property=\"og:image:width\" content=\"978\" \/>\n\t<meta property=\"og:image:height\" content=\"648\" \/>\n\t<meta property=\"og:image:type\" content=\"image\/jpeg\" \/>\n<meta name=\"twitter:card\" content=\"summary_large_image\" \/>\n<meta name=\"twitter:site\" content=\"@lapinedaplatja\" \/>\n<meta name=\"twitter:label1\" content=\"Dur\u00e9e de lecture estim\u00e9e\" \/>\n\t<meta name=\"twitter:data1\" content=\"1 minute\" \/>\n<script type=\"application\/ld+json\" class=\"yoast-schema-graph\">{\"@context\":\"https:\/\/schema.org\",\"@graph\":[{\"@type\":\"WebPage\",\"@id\":\"https:\/\/lapinedaplatja.info\/fr\/item\/rentalmar\/\",\"url\":\"https:\/\/lapinedaplatja.info\/fr\/item\/rentalmar\/\",\"name\":\"Rentalmar | Vila-seca - La Pineda Platja\",\"isPartOf\":{\"@id\":\"https:\/\/lapinedaplatja.info\/fr\/#website\"},\"primaryImageOfPage\":{\"@id\":\"https:\/\/lapinedaplatja.info\/fr\/item\/rentalmar\/#primaryimage\"},\"image\":{\"@id\":\"https:\/\/lapinedaplatja.info\/fr\/item\/rentalmar\/#primaryimage\"},\"thumbnailUrl\":\"https:\/\/lapinedaplatja.info\/wp-content\/uploads\/2024\/03\/salou-pacific.jpg\",\"datePublished\":\"2019-04-08T07:22:00+00:00\",\"dateModified\":\"2025-10-10T14:14:18+00:00\",\"description\":\"Rentalmar est une agence leader dans la location d'appartements touristiques sur la Costa Dorada, avec pr\u00e8s de 60 ans d'exp\u00e9rience dans le secteur. Ses\",\"breadcrumb\":{\"@id\":\"https:\/\/lapinedaplatja.info\/fr\/item\/rentalmar\/#breadcrumb\"},\"inLanguage\":\"fr-FR\",\"potentialAction\":[{\"@type\":\"ReadAction\",\"target\":[\"https:\/\/lapinedaplatja.info\/fr\/item\/rentalmar\/\"]}]},{\"@type\":\"ImageObject\",\"inLanguage\":\"fr-FR\",\"@id\":\"https:\/\/lapinedaplatja.info\/fr\/item\/rentalmar\/#primaryimage\",\"url\":\"https:\/\/lapinedaplatja.info\/wp-content\/uploads\/2024\/03\/salou-pacific.jpg\",\"contentUrl\":\"https:\/\/lapinedaplatja.info\/wp-content\/uploads\/2024\/03\/salou-pacific.jpg\",\"width\":978,\"height\":648},{\"@type\":\"BreadcrumbList\",\"@id\":\"https:\/\/lapinedaplatja.info\/fr\/item\/rentalmar\/#breadcrumb\",\"itemListElement\":[{\"@type\":\"ListItem\",\"position\":1,\"name\":\"Portada\",\"item\":\"https:\/\/lapinedaplatja.info\/fr\/\"},{\"@type\":\"ListItem\",\"position\":2,\"name\":\"Location de biens touristiques\",\"item\":\"https:\/\/lapinedaplatja.info\/fr\/tipus\/lloguer-immobles-fr\/\"},{\"@type\":\"ListItem\",\"position\":3,\"name\":\"Rentalmar\"}]},{\"@type\":\"WebSite\",\"@id\":\"https:\/\/lapinedaplatja.info\/fr\/#website\",\"url\":\"https:\/\/lapinedaplatja.info\/fr\/\",\"name\":\"La Pineda Platja | Vila-seca\",\"description\":\"Oficina de Turismo de La Pineda.\",\"publisher\":{\"@id\":\"https:\/\/lapinedaplatja.info\/fr\/#organization\"},\"potentialAction\":[{\"@type\":\"SearchAction\",\"target\":{\"@type\":\"EntryPoint\",\"urlTemplate\":\"https:\/\/lapinedaplatja.info\/fr\/?s={search_term_string}\"},\"query-input\":{\"@type\":\"PropertyValueSpecification\",\"valueRequired\":true,\"valueName\":\"search_term_string\"}}],\"inLanguage\":\"fr-FR\"},{\"@type\":\"Organization\",\"@id\":\"https:\/\/lapinedaplatja.info\/fr\/#organization\",\"name\":\"Patronat Municipal de Turisme de Vila-seca\",\"url\":\"https:\/\/lapinedaplatja.info\/fr\/\",\"logo\":{\"@type\":\"ImageObject\",\"inLanguage\":\"fr-FR\",\"@id\":\"https:\/\/lapinedaplatja.info\/fr\/#\/schema\/logo\/image\/\",\"url\":\"https:\/\/lapinedaplatja.info\/wp-content\/uploads\/2018\/10\/cropped-13260099_989491457837088_3488030785405353200_n.jpg\",\"contentUrl\":\"https:\/\/lapinedaplatja.info\/wp-content\/uploads\/2018\/10\/cropped-13260099_989491457837088_3488030785405353200_n.jpg\",\"width\":600,\"height\":600,\"caption\":\"Patronat Municipal de Turisme de Vila-seca\"},\"image\":{\"@id\":\"https:\/\/lapinedaplatja.info\/fr\/#\/schema\/logo\/image\/\"},\"sameAs\":[\"https:\/\/www.facebook.com\/lapinedaplatja\/\",\"https:\/\/x.com\/lapinedaplatja\",\"https:\/\/www.instagram.com\/lapinedaplatja\/\"]}]}<\/script>\n<!-- \/ Yoast SEO plugin. -->","yoast_head_json":{"title":"Rentalmar | Vila-seca - La Pineda Platja","description":"Rentalmar est une agence leader dans la location d'appartements touristiques sur la Costa Dorada, avec pr\u00e8s de 60 ans d'exp\u00e9rience dans le secteur. Ses","robots":{"index":"index","follow":"follow","max-snippet":"max-snippet:-1","max-image-preview":"max-image-preview:large","max-video-preview":"max-video-preview:-1"},"canonical":"https:\/\/lapinedaplatja.info\/fr\/item\/rentalmar\/","og_locale":"fr_FR","og_type":"article","og_title":"Rentalmar | Vila-seca - La Pineda Platja","og_description":"Rentalmar est une agence leader dans la location d'appartements touristiques sur la Costa Dorada, avec pr\u00e8s de 60 ans d'exp\u00e9rience dans le secteur. Ses","og_url":"https:\/\/lapinedaplatja.info\/fr\/item\/rentalmar\/","og_site_name":"Vila-seca - La Pineda Platja","article_publisher":"https:\/\/www.facebook.com\/lapinedaplatja\/","article_modified_time":"2025-10-10T14:14:18+00:00","og_image":[{"width":978,"height":648,"url":"https:\/\/lapinedaplatja.info\/wp-content\/uploads\/2024\/03\/salou-pacific.jpg","type":"image\/jpeg"}],"twitter_card":"summary_large_image","twitter_site":"@lapinedaplatja","twitter_misc":{"Dur\u00e9e de lecture estim\u00e9e":"1 minute"},"schema":{"@context":"https:\/\/schema.org","@graph":[{"@type":"WebPage","@id":"https:\/\/lapinedaplatja.info\/fr\/item\/rentalmar\/","url":"https:\/\/lapinedaplatja.info\/fr\/item\/rentalmar\/","name":"Rentalmar | Vila-seca - La Pineda Platja","isPartOf":{"@id":"https:\/\/lapinedaplatja.info\/fr\/#website"},"primaryImageOfPage":{"@id":"https:\/\/lapinedaplatja.info\/fr\/item\/rentalmar\/#primaryimage"},"image":{"@id":"https:\/\/lapinedaplatja.info\/fr\/item\/rentalmar\/#primaryimage"},"thumbnailUrl":"https:\/\/lapinedaplatja.info\/wp-content\/uploads\/2024\/03\/salou-pacific.jpg","datePublished":"2019-04-08T07:22:00+00:00","dateModified":"2025-10-10T14:14:18+00:00","description":"Rentalmar est une agence leader dans la location d'appartements touristiques sur la Costa Dorada, avec pr\u00e8s de 60 ans d'exp\u00e9rience dans le secteur. Ses","breadcrumb":{"@id":"https:\/\/lapinedaplatja.info\/fr\/item\/rentalmar\/#breadcrumb"},"inLanguage":"fr-FR","potentialAction":[{"@type":"ReadAction","target":["https:\/\/lapinedaplatja.info\/fr\/item\/rentalmar\/"]}]},{"@type":"ImageObject","inLanguage":"fr-FR","@id":"https:\/\/lapinedaplatja.info\/fr\/item\/rentalmar\/#primaryimage","url":"https:\/\/lapinedaplatja.info\/wp-content\/uploads\/2024\/03\/salou-pacific.jpg","contentUrl":"https:\/\/lapinedaplatja.info\/wp-content\/uploads\/2024\/03\/salou-pacific.jpg","width":978,"height":648},{"@type":"BreadcrumbList","@id":"https:\/\/lapinedaplatja.info\/fr\/item\/rentalmar\/#breadcrumb","itemListElement":[{"@type":"ListItem","position":1,"name":"Portada","item":"https:\/\/lapinedaplatja.info\/fr\/"},{"@type":"ListItem","position":2,"name":"Location de biens touristiques","item":"https:\/\/lapinedaplatja.info\/fr\/tipus\/lloguer-immobles-fr\/"},{"@type":"ListItem","position":3,"name":"Rentalmar"}]},{"@type":"WebSite","@id":"https:\/\/lapinedaplatja.info\/fr\/#website","url":"https:\/\/lapinedaplatja.info\/fr\/","name":"La Pineda Platja | Vila-seca","description":"Oficina de Turismo de La Pineda.","publisher":{"@id":"https:\/\/lapinedaplatja.info\/fr\/#organization"},"potentialAction":[{"@type":"SearchAction","target":{"@type":"EntryPoint","urlTemplate":"https:\/\/lapinedaplatja.info\/fr\/?s={search_term_string}"},"query-input":{"@type":"PropertyValueSpecification","valueRequired":true,"valueName":"search_term_string"}}],"inLanguage":"fr-FR"},{"@type":"Organization","@id":"https:\/\/lapinedaplatja.info\/fr\/#organization","name":"Patronat Municipal de Turisme de Vila-seca","url":"https:\/\/lapinedaplatja.info\/fr\/","logo":{"@type":"ImageObject","inLanguage":"fr-FR","@id":"https:\/\/lapinedaplatja.info\/fr\/#\/schema\/logo\/image\/","url":"https:\/\/lapinedaplatja.info\/wp-content\/uploads\/2018\/10\/cropped-13260099_989491457837088_3488030785405353200_n.jpg","contentUrl":"https:\/\/lapinedaplatja.info\/wp-content\/uploads\/2018\/10\/cropped-13260099_989491457837088_3488030785405353200_n.jpg","width":600,"height":600,"caption":"Patronat Municipal de Turisme de Vila-seca"},"image":{"@id":"https:\/\/lapinedaplatja.info\/fr\/#\/schema\/logo\/image\/"},"sameAs":["https:\/\/www.facebook.com\/lapinedaplatja\/","https:\/\/x.com\/lapinedaplatja","https:\/\/www.instagram.com\/lapinedaplatja\/"]}]}},"_links":{"self":[{"href":"https:\/\/lapinedaplatja.info\/fr\/wp-json\/wp\/v2\/portfolio\/26209","targetHints":{"allow":["GET"]}}],"collection":[{"href":"https:\/\/lapinedaplatja.info\/fr\/wp-json\/wp\/v2\/portfolio"}],"about":[{"href":"https:\/\/lapinedaplatja.info\/fr\/wp-json\/wp\/v2\/types\/portfolio"}],"version-history":[{"count":0,"href":"https:\/\/lapinedaplatja.info\/fr\/wp-json\/wp\/v2\/portfolio\/26209\/revisions"}],"wp:featuredmedia":[{"embeddable":true,"href":"https:\/\/lapinedaplatja.info\/fr\/wp-json\/wp\/v2\/media\/26204"}],"wp:attachment":[{"href":"https:\/\/lapinedaplatja.info\/fr\/wp-json\/wp\/v2\/media?parent=26209"}],"wp:term":[{"taxonomy":"portfolio-types","embeddable":true,"href":"https:\/\/lapinedaplatja.info\/fr\/wp-json\/wp\/v2\/portfolio-types?post=26209"}],"curies":[{"name":"wp","href":"https:\/\/api.w.org\/{rel}","templated":true}]}}

<p>Rentalmar est une agence leader dans la location d&rsquo;appartements touristiques sur la Costa Dorada, avec près de 60 ans d&rsquo;expérience dans le secteur. Ses propriétés sont situées dans des destinations comme La Pineda et sont principalement destinées au tourisme familial. Rentalmar garantit le meilleur prix à ses clients tout au long de l&rsquo;année et facilite la réservation immédiate grâce à un système de réservation en ligne simple.</p>

<!-- This site is optimized with the Yoast SEO plugin v26.6 - https://yoast.com/wordpress/plugins/seo/ -->
<title>Rentalmar | Vila-seca - La Pineda Platja</title>
<meta name="description" content="Rentalmar est une agence leader dans la location d&#039;appartements touristiques sur la Costa Dorada, avec près de 60 ans d&#039;expérience dans le secteur. Ses" />
<meta name="robots" content="index, follow, max-snippet:-1, max-image-preview:large, max-video-preview:-1" />
<link rel="canonical" href="https://lapinedaplatja.info/fr/item/rentalmar/" />
<meta property="og:locale" content="fr_FR" />
<meta property="og:type" content="article" />
<meta property="og:title" content="Rentalmar | Vila-seca - La Pineda Platja" />
<meta property="og:description" content="Rentalmar est une agence leader dans la location d&#039;appartements touristiques sur la Costa Dorada, avec près de 60 ans d&#039;expérience dans le secteur. Ses" />
<meta property="og:url" content="https://lapinedaplatja.info/fr/item/rentalmar/" />
<meta property="og:site_name" content="Vila-seca - La Pineda Platja" />
<meta property="article:publisher" content="https://www.facebook.com/lapinedaplatja/" />
<meta property="article:modified_time" content="2025-10-10T14:14:18+00:00" />
<meta property="og:image" content="https://lapinedaplatja.info/wp-content/uploads/2024/03/salou-pacific.jpg" />
	<meta property="og:image:width" content="978" />
	<meta property="og:image:height" content="648" />
	<meta property="og:image:type" content="image/jpeg" />
<meta name="twitter:card" content="summary_large_image" />
<meta name="twitter:site" content="@lapinedaplatja" />
<meta name="twitter:label1" content="Durée de lecture estimée" />
	<meta name="twitter:data1" content="1 minute" />
<script type="application/ld+json" class="yoast-schema-graph">{"@context":"https://schema.org","@graph":[{"@type":"WebPage","@id":"https://lapinedaplatja.info/fr/item/rentalmar/","url":"https://lapinedaplatja.info/fr/item/rentalmar/","name":"Rentalmar | Vila-seca - La Pineda Platja","isPartOf":{"@id":"https://lapinedaplatja.info/fr/#website"},"primaryImageOfPage":{"@id":"https://lapinedaplatja.info/fr/item/rentalmar/#primaryimage"},"image":{"@id":"https://lapinedaplatja.info/fr/item/rentalmar/#primaryimage"},"thumbnailUrl":"https://lapinedaplatja.info/wp-content/uploads/2024/03/salou-pacific.jpg","datePublished":"2019-04-08T07:22:00+00:00","dateModified":"2025-10-10T14:14:18+00:00","description":"Rentalmar est une agence leader dans la location d'appartements touristiques sur la Costa Dorada, avec près de 60 ans d'expérience dans le secteur. Ses","breadcrumb":{"@id":"https://lapinedaplatja.info/fr/item/rentalmar/#breadcrumb"},"inLanguage":"fr-FR","potentialAction":[{"@type":"ReadAction","target":["https://lapinedaplatja.info/fr/item/rentalmar/"]}]},{"@type":"ImageObject","inLanguage":"fr-FR","@id":"https://lapinedaplatja.info/fr/item/rentalmar/#primaryimage","url":"https://lapinedaplatja.info/wp-content/uploads/2024/03/salou-pacific.jpg","contentUrl":"https://lapinedaplatja.info/wp-content/uploads/2024/03/salou-pacific.jpg","width":978,"height":648},{"@type":"BreadcrumbList","@id":"https://lapinedaplatja.info/fr/item/rentalmar/#breadcrumb","itemListElement":[{"@type":"ListItem","position":1,"name":"Portada","item":"https://lapinedaplatja.info/fr/"},{"@type":"ListItem","position":2,"name":"Location de biens touristiques","item":"https://lapinedaplatja.info/fr/tipus/lloguer-immobles-fr/"},{"@type":"ListItem","position":3,"name":"Rentalmar"}]},{"@type":"WebSite","@id":"https://lapinedaplatja.info/fr/#website","url":"https://lapinedaplatja.info/fr/","name":"La Pineda Platja | Vila-seca","description":"Oficina de Turismo de La Pineda.","publisher":{"@id":"https://lapinedaplatja.info/fr/#organization"},"potentialAction":[{"@type":"SearchAction","target":{"@type":"EntryPoint","urlTemplate":"https://lapinedaplatja.info/fr/?s={search_term_string}"},"query-input":{"@type":"PropertyValueSpecification","valueRequired":true,"valueName":"search_term_string"}}],"inLanguage":"fr-FR"},{"@type":"Organization","@id":"https://lapinedaplatja.info/fr/#organization","name":"Patronat Municipal de Turisme de Vila-seca","url":"https://lapinedaplatja.info/fr/","logo":{"@type":"ImageObject","inLanguage":"fr-FR","@id":"https://lapinedaplatja.info/fr/#/schema/logo/image/","url":"https://lapinedaplatja.info/wp-content/uploads/2018/10/cropped-13260099_989491457837088_3488030785405353200_n.jpg","contentUrl":"https://lapinedaplatja.info/wp-content/uploads/2018/10/cropped-13260099_989491457837088_3488030785405353200_n.jpg","width":600,"height":600,"caption":"Patronat Municipal de Turisme de Vila-seca"},"image":{"@id":"https://lapinedaplatja.info/fr/#/schema/logo/image/"},"sameAs":["https://www.facebook.com/lapinedaplatja/","https://x.com/lapinedaplatja","https://www.instagram.com/lapinedaplatja/"]}]}</script>
<!-- / Yoast SEO plugin. -->

Rentalmar est une agence leader dans la location d'appartements touristiques sur la Costa Dorada, avec près de 60 ans d'expérience dans le secteur. Ses
