{"id":37083,"date":"2026-04-30T12:59:38","date_gmt":"2026-04-30T10:59:38","guid":{"rendered":"https:\/\/lapinedaplatja.info\/?post_type=portfolio&#038;p=37083"},"modified":"2026-04-30T12:59:40","modified_gmt":"2026-04-30T10:59:40","slug":"hotel-estival-park-silmar","status":"publish","type":"portfolio","link":"https:\/\/lapinedaplatja.info\/fr\/item\/hotel-estival-park-2\/","title":{"rendered":"H\u00f4tel Estival Park Silmar ****"},"content":{"rendered":"<h6>R.T.N\u00ba: KT-000669<\/h6>\n<p><span data-olk-copy-source=\"MessageBody\">Estival Park Silmar propose un s\u00e9jour complet au c\u0153ur de l\u2019Estival Park Resort, avec 283 chambres (Classic, Duplex et Suite) adapt\u00e9es aux familles et aux groupes recherchant confort et divertissement. Les clients peuvent profiter des piscines, du programme d\u2019animation, de la salle de sport et du spa, ainsi que de l\u2019environnement m\u00e9diterran\u00e9en. Ils ont \u00e9galement acc\u00e8s aux services et aux piscines de l\u2019Estival Park Almaris.<\/span><\/p>\n","protected":false},"featured_media":37123,"template":"","meta":{"_acf_changed":false},"portfolio-types":[189],"class_list":["post-37083","portfolio","type-portfolio","status-publish","has-post-thumbnail","hentry","portfolio-types-hotels-4-fr"],"acf":[],"yoast_head":"<!-- This site is optimized with the Yoast SEO plugin v26.6 - https:\/\/yoast.com\/wordpress\/plugins\/seo\/ -->\n<title>H\u00f4tel Estival Park Silmar **** | Vila-seca - La Pineda Platja<\/title>\n<meta name=\"description\" content=\"R.T.N\u00ba: KT-000669 Estival Park Silmar propose un s\u00e9jour complet au c\u0153ur de l\u2019Estival Park Resort, avec 283 chambres (Classic, Duplex et Suite) adapt\u00e9es\" \/>\n<meta name=\"robots\" content=\"index, follow, max-snippet:-1, max-image-preview:large, max-video-preview:-1\" \/>\n<link rel=\"canonical\" href=\"https:\/\/lapinedaplatja.info\/fr\/item\/hotel-estival-park-2\/\" \/>\n<meta property=\"og:locale\" content=\"fr_FR\" \/>\n<meta property=\"og:type\" content=\"article\" \/>\n<meta property=\"og:title\" content=\"H\u00f4tel Estival Park Silmar **** | Vila-seca - La Pineda Platja\" \/>\n<meta property=\"og:description\" content=\"R.T.N\u00ba: KT-000669 Estival Park Silmar propose un s\u00e9jour complet au c\u0153ur de l\u2019Estival Park Resort, avec 283 chambres (Classic, Duplex et Suite) adapt\u00e9es\" \/>\n<meta property=\"og:url\" content=\"https:\/\/lapinedaplatja.info\/fr\/item\/hotel-estival-park-2\/\" \/>\n<meta property=\"og:site_name\" content=\"Vila-seca - La Pineda Platja\" \/>\n<meta property=\"article:publisher\" content=\"https:\/\/www.facebook.com\/lapinedaplatja\/\" \/>\n<meta property=\"article:modified_time\" content=\"2026-04-30T10:59:40+00:00\" \/>\n<meta property=\"og:image\" content=\"https:\/\/lapinedaplatja.info\/wp-content\/uploads\/2026\/04\/ESTIVAL-Juny-Silmar-1-scaled.jpg\" \/>\n\t<meta property=\"og:image:width\" content=\"1709\" \/>\n\t<meta property=\"og:image:height\" content=\"2560\" \/>\n\t<meta property=\"og:image:type\" content=\"image\/jpeg\" \/>\n<meta name=\"twitter:card\" content=\"summary_large_image\" \/>\n<meta name=\"twitter:site\" content=\"@lapinedaplatja\" \/>\n<meta name=\"twitter:label1\" content=\"Dur\u00e9e de lecture estim\u00e9e\" \/>\n\t<meta name=\"twitter:data1\" content=\"1 minute\" \/>\n<script type=\"application\/ld+json\" class=\"yoast-schema-graph\">{\"@context\":\"https:\/\/schema.org\",\"@graph\":[{\"@type\":\"WebPage\",\"@id\":\"https:\/\/lapinedaplatja.info\/fr\/item\/hotel-estival-park-2\/\",\"url\":\"https:\/\/lapinedaplatja.info\/fr\/item\/hotel-estival-park-2\/\",\"name\":\"H\u00f4tel Estival Park Silmar **** | Vila-seca - La Pineda Platja\",\"isPartOf\":{\"@id\":\"https:\/\/lapinedaplatja.info\/fr\/#website\"},\"primaryImageOfPage\":{\"@id\":\"https:\/\/lapinedaplatja.info\/fr\/item\/hotel-estival-park-2\/#primaryimage\"},\"image\":{\"@id\":\"https:\/\/lapinedaplatja.info\/fr\/item\/hotel-estival-park-2\/#primaryimage\"},\"thumbnailUrl\":\"https:\/\/lapinedaplatja.info\/wp-content\/uploads\/2026\/04\/ESTIVAL-Juny-Silmar-1-scaled.jpg\",\"datePublished\":\"2026-04-30T10:59:38+00:00\",\"dateModified\":\"2026-04-30T10:59:40+00:00\",\"description\":\"R.T.N\u00ba: KT-000669 Estival Park Silmar propose un s\u00e9jour complet au c\u0153ur de l\u2019Estival Park Resort, avec 283 chambres (Classic, Duplex et Suite) adapt\u00e9es\",\"breadcrumb\":{\"@id\":\"https:\/\/lapinedaplatja.info\/fr\/item\/hotel-estival-park-2\/#breadcrumb\"},\"inLanguage\":\"fr-FR\",\"potentialAction\":[{\"@type\":\"ReadAction\",\"target\":[\"https:\/\/lapinedaplatja.info\/fr\/item\/hotel-estival-park-2\/\"]}]},{\"@type\":\"ImageObject\",\"inLanguage\":\"fr-FR\",\"@id\":\"https:\/\/lapinedaplatja.info\/fr\/item\/hotel-estival-park-2\/#primaryimage\",\"url\":\"https:\/\/lapinedaplatja.info\/wp-content\/uploads\/2026\/04\/ESTIVAL-Juny-Silmar-1-scaled.jpg\",\"contentUrl\":\"https:\/\/lapinedaplatja.info\/wp-content\/uploads\/2026\/04\/ESTIVAL-Juny-Silmar-1-scaled.jpg\",\"width\":1709,\"height\":2560},{\"@type\":\"BreadcrumbList\",\"@id\":\"https:\/\/lapinedaplatja.info\/fr\/item\/hotel-estival-park-2\/#breadcrumb\",\"itemListElement\":[{\"@type\":\"ListItem\",\"position\":1,\"name\":\"Portada\",\"item\":\"https:\/\/lapinedaplatja.info\/fr\/\"},{\"@type\":\"ListItem\",\"position\":2,\"name\":\"H\u00f4tels ****\",\"item\":\"https:\/\/lapinedaplatja.info\/fr\/tipus\/hotels-4-fr\/\"},{\"@type\":\"ListItem\",\"position\":3,\"name\":\"H\u00f4tel Estival Park Silmar ****\"}]},{\"@type\":\"WebSite\",\"@id\":\"https:\/\/lapinedaplatja.info\/fr\/#website\",\"url\":\"https:\/\/lapinedaplatja.info\/fr\/\",\"name\":\"La Pineda Platja | Vila-seca\",\"description\":\"Oficina de Turismo de La Pineda.\",\"publisher\":{\"@id\":\"https:\/\/lapinedaplatja.info\/fr\/#organization\"},\"potentialAction\":[{\"@type\":\"SearchAction\",\"target\":{\"@type\":\"EntryPoint\",\"urlTemplate\":\"https:\/\/lapinedaplatja.info\/fr\/?s={search_term_string}\"},\"query-input\":{\"@type\":\"PropertyValueSpecification\",\"valueRequired\":true,\"valueName\":\"search_term_string\"}}],\"inLanguage\":\"fr-FR\"},{\"@type\":\"Organization\",\"@id\":\"https:\/\/lapinedaplatja.info\/fr\/#organization\",\"name\":\"Patronat Municipal de Turisme de Vila-seca\",\"url\":\"https:\/\/lapinedaplatja.info\/fr\/\",\"logo\":{\"@type\":\"ImageObject\",\"inLanguage\":\"fr-FR\",\"@id\":\"https:\/\/lapinedaplatja.info\/fr\/#\/schema\/logo\/image\/\",\"url\":\"https:\/\/lapinedaplatja.info\/wp-content\/uploads\/2018\/10\/cropped-13260099_989491457837088_3488030785405353200_n.jpg\",\"contentUrl\":\"https:\/\/lapinedaplatja.info\/wp-content\/uploads\/2018\/10\/cropped-13260099_989491457837088_3488030785405353200_n.jpg\",\"width\":600,\"height\":600,\"caption\":\"Patronat Municipal de Turisme de Vila-seca\"},\"image\":{\"@id\":\"https:\/\/lapinedaplatja.info\/fr\/#\/schema\/logo\/image\/\"},\"sameAs\":[\"https:\/\/www.facebook.com\/lapinedaplatja\/\",\"https:\/\/x.com\/lapinedaplatja\",\"https:\/\/www.instagram.com\/lapinedaplatja\/\"]}]}<\/script>\n<!-- \/ Yoast SEO plugin. -->","yoast_head_json":{"title":"H\u00f4tel Estival Park Silmar **** | Vila-seca - La Pineda Platja","description":"R.T.N\u00ba: KT-000669 Estival Park Silmar propose un s\u00e9jour complet au c\u0153ur de l\u2019Estival Park Resort, avec 283 chambres (Classic, Duplex et Suite) adapt\u00e9es","robots":{"index":"index","follow":"follow","max-snippet":"max-snippet:-1","max-image-preview":"max-image-preview:large","max-video-preview":"max-video-preview:-1"},"canonical":"https:\/\/lapinedaplatja.info\/fr\/item\/hotel-estival-park-2\/","og_locale":"fr_FR","og_type":"article","og_title":"H\u00f4tel Estival Park Silmar **** | Vila-seca - La Pineda Platja","og_description":"R.T.N\u00ba: KT-000669 Estival Park Silmar propose un s\u00e9jour complet au c\u0153ur de l\u2019Estival Park Resort, avec 283 chambres (Classic, Duplex et Suite) adapt\u00e9es","og_url":"https:\/\/lapinedaplatja.info\/fr\/item\/hotel-estival-park-2\/","og_site_name":"Vila-seca - La Pineda Platja","article_publisher":"https:\/\/www.facebook.com\/lapinedaplatja\/","article_modified_time":"2026-04-30T10:59:40+00:00","og_image":[{"width":1709,"height":2560,"url":"https:\/\/lapinedaplatja.info\/wp-content\/uploads\/2026\/04\/ESTIVAL-Juny-Silmar-1-scaled.jpg","type":"image\/jpeg"}],"twitter_card":"summary_large_image","twitter_site":"@lapinedaplatja","twitter_misc":{"Dur\u00e9e de lecture estim\u00e9e":"1 minute"},"schema":{"@context":"https:\/\/schema.org","@graph":[{"@type":"WebPage","@id":"https:\/\/lapinedaplatja.info\/fr\/item\/hotel-estival-park-2\/","url":"https:\/\/lapinedaplatja.info\/fr\/item\/hotel-estival-park-2\/","name":"H\u00f4tel Estival Park Silmar **** | Vila-seca - La Pineda Platja","isPartOf":{"@id":"https:\/\/lapinedaplatja.info\/fr\/#website"},"primaryImageOfPage":{"@id":"https:\/\/lapinedaplatja.info\/fr\/item\/hotel-estival-park-2\/#primaryimage"},"image":{"@id":"https:\/\/lapinedaplatja.info\/fr\/item\/hotel-estival-park-2\/#primaryimage"},"thumbnailUrl":"https:\/\/lapinedaplatja.info\/wp-content\/uploads\/2026\/04\/ESTIVAL-Juny-Silmar-1-scaled.jpg","datePublished":"2026-04-30T10:59:38+00:00","dateModified":"2026-04-30T10:59:40+00:00","description":"R.T.N\u00ba: KT-000669 Estival Park Silmar propose un s\u00e9jour complet au c\u0153ur de l\u2019Estival Park Resort, avec 283 chambres (Classic, Duplex et Suite) adapt\u00e9es","breadcrumb":{"@id":"https:\/\/lapinedaplatja.info\/fr\/item\/hotel-estival-park-2\/#breadcrumb"},"inLanguage":"fr-FR","potentialAction":[{"@type":"ReadAction","target":["https:\/\/lapinedaplatja.info\/fr\/item\/hotel-estival-park-2\/"]}]},{"@type":"ImageObject","inLanguage":"fr-FR","@id":"https:\/\/lapinedaplatja.info\/fr\/item\/hotel-estival-park-2\/#primaryimage","url":"https:\/\/lapinedaplatja.info\/wp-content\/uploads\/2026\/04\/ESTIVAL-Juny-Silmar-1-scaled.jpg","contentUrl":"https:\/\/lapinedaplatja.info\/wp-content\/uploads\/2026\/04\/ESTIVAL-Juny-Silmar-1-scaled.jpg","width":1709,"height":2560},{"@type":"BreadcrumbList","@id":"https:\/\/lapinedaplatja.info\/fr\/item\/hotel-estival-park-2\/#breadcrumb","itemListElement":[{"@type":"ListItem","position":1,"name":"Portada","item":"https:\/\/lapinedaplatja.info\/fr\/"},{"@type":"ListItem","position":2,"name":"H\u00f4tels ****","item":"https:\/\/lapinedaplatja.info\/fr\/tipus\/hotels-4-fr\/"},{"@type":"ListItem","position":3,"name":"H\u00f4tel Estival Park Silmar ****"}]},{"@type":"WebSite","@id":"https:\/\/lapinedaplatja.info\/fr\/#website","url":"https:\/\/lapinedaplatja.info\/fr\/","name":"La Pineda Platja | Vila-seca","description":"Oficina de Turismo de La Pineda.","publisher":{"@id":"https:\/\/lapinedaplatja.info\/fr\/#organization"},"potentialAction":[{"@type":"SearchAction","target":{"@type":"EntryPoint","urlTemplate":"https:\/\/lapinedaplatja.info\/fr\/?s={search_term_string}"},"query-input":{"@type":"PropertyValueSpecification","valueRequired":true,"valueName":"search_term_string"}}],"inLanguage":"fr-FR"},{"@type":"Organization","@id":"https:\/\/lapinedaplatja.info\/fr\/#organization","name":"Patronat Municipal de Turisme de Vila-seca","url":"https:\/\/lapinedaplatja.info\/fr\/","logo":{"@type":"ImageObject","inLanguage":"fr-FR","@id":"https:\/\/lapinedaplatja.info\/fr\/#\/schema\/logo\/image\/","url":"https:\/\/lapinedaplatja.info\/wp-content\/uploads\/2018\/10\/cropped-13260099_989491457837088_3488030785405353200_n.jpg","contentUrl":"https:\/\/lapinedaplatja.info\/wp-content\/uploads\/2018\/10\/cropped-13260099_989491457837088_3488030785405353200_n.jpg","width":600,"height":600,"caption":"Patronat Municipal de Turisme de Vila-seca"},"image":{"@id":"https:\/\/lapinedaplatja.info\/fr\/#\/schema\/logo\/image\/"},"sameAs":["https:\/\/www.facebook.com\/lapinedaplatja\/","https:\/\/x.com\/lapinedaplatja","https:\/\/www.instagram.com\/lapinedaplatja\/"]}]}},"_links":{"self":[{"href":"https:\/\/lapinedaplatja.info\/fr\/wp-json\/wp\/v2\/portfolio\/37083","targetHints":{"allow":["GET"]}}],"collection":[{"href":"https:\/\/lapinedaplatja.info\/fr\/wp-json\/wp\/v2\/portfolio"}],"about":[{"href":"https:\/\/lapinedaplatja.info\/fr\/wp-json\/wp\/v2\/types\/portfolio"}],"version-history":[{"count":1,"href":"https:\/\/lapinedaplatja.info\/fr\/wp-json\/wp\/v2\/portfolio\/37083\/revisions"}],"predecessor-version":[{"id":37136,"href":"https:\/\/lapinedaplatja.info\/fr\/wp-json\/wp\/v2\/portfolio\/37083\/revisions\/37136"}],"wp:featuredmedia":[{"embeddable":true,"href":"https:\/\/lapinedaplatja.info\/fr\/wp-json\/wp\/v2\/media\/37123"}],"wp:attachment":[{"href":"https:\/\/lapinedaplatja.info\/fr\/wp-json\/wp\/v2\/media?parent=37083"}],"wp:term":[{"taxonomy":"portfolio-types","embeddable":true,"href":"https:\/\/lapinedaplatja.info\/fr\/wp-json\/wp\/v2\/portfolio-types?post=37083"}],"curies":[{"name":"wp","href":"https:\/\/api.w.org\/{rel}","templated":true}]}}

Hôtel Estival Park Silmar ****

<h6>R.T.Nº: KT-000669</h6>
<p><span data-olk-copy-source="MessageBody">Estival Park Silmar propose un séjour complet au cœur de l’Estival Park Resort, avec 283 chambres (Classic, Duplex et Suite) adaptées aux familles et aux groupes recherchant confort et divertissement. Les clients peuvent profiter des piscines, du programme d’animation, de la salle de sport et du spa, ainsi que de l’environnement méditerranéen. Ils ont également accès aux services et aux piscines de l’Estival Park Almaris.</span></p>

<!-- This site is optimized with the Yoast SEO plugin v26.6 - https://yoast.com/wordpress/plugins/seo/ -->
<title>Hôtel Estival Park Silmar **** | Vila-seca - La Pineda Platja</title>
<meta name="description" content="R.T.Nº: KT-000669 Estival Park Silmar propose un séjour complet au cœur de l’Estival Park Resort, avec 283 chambres (Classic, Duplex et Suite) adaptées" />
<meta name="robots" content="index, follow, max-snippet:-1, max-image-preview:large, max-video-preview:-1" />
<link rel="canonical" href="https://lapinedaplatja.info/fr/item/hotel-estival-park-2/" />
<meta property="og:locale" content="fr_FR" />
<meta property="og:type" content="article" />
<meta property="og:title" content="Hôtel Estival Park Silmar **** | Vila-seca - La Pineda Platja" />
<meta property="og:description" content="R.T.Nº: KT-000669 Estival Park Silmar propose un séjour complet au cœur de l’Estival Park Resort, avec 283 chambres (Classic, Duplex et Suite) adaptées" />
<meta property="og:url" content="https://lapinedaplatja.info/fr/item/hotel-estival-park-2/" />
<meta property="og:site_name" content="Vila-seca - La Pineda Platja" />
<meta property="article:publisher" content="https://www.facebook.com/lapinedaplatja/" />
<meta property="article:modified_time" content="2026-04-30T10:59:40+00:00" />
<meta property="og:image" content="https://lapinedaplatja.info/wp-content/uploads/2026/04/ESTIVAL-Juny-Silmar-1-scaled.jpg" />
	<meta property="og:image:width" content="1709" />
	<meta property="og:image:height" content="2560" />
	<meta property="og:image:type" content="image/jpeg" />
<meta name="twitter:card" content="summary_large_image" />
<meta name="twitter:site" content="@lapinedaplatja" />
<meta name="twitter:label1" content="Durée de lecture estimée" />
	<meta name="twitter:data1" content="1 minute" />
<script type="application/ld+json" class="yoast-schema-graph">{"@context":"https://schema.org","@graph":[{"@type":"WebPage","@id":"https://lapinedaplatja.info/fr/item/hotel-estival-park-2/","url":"https://lapinedaplatja.info/fr/item/hotel-estival-park-2/","name":"Hôtel Estival Park Silmar **** | Vila-seca - La Pineda Platja","isPartOf":{"@id":"https://lapinedaplatja.info/fr/#website"},"primaryImageOfPage":{"@id":"https://lapinedaplatja.info/fr/item/hotel-estival-park-2/#primaryimage"},"image":{"@id":"https://lapinedaplatja.info/fr/item/hotel-estival-park-2/#primaryimage"},"thumbnailUrl":"https://lapinedaplatja.info/wp-content/uploads/2026/04/ESTIVAL-Juny-Silmar-1-scaled.jpg","datePublished":"2026-04-30T10:59:38+00:00","dateModified":"2026-04-30T10:59:40+00:00","description":"R.T.Nº: KT-000669 Estival Park Silmar propose un séjour complet au cœur de l’Estival Park Resort, avec 283 chambres (Classic, Duplex et Suite) adaptées","breadcrumb":{"@id":"https://lapinedaplatja.info/fr/item/hotel-estival-park-2/#breadcrumb"},"inLanguage":"fr-FR","potentialAction":[{"@type":"ReadAction","target":["https://lapinedaplatja.info/fr/item/hotel-estival-park-2/"]}]},{"@type":"ImageObject","inLanguage":"fr-FR","@id":"https://lapinedaplatja.info/fr/item/hotel-estival-park-2/#primaryimage","url":"https://lapinedaplatja.info/wp-content/uploads/2026/04/ESTIVAL-Juny-Silmar-1-scaled.jpg","contentUrl":"https://lapinedaplatja.info/wp-content/uploads/2026/04/ESTIVAL-Juny-Silmar-1-scaled.jpg","width":1709,"height":2560},{"@type":"BreadcrumbList","@id":"https://lapinedaplatja.info/fr/item/hotel-estival-park-2/#breadcrumb","itemListElement":[{"@type":"ListItem","position":1,"name":"Portada","item":"https://lapinedaplatja.info/fr/"},{"@type":"ListItem","position":2,"name":"Hôtels ****","item":"https://lapinedaplatja.info/fr/tipus/hotels-4-fr/"},{"@type":"ListItem","position":3,"name":"Hôtel Estival Park Silmar ****"}]},{"@type":"WebSite","@id":"https://lapinedaplatja.info/fr/#website","url":"https://lapinedaplatja.info/fr/","name":"La Pineda Platja | Vila-seca","description":"Oficina de Turismo de La Pineda.","publisher":{"@id":"https://lapinedaplatja.info/fr/#organization"},"potentialAction":[{"@type":"SearchAction","target":{"@type":"EntryPoint","urlTemplate":"https://lapinedaplatja.info/fr/?s={search_term_string}"},"query-input":{"@type":"PropertyValueSpecification","valueRequired":true,"valueName":"search_term_string"}}],"inLanguage":"fr-FR"},{"@type":"Organization","@id":"https://lapinedaplatja.info/fr/#organization","name":"Patronat Municipal de Turisme de Vila-seca","url":"https://lapinedaplatja.info/fr/","logo":{"@type":"ImageObject","inLanguage":"fr-FR","@id":"https://lapinedaplatja.info/fr/#/schema/logo/image/","url":"https://lapinedaplatja.info/wp-content/uploads/2018/10/cropped-13260099_989491457837088_3488030785405353200_n.jpg","contentUrl":"https://lapinedaplatja.info/wp-content/uploads/2018/10/cropped-13260099_989491457837088_3488030785405353200_n.jpg","width":600,"height":600,"caption":"Patronat Municipal de Turisme de Vila-seca"},"image":{"@id":"https://lapinedaplatja.info/fr/#/schema/logo/image/"},"sameAs":["https://www.facebook.com/lapinedaplatja/","https://x.com/lapinedaplatja","https://www.instagram.com/lapinedaplatja/"]}]}</script>
<!-- / Yoast SEO plugin. -->

Hôtel Estival Park Silmar **** | Vila-seca - La Pineda Platja

R.T.Nº: KT-000669 Estival Park Silmar propose un séjour complet au cœur de l’Estival Park Resort, avec 283 chambres (Classic, Duplex et Suite) adaptées

Hôtels ****
