{"id":37143,"date":"2026-04-30T13:18:02","date_gmt":"2026-04-30T11:18:02","guid":{"rendered":"https:\/\/lapinedaplatja.info\/?post_type=portfolio&#038;p=37143"},"modified":"2026-04-30T13:18:04","modified_gmt":"2026-04-30T11:18:04","slug":"hotel-estival-park-almaris","status":"publish","type":"portfolio","link":"https:\/\/lapinedaplatja.info\/fr\/item\/hotel-estival-park-2-2\/","title":{"rendered":"H\u00f4tel Estival Park Almaris ****"},"content":{"rendered":"<h6>R.T.N\u00ba: KT-000669<\/h6>\n<p><span data-olk-copy-source=\"MessageBody\">Estival Park Almaris allie la tranquillit\u00e9 du cadre m\u00e9diterran\u00e9en aux services d\u2019un resort, id\u00e9al pour les familles, les couples et les amis. Il dispose d\u2019un solarium avec deux piscines, dont une avec jeux aquatiques pour enfants, ainsi qu\u2019un rooftop exclusif r\u00e9serv\u00e9 aux adultes (+18) avec vue sur la mer. Sa situation en bord de mer sur la Costa Daurada en fait un lieu id\u00e9al pour se d\u00e9tendre.<\/span><\/p>\n","protected":false},"featured_media":37171,"template":"","meta":{"_acf_changed":false},"portfolio-types":[189],"class_list":["post-37143","portfolio","type-portfolio","status-publish","has-post-thumbnail","hentry","portfolio-types-hotels-4-fr"],"acf":[],"yoast_head":"<!-- This site is optimized with the Yoast SEO plugin v26.6 - https:\/\/yoast.com\/wordpress\/plugins\/seo\/ -->\n<title>H\u00f4tel Estival Park Almaris **** | Vila-seca - La Pineda Platja<\/title>\n<meta name=\"description\" content=\"R.T.N\u00ba: KT-000669 Estival Park Almaris allie la tranquillit\u00e9 du cadre m\u00e9diterran\u00e9en aux services d\u2019un resort, id\u00e9al pour les familles, les couples et les\" \/>\n<meta name=\"robots\" content=\"index, follow, max-snippet:-1, max-image-preview:large, max-video-preview:-1\" \/>\n<link rel=\"canonical\" href=\"https:\/\/lapinedaplatja.info\/fr\/item\/hotel-estival-park-2-2\/\" \/>\n<meta property=\"og:locale\" content=\"fr_FR\" \/>\n<meta property=\"og:type\" content=\"article\" \/>\n<meta property=\"og:title\" content=\"H\u00f4tel Estival Park Almaris **** | Vila-seca - La Pineda Platja\" \/>\n<meta property=\"og:description\" content=\"R.T.N\u00ba: KT-000669 Estival Park Almaris allie la tranquillit\u00e9 du cadre m\u00e9diterran\u00e9en aux services d\u2019un resort, id\u00e9al pour les familles, les couples et les\" \/>\n<meta property=\"og:url\" content=\"https:\/\/lapinedaplatja.info\/fr\/item\/hotel-estival-park-2-2\/\" \/>\n<meta property=\"og:site_name\" content=\"Vila-seca - La Pineda Platja\" \/>\n<meta property=\"article:publisher\" content=\"https:\/\/www.facebook.com\/lapinedaplatja\/\" \/>\n<meta property=\"article:modified_time\" content=\"2026-04-30T11:18:04+00:00\" \/>\n<meta property=\"og:image\" content=\"https:\/\/lapinedaplatja.info\/wp-content\/uploads\/2026\/04\/Almaris-Rooftop.jpg\" \/>\n\t<meta property=\"og:image:width\" content=\"1000\" \/>\n\t<meta property=\"og:image:height\" content=\"667\" \/>\n\t<meta property=\"og:image:type\" content=\"image\/jpeg\" \/>\n<meta name=\"twitter:card\" content=\"summary_large_image\" \/>\n<meta name=\"twitter:site\" content=\"@lapinedaplatja\" \/>\n<meta name=\"twitter:label1\" content=\"Dur\u00e9e de lecture estim\u00e9e\" \/>\n\t<meta name=\"twitter:data1\" content=\"1 minute\" \/>\n<script type=\"application\/ld+json\" class=\"yoast-schema-graph\">{\"@context\":\"https:\/\/schema.org\",\"@graph\":[{\"@type\":\"WebPage\",\"@id\":\"https:\/\/lapinedaplatja.info\/fr\/item\/hotel-estival-park-2-2\/\",\"url\":\"https:\/\/lapinedaplatja.info\/fr\/item\/hotel-estival-park-2-2\/\",\"name\":\"H\u00f4tel Estival Park Almaris **** | Vila-seca - La Pineda Platja\",\"isPartOf\":{\"@id\":\"https:\/\/lapinedaplatja.info\/fr\/#website\"},\"primaryImageOfPage\":{\"@id\":\"https:\/\/lapinedaplatja.info\/fr\/item\/hotel-estival-park-2-2\/#primaryimage\"},\"image\":{\"@id\":\"https:\/\/lapinedaplatja.info\/fr\/item\/hotel-estival-park-2-2\/#primaryimage\"},\"thumbnailUrl\":\"https:\/\/lapinedaplatja.info\/wp-content\/uploads\/2026\/04\/Almaris-Rooftop.jpg\",\"datePublished\":\"2026-04-30T11:18:02+00:00\",\"dateModified\":\"2026-04-30T11:18:04+00:00\",\"description\":\"R.T.N\u00ba: KT-000669 Estival Park Almaris allie la tranquillit\u00e9 du cadre m\u00e9diterran\u00e9en aux services d\u2019un resort, id\u00e9al pour les familles, les couples et les\",\"breadcrumb\":{\"@id\":\"https:\/\/lapinedaplatja.info\/fr\/item\/hotel-estival-park-2-2\/#breadcrumb\"},\"inLanguage\":\"fr-FR\",\"potentialAction\":[{\"@type\":\"ReadAction\",\"target\":[\"https:\/\/lapinedaplatja.info\/fr\/item\/hotel-estival-park-2-2\/\"]}]},{\"@type\":\"ImageObject\",\"inLanguage\":\"fr-FR\",\"@id\":\"https:\/\/lapinedaplatja.info\/fr\/item\/hotel-estival-park-2-2\/#primaryimage\",\"url\":\"https:\/\/lapinedaplatja.info\/wp-content\/uploads\/2026\/04\/Almaris-Rooftop.jpg\",\"contentUrl\":\"https:\/\/lapinedaplatja.info\/wp-content\/uploads\/2026\/04\/Almaris-Rooftop.jpg\",\"width\":1000,\"height\":667},{\"@type\":\"BreadcrumbList\",\"@id\":\"https:\/\/lapinedaplatja.info\/fr\/item\/hotel-estival-park-2-2\/#breadcrumb\",\"itemListElement\":[{\"@type\":\"ListItem\",\"position\":1,\"name\":\"Portada\",\"item\":\"https:\/\/lapinedaplatja.info\/fr\/\"},{\"@type\":\"ListItem\",\"position\":2,\"name\":\"H\u00f4tels ****\",\"item\":\"https:\/\/lapinedaplatja.info\/fr\/tipus\/hotels-4-fr\/\"},{\"@type\":\"ListItem\",\"position\":3,\"name\":\"H\u00f4tel Estival Park Almaris ****\"}]},{\"@type\":\"WebSite\",\"@id\":\"https:\/\/lapinedaplatja.info\/fr\/#website\",\"url\":\"https:\/\/lapinedaplatja.info\/fr\/\",\"name\":\"La Pineda Platja | Vila-seca\",\"description\":\"Oficina de Turismo de La Pineda.\",\"publisher\":{\"@id\":\"https:\/\/lapinedaplatja.info\/fr\/#organization\"},\"potentialAction\":[{\"@type\":\"SearchAction\",\"target\":{\"@type\":\"EntryPoint\",\"urlTemplate\":\"https:\/\/lapinedaplatja.info\/fr\/?s={search_term_string}\"},\"query-input\":{\"@type\":\"PropertyValueSpecification\",\"valueRequired\":true,\"valueName\":\"search_term_string\"}}],\"inLanguage\":\"fr-FR\"},{\"@type\":\"Organization\",\"@id\":\"https:\/\/lapinedaplatja.info\/fr\/#organization\",\"name\":\"Patronat Municipal de Turisme de Vila-seca\",\"url\":\"https:\/\/lapinedaplatja.info\/fr\/\",\"logo\":{\"@type\":\"ImageObject\",\"inLanguage\":\"fr-FR\",\"@id\":\"https:\/\/lapinedaplatja.info\/fr\/#\/schema\/logo\/image\/\",\"url\":\"https:\/\/lapinedaplatja.info\/wp-content\/uploads\/2018\/10\/cropped-13260099_989491457837088_3488030785405353200_n.jpg\",\"contentUrl\":\"https:\/\/lapinedaplatja.info\/wp-content\/uploads\/2018\/10\/cropped-13260099_989491457837088_3488030785405353200_n.jpg\",\"width\":600,\"height\":600,\"caption\":\"Patronat Municipal de Turisme de Vila-seca\"},\"image\":{\"@id\":\"https:\/\/lapinedaplatja.info\/fr\/#\/schema\/logo\/image\/\"},\"sameAs\":[\"https:\/\/www.facebook.com\/lapinedaplatja\/\",\"https:\/\/x.com\/lapinedaplatja\",\"https:\/\/www.instagram.com\/lapinedaplatja\/\"]}]}<\/script>\n<!-- \/ Yoast SEO plugin. -->","yoast_head_json":{"title":"H\u00f4tel Estival Park Almaris **** | Vila-seca - La Pineda Platja","description":"R.T.N\u00ba: KT-000669 Estival Park Almaris allie la tranquillit\u00e9 du cadre m\u00e9diterran\u00e9en aux services d\u2019un resort, id\u00e9al pour les familles, les couples et les","robots":{"index":"index","follow":"follow","max-snippet":"max-snippet:-1","max-image-preview":"max-image-preview:large","max-video-preview":"max-video-preview:-1"},"canonical":"https:\/\/lapinedaplatja.info\/fr\/item\/hotel-estival-park-2-2\/","og_locale":"fr_FR","og_type":"article","og_title":"H\u00f4tel Estival Park Almaris **** | Vila-seca - La Pineda Platja","og_description":"R.T.N\u00ba: KT-000669 Estival Park Almaris allie la tranquillit\u00e9 du cadre m\u00e9diterran\u00e9en aux services d\u2019un resort, id\u00e9al pour les familles, les couples et les","og_url":"https:\/\/lapinedaplatja.info\/fr\/item\/hotel-estival-park-2-2\/","og_site_name":"Vila-seca - La Pineda Platja","article_publisher":"https:\/\/www.facebook.com\/lapinedaplatja\/","article_modified_time":"2026-04-30T11:18:04+00:00","og_image":[{"width":1000,"height":667,"url":"https:\/\/lapinedaplatja.info\/wp-content\/uploads\/2026\/04\/Almaris-Rooftop.jpg","type":"image\/jpeg"}],"twitter_card":"summary_large_image","twitter_site":"@lapinedaplatja","twitter_misc":{"Dur\u00e9e de lecture estim\u00e9e":"1 minute"},"schema":{"@context":"https:\/\/schema.org","@graph":[{"@type":"WebPage","@id":"https:\/\/lapinedaplatja.info\/fr\/item\/hotel-estival-park-2-2\/","url":"https:\/\/lapinedaplatja.info\/fr\/item\/hotel-estival-park-2-2\/","name":"H\u00f4tel Estival Park Almaris **** | Vila-seca - La Pineda Platja","isPartOf":{"@id":"https:\/\/lapinedaplatja.info\/fr\/#website"},"primaryImageOfPage":{"@id":"https:\/\/lapinedaplatja.info\/fr\/item\/hotel-estival-park-2-2\/#primaryimage"},"image":{"@id":"https:\/\/lapinedaplatja.info\/fr\/item\/hotel-estival-park-2-2\/#primaryimage"},"thumbnailUrl":"https:\/\/lapinedaplatja.info\/wp-content\/uploads\/2026\/04\/Almaris-Rooftop.jpg","datePublished":"2026-04-30T11:18:02+00:00","dateModified":"2026-04-30T11:18:04+00:00","description":"R.T.N\u00ba: KT-000669 Estival Park Almaris allie la tranquillit\u00e9 du cadre m\u00e9diterran\u00e9en aux services d\u2019un resort, id\u00e9al pour les familles, les couples et les","breadcrumb":{"@id":"https:\/\/lapinedaplatja.info\/fr\/item\/hotel-estival-park-2-2\/#breadcrumb"},"inLanguage":"fr-FR","potentialAction":[{"@type":"ReadAction","target":["https:\/\/lapinedaplatja.info\/fr\/item\/hotel-estival-park-2-2\/"]}]},{"@type":"ImageObject","inLanguage":"fr-FR","@id":"https:\/\/lapinedaplatja.info\/fr\/item\/hotel-estival-park-2-2\/#primaryimage","url":"https:\/\/lapinedaplatja.info\/wp-content\/uploads\/2026\/04\/Almaris-Rooftop.jpg","contentUrl":"https:\/\/lapinedaplatja.info\/wp-content\/uploads\/2026\/04\/Almaris-Rooftop.jpg","width":1000,"height":667},{"@type":"BreadcrumbList","@id":"https:\/\/lapinedaplatja.info\/fr\/item\/hotel-estival-park-2-2\/#breadcrumb","itemListElement":[{"@type":"ListItem","position":1,"name":"Portada","item":"https:\/\/lapinedaplatja.info\/fr\/"},{"@type":"ListItem","position":2,"name":"H\u00f4tels ****","item":"https:\/\/lapinedaplatja.info\/fr\/tipus\/hotels-4-fr\/"},{"@type":"ListItem","position":3,"name":"H\u00f4tel Estival Park Almaris ****"}]},{"@type":"WebSite","@id":"https:\/\/lapinedaplatja.info\/fr\/#website","url":"https:\/\/lapinedaplatja.info\/fr\/","name":"La Pineda Platja | Vila-seca","description":"Oficina de Turismo de La Pineda.","publisher":{"@id":"https:\/\/lapinedaplatja.info\/fr\/#organization"},"potentialAction":[{"@type":"SearchAction","target":{"@type":"EntryPoint","urlTemplate":"https:\/\/lapinedaplatja.info\/fr\/?s={search_term_string}"},"query-input":{"@type":"PropertyValueSpecification","valueRequired":true,"valueName":"search_term_string"}}],"inLanguage":"fr-FR"},{"@type":"Organization","@id":"https:\/\/lapinedaplatja.info\/fr\/#organization","name":"Patronat Municipal de Turisme de Vila-seca","url":"https:\/\/lapinedaplatja.info\/fr\/","logo":{"@type":"ImageObject","inLanguage":"fr-FR","@id":"https:\/\/lapinedaplatja.info\/fr\/#\/schema\/logo\/image\/","url":"https:\/\/lapinedaplatja.info\/wp-content\/uploads\/2018\/10\/cropped-13260099_989491457837088_3488030785405353200_n.jpg","contentUrl":"https:\/\/lapinedaplatja.info\/wp-content\/uploads\/2018\/10\/cropped-13260099_989491457837088_3488030785405353200_n.jpg","width":600,"height":600,"caption":"Patronat Municipal de Turisme de Vila-seca"},"image":{"@id":"https:\/\/lapinedaplatja.info\/fr\/#\/schema\/logo\/image\/"},"sameAs":["https:\/\/www.facebook.com\/lapinedaplatja\/","https:\/\/x.com\/lapinedaplatja","https:\/\/www.instagram.com\/lapinedaplatja\/"]}]}},"_links":{"self":[{"href":"https:\/\/lapinedaplatja.info\/fr\/wp-json\/wp\/v2\/portfolio\/37143","targetHints":{"allow":["GET"]}}],"collection":[{"href":"https:\/\/lapinedaplatja.info\/fr\/wp-json\/wp\/v2\/portfolio"}],"about":[{"href":"https:\/\/lapinedaplatja.info\/fr\/wp-json\/wp\/v2\/types\/portfolio"}],"version-history":[{"count":1,"href":"https:\/\/lapinedaplatja.info\/fr\/wp-json\/wp\/v2\/portfolio\/37143\/revisions"}],"predecessor-version":[{"id":37184,"href":"https:\/\/lapinedaplatja.info\/fr\/wp-json\/wp\/v2\/portfolio\/37143\/revisions\/37184"}],"wp:featuredmedia":[{"embeddable":true,"href":"https:\/\/lapinedaplatja.info\/fr\/wp-json\/wp\/v2\/media\/37171"}],"wp:attachment":[{"href":"https:\/\/lapinedaplatja.info\/fr\/wp-json\/wp\/v2\/media?parent=37143"}],"wp:term":[{"taxonomy":"portfolio-types","embeddable":true,"href":"https:\/\/lapinedaplatja.info\/fr\/wp-json\/wp\/v2\/portfolio-types?post=37143"}],"curies":[{"name":"wp","href":"https:\/\/api.w.org\/{rel}","templated":true}]}}

Hôtel Estival Park Almaris ****

<h6>R.T.Nº: KT-000669</h6>
<p><span data-olk-copy-source="MessageBody">Estival Park Almaris allie la tranquillité du cadre méditerranéen aux services d’un resort, idéal pour les familles, les couples et les amis. Il dispose d’un solarium avec deux piscines, dont une avec jeux aquatiques pour enfants, ainsi qu’un rooftop exclusif réservé aux adultes (+18) avec vue sur la mer. Sa situation en bord de mer sur la Costa Daurada en fait un lieu idéal pour se détendre.</span></p>

<!-- This site is optimized with the Yoast SEO plugin v26.6 - https://yoast.com/wordpress/plugins/seo/ -->
<title>Hôtel Estival Park Almaris **** | Vila-seca - La Pineda Platja</title>
<meta name="description" content="R.T.Nº: KT-000669 Estival Park Almaris allie la tranquillité du cadre méditerranéen aux services d’un resort, idéal pour les familles, les couples et les" />
<meta name="robots" content="index, follow, max-snippet:-1, max-image-preview:large, max-video-preview:-1" />
<link rel="canonical" href="https://lapinedaplatja.info/fr/item/hotel-estival-park-2-2/" />
<meta property="og:locale" content="fr_FR" />
<meta property="og:type" content="article" />
<meta property="og:title" content="Hôtel Estival Park Almaris **** | Vila-seca - La Pineda Platja" />
<meta property="og:description" content="R.T.Nº: KT-000669 Estival Park Almaris allie la tranquillité du cadre méditerranéen aux services d’un resort, idéal pour les familles, les couples et les" />
<meta property="og:url" content="https://lapinedaplatja.info/fr/item/hotel-estival-park-2-2/" />
<meta property="og:site_name" content="Vila-seca - La Pineda Platja" />
<meta property="article:publisher" content="https://www.facebook.com/lapinedaplatja/" />
<meta property="article:modified_time" content="2026-04-30T11:18:04+00:00" />
<meta property="og:image" content="https://lapinedaplatja.info/wp-content/uploads/2026/04/Almaris-Rooftop.jpg" />
	<meta property="og:image:width" content="1000" />
	<meta property="og:image:height" content="667" />
	<meta property="og:image:type" content="image/jpeg" />
<meta name="twitter:card" content="summary_large_image" />
<meta name="twitter:site" content="@lapinedaplatja" />
<meta name="twitter:label1" content="Durée de lecture estimée" />
	<meta name="twitter:data1" content="1 minute" />
<script type="application/ld+json" class="yoast-schema-graph">{"@context":"https://schema.org","@graph":[{"@type":"WebPage","@id":"https://lapinedaplatja.info/fr/item/hotel-estival-park-2-2/","url":"https://lapinedaplatja.info/fr/item/hotel-estival-park-2-2/","name":"Hôtel Estival Park Almaris **** | Vila-seca - La Pineda Platja","isPartOf":{"@id":"https://lapinedaplatja.info/fr/#website"},"primaryImageOfPage":{"@id":"https://lapinedaplatja.info/fr/item/hotel-estival-park-2-2/#primaryimage"},"image":{"@id":"https://lapinedaplatja.info/fr/item/hotel-estival-park-2-2/#primaryimage"},"thumbnailUrl":"https://lapinedaplatja.info/wp-content/uploads/2026/04/Almaris-Rooftop.jpg","datePublished":"2026-04-30T11:18:02+00:00","dateModified":"2026-04-30T11:18:04+00:00","description":"R.T.Nº: KT-000669 Estival Park Almaris allie la tranquillité du cadre méditerranéen aux services d’un resort, idéal pour les familles, les couples et les","breadcrumb":{"@id":"https://lapinedaplatja.info/fr/item/hotel-estival-park-2-2/#breadcrumb"},"inLanguage":"fr-FR","potentialAction":[{"@type":"ReadAction","target":["https://lapinedaplatja.info/fr/item/hotel-estival-park-2-2/"]}]},{"@type":"ImageObject","inLanguage":"fr-FR","@id":"https://lapinedaplatja.info/fr/item/hotel-estival-park-2-2/#primaryimage","url":"https://lapinedaplatja.info/wp-content/uploads/2026/04/Almaris-Rooftop.jpg","contentUrl":"https://lapinedaplatja.info/wp-content/uploads/2026/04/Almaris-Rooftop.jpg","width":1000,"height":667},{"@type":"BreadcrumbList","@id":"https://lapinedaplatja.info/fr/item/hotel-estival-park-2-2/#breadcrumb","itemListElement":[{"@type":"ListItem","position":1,"name":"Portada","item":"https://lapinedaplatja.info/fr/"},{"@type":"ListItem","position":2,"name":"Hôtels ****","item":"https://lapinedaplatja.info/fr/tipus/hotels-4-fr/"},{"@type":"ListItem","position":3,"name":"Hôtel Estival Park Almaris ****"}]},{"@type":"WebSite","@id":"https://lapinedaplatja.info/fr/#website","url":"https://lapinedaplatja.info/fr/","name":"La Pineda Platja | Vila-seca","description":"Oficina de Turismo de La Pineda.","publisher":{"@id":"https://lapinedaplatja.info/fr/#organization"},"potentialAction":[{"@type":"SearchAction","target":{"@type":"EntryPoint","urlTemplate":"https://lapinedaplatja.info/fr/?s={search_term_string}"},"query-input":{"@type":"PropertyValueSpecification","valueRequired":true,"valueName":"search_term_string"}}],"inLanguage":"fr-FR"},{"@type":"Organization","@id":"https://lapinedaplatja.info/fr/#organization","name":"Patronat Municipal de Turisme de Vila-seca","url":"https://lapinedaplatja.info/fr/","logo":{"@type":"ImageObject","inLanguage":"fr-FR","@id":"https://lapinedaplatja.info/fr/#/schema/logo/image/","url":"https://lapinedaplatja.info/wp-content/uploads/2018/10/cropped-13260099_989491457837088_3488030785405353200_n.jpg","contentUrl":"https://lapinedaplatja.info/wp-content/uploads/2018/10/cropped-13260099_989491457837088_3488030785405353200_n.jpg","width":600,"height":600,"caption":"Patronat Municipal de Turisme de Vila-seca"},"image":{"@id":"https://lapinedaplatja.info/fr/#/schema/logo/image/"},"sameAs":["https://www.facebook.com/lapinedaplatja/","https://x.com/lapinedaplatja","https://www.instagram.com/lapinedaplatja/"]}]}</script>
<!-- / Yoast SEO plugin. -->

Hôtel Estival Park Almaris **** | Vila-seca - La Pineda Platja

R.T.Nº: KT-000669 Estival Park Almaris allie la tranquillité du cadre méditerranéen aux services d’un resort, idéal pour les familles, les couples et les

Hôtels ****
