{"id":9442,"date":"2018-12-01T18:27:21","date_gmt":"2018-12-01T18:27:21","guid":{"rendered":"http:\/\/lapinedaplatja.info\/item\/creu-de-la-beguda\/"},"modified":"2025-09-09T11:44:15","modified_gmt":"2025-09-09T09:44:15","slug":"creu-de-la-beguda","status":"publish","type":"portfolio","link":"https:\/\/lapinedaplatja.info\/fr\/item\/creu-de-la-beguda\/","title":{"rendered":"Creu de la Beguda"},"content":{"rendered":"<p>De nombreuses communes conservent encore des croix \u00e0 l\u2019entr\u00e9e de leurs terres qui, \u00e0 l\u2019origine, servaient \u00e0 marquer les diff\u00e9rents territoires dont elles faisaient partie. Dans le cas de Vila-seca, sa structure \u00e9tait semblable \u00e0 celle des peuplements m\u00e9di\u00e9vaux et \u00e9tait form\u00e9e de diff\u00e9rentes communes ind\u00e9pendantes mais tr\u00e8s li\u00e9es entre elles.<\/p>\n<p>Les territoires de Salou, Vila-seca del Com\u00fa et Vila-seca de Solcina \u00e9taient d\u00e9limit\u00e9s par la Creu de la Beguda, la plus c\u00e9l\u00e8bre croix de Vila-seca, aujourd\u2019hui situ\u00e9e au Raval de la Mar. La Creu de la Beguda est le dernier vestige des croix communales et autres indicateurs qui signalaient les chemins.<\/p>\n<p>Les premi\u00e8res r\u00e9f\u00e9rences d\u00e9couvertes de la Creu de la Beguda figurent dans des documents datant du XVI<sup>\u00e8me<\/sup> si\u00e8cle, on lui attribue cependant des origines m\u00e9di\u00e9vales. La Creu de la Beguda, en pierre taill\u00e9e, a \u00e9t\u00e9 d\u00e9truite pendant la Guerre Civile espagnole (1936-1939). En plus de son pi\u00e9destal, il existait une huiti\u00e8me colonne et une petite croix en fer. Seul le pi\u00e9destal en pierre a \u00e9t\u00e9 sauv\u00e9, sur lequel a \u00e9t\u00e9 plac\u00e9e une croix en fer forg\u00e9 r\u00e9alis\u00e9e par le sculpteur originaire de Vila-seca Antoni Mas (p\u00e8re), qui est celle conserv\u00e9e de nos jours.<\/p>\n<p>La Creu de la Beguda est l\u2019un des \u00e9l\u00e9ments du circuit permettant de d\u00e9couvrir la vieille ville de Vila-seca \u00e0 travers des monuments patrimoniaux qui affichent un <a href=\"https:\/\/lapinedaplatja.info\/fr\/item\/ruta-qr\/\" data-wplink-edit=\"true\">code QR<\/a>.<\/p>\n","protected":false},"featured_media":32430,"template":"","meta":{"_acf_changed":false},"portfolio-types":[165],"class_list":["post-9442","portfolio","type-portfolio","status-publish","has-post-thumbnail","hentry","portfolio-types-patrimoni-fr"],"acf":[],"yoast_head":"<!-- This site is optimized with the Yoast SEO plugin v26.6 - https:\/\/yoast.com\/wordpress\/plugins\/seo\/ -->\n<title>Creu de la Beguda | Vila-seca - La Pineda Platja<\/title>\n<meta name=\"description\" content=\"De nombreuses communes conservent encore des croix \u00e0 l\u2019entr\u00e9e de leurs terres qui, \u00e0 l\u2019origine, servaient \u00e0 marquer les diff\u00e9rents territoires dont elles\" \/>\n<meta name=\"robots\" content=\"index, follow, max-snippet:-1, max-image-preview:large, max-video-preview:-1\" \/>\n<link rel=\"canonical\" href=\"https:\/\/lapinedaplatja.info\/fr\/item\/creu-de-la-beguda\/\" \/>\n<meta property=\"og:locale\" content=\"fr_FR\" \/>\n<meta property=\"og:type\" content=\"article\" \/>\n<meta property=\"og:title\" content=\"Creu de la Beguda | Vila-seca - La Pineda Platja\" \/>\n<meta property=\"og:description\" content=\"De nombreuses communes conservent encore des croix \u00e0 l\u2019entr\u00e9e de leurs terres qui, \u00e0 l\u2019origine, servaient \u00e0 marquer les diff\u00e9rents territoires dont elles\" \/>\n<meta property=\"og:url\" content=\"https:\/\/lapinedaplatja.info\/fr\/item\/creu-de-la-beguda\/\" \/>\n<meta property=\"og:site_name\" content=\"Vila-seca - La Pineda Platja\" \/>\n<meta property=\"article:publisher\" content=\"https:\/\/www.facebook.com\/lapinedaplatja\/\" \/>\n<meta property=\"article:modified_time\" content=\"2025-09-09T09:44:15+00:00\" \/>\n<meta property=\"og:image\" content=\"https:\/\/lapinedaplatja.info\/wp-content\/uploads\/2018\/12\/centre-historic-105-768x512.png\" \/>\n\t<meta property=\"og:image:width\" content=\"768\" \/>\n\t<meta property=\"og:image:height\" content=\"512\" \/>\n\t<meta property=\"og:image:type\" content=\"image\/png\" \/>\n<meta name=\"twitter:card\" content=\"summary_large_image\" \/>\n<meta name=\"twitter:site\" content=\"@lapinedaplatja\" \/>\n<meta name=\"twitter:label1\" content=\"Dur\u00e9e de lecture estim\u00e9e\" \/>\n\t<meta name=\"twitter:data1\" content=\"2 minutes\" \/>\n<script type=\"application\/ld+json\" class=\"yoast-schema-graph\">{\"@context\":\"https:\/\/schema.org\",\"@graph\":[{\"@type\":\"WebPage\",\"@id\":\"https:\/\/lapinedaplatja.info\/fr\/item\/creu-de-la-beguda\/\",\"url\":\"https:\/\/lapinedaplatja.info\/fr\/item\/creu-de-la-beguda\/\",\"name\":\"Creu de la Beguda | Vila-seca - La Pineda Platja\",\"isPartOf\":{\"@id\":\"https:\/\/lapinedaplatja.info\/fr\/#website\"},\"primaryImageOfPage\":{\"@id\":\"https:\/\/lapinedaplatja.info\/fr\/item\/creu-de-la-beguda\/#primaryimage\"},\"image\":{\"@id\":\"https:\/\/lapinedaplatja.info\/fr\/item\/creu-de-la-beguda\/#primaryimage\"},\"thumbnailUrl\":\"https:\/\/lapinedaplatja.info\/wp-content\/uploads\/2018\/12\/centre-historic-105.png\",\"datePublished\":\"2018-12-01T18:27:21+00:00\",\"dateModified\":\"2025-09-09T09:44:15+00:00\",\"description\":\"De nombreuses communes conservent encore des croix \u00e0 l\u2019entr\u00e9e de leurs terres qui, \u00e0 l\u2019origine, servaient \u00e0 marquer les diff\u00e9rents territoires dont elles\",\"breadcrumb\":{\"@id\":\"https:\/\/lapinedaplatja.info\/fr\/item\/creu-de-la-beguda\/#breadcrumb\"},\"inLanguage\":\"fr-FR\",\"potentialAction\":[{\"@type\":\"ReadAction\",\"target\":[\"https:\/\/lapinedaplatja.info\/fr\/item\/creu-de-la-beguda\/\"]}]},{\"@type\":\"ImageObject\",\"inLanguage\":\"fr-FR\",\"@id\":\"https:\/\/lapinedaplatja.info\/fr\/item\/creu-de-la-beguda\/#primaryimage\",\"url\":\"https:\/\/lapinedaplatja.info\/wp-content\/uploads\/2018\/12\/centre-historic-105.png\",\"contentUrl\":\"https:\/\/lapinedaplatja.info\/wp-content\/uploads\/2018\/12\/centre-historic-105.png\",\"width\":6133,\"height\":4089},{\"@type\":\"BreadcrumbList\",\"@id\":\"https:\/\/lapinedaplatja.info\/fr\/item\/creu-de-la-beguda\/#breadcrumb\",\"itemListElement\":[{\"@type\":\"ListItem\",\"position\":1,\"name\":\"Portada\",\"item\":\"https:\/\/lapinedaplatja.info\/fr\/\"},{\"@type\":\"ListItem\",\"position\":2,\"name\":\"Patrimoine\",\"item\":\"https:\/\/lapinedaplatja.info\/fr\/tipus\/patrimoni-fr\/\"},{\"@type\":\"ListItem\",\"position\":3,\"name\":\"Creu de la Beguda\"}]},{\"@type\":\"WebSite\",\"@id\":\"https:\/\/lapinedaplatja.info\/fr\/#website\",\"url\":\"https:\/\/lapinedaplatja.info\/fr\/\",\"name\":\"La Pineda Platja | Vila-seca\",\"description\":\"Oficina de Turismo de La Pineda.\",\"publisher\":{\"@id\":\"https:\/\/lapinedaplatja.info\/fr\/#organization\"},\"potentialAction\":[{\"@type\":\"SearchAction\",\"target\":{\"@type\":\"EntryPoint\",\"urlTemplate\":\"https:\/\/lapinedaplatja.info\/fr\/?s={search_term_string}\"},\"query-input\":{\"@type\":\"PropertyValueSpecification\",\"valueRequired\":true,\"valueName\":\"search_term_string\"}}],\"inLanguage\":\"fr-FR\"},{\"@type\":\"Organization\",\"@id\":\"https:\/\/lapinedaplatja.info\/fr\/#organization\",\"name\":\"Patronat Municipal de Turisme de Vila-seca\",\"url\":\"https:\/\/lapinedaplatja.info\/fr\/\",\"logo\":{\"@type\":\"ImageObject\",\"inLanguage\":\"fr-FR\",\"@id\":\"https:\/\/lapinedaplatja.info\/fr\/#\/schema\/logo\/image\/\",\"url\":\"https:\/\/lapinedaplatja.info\/wp-content\/uploads\/2018\/10\/cropped-13260099_989491457837088_3488030785405353200_n.jpg\",\"contentUrl\":\"https:\/\/lapinedaplatja.info\/wp-content\/uploads\/2018\/10\/cropped-13260099_989491457837088_3488030785405353200_n.jpg\",\"width\":600,\"height\":600,\"caption\":\"Patronat Municipal de Turisme de Vila-seca\"},\"image\":{\"@id\":\"https:\/\/lapinedaplatja.info\/fr\/#\/schema\/logo\/image\/\"},\"sameAs\":[\"https:\/\/www.facebook.com\/lapinedaplatja\/\",\"https:\/\/x.com\/lapinedaplatja\",\"https:\/\/www.instagram.com\/lapinedaplatja\/\"]}]}<\/script>\n<!-- \/ Yoast SEO plugin. -->","yoast_head_json":{"title":"Creu de la Beguda | Vila-seca - La Pineda Platja","description":"De nombreuses communes conservent encore des croix \u00e0 l\u2019entr\u00e9e de leurs terres qui, \u00e0 l\u2019origine, servaient \u00e0 marquer les diff\u00e9rents territoires dont elles","robots":{"index":"index","follow":"follow","max-snippet":"max-snippet:-1","max-image-preview":"max-image-preview:large","max-video-preview":"max-video-preview:-1"},"canonical":"https:\/\/lapinedaplatja.info\/fr\/item\/creu-de-la-beguda\/","og_locale":"fr_FR","og_type":"article","og_title":"Creu de la Beguda | Vila-seca - La Pineda Platja","og_description":"De nombreuses communes conservent encore des croix \u00e0 l\u2019entr\u00e9e de leurs terres qui, \u00e0 l\u2019origine, servaient \u00e0 marquer les diff\u00e9rents territoires dont elles","og_url":"https:\/\/lapinedaplatja.info\/fr\/item\/creu-de-la-beguda\/","og_site_name":"Vila-seca - La Pineda Platja","article_publisher":"https:\/\/www.facebook.com\/lapinedaplatja\/","article_modified_time":"2025-09-09T09:44:15+00:00","og_image":[{"width":768,"height":512,"url":"https:\/\/lapinedaplatja.info\/wp-content\/uploads\/2018\/12\/centre-historic-105-768x512.png","type":"image\/png"}],"twitter_card":"summary_large_image","twitter_site":"@lapinedaplatja","twitter_misc":{"Dur\u00e9e de lecture estim\u00e9e":"2 minutes"},"schema":{"@context":"https:\/\/schema.org","@graph":[{"@type":"WebPage","@id":"https:\/\/lapinedaplatja.info\/fr\/item\/creu-de-la-beguda\/","url":"https:\/\/lapinedaplatja.info\/fr\/item\/creu-de-la-beguda\/","name":"Creu de la Beguda | Vila-seca - La Pineda Platja","isPartOf":{"@id":"https:\/\/lapinedaplatja.info\/fr\/#website"},"primaryImageOfPage":{"@id":"https:\/\/lapinedaplatja.info\/fr\/item\/creu-de-la-beguda\/#primaryimage"},"image":{"@id":"https:\/\/lapinedaplatja.info\/fr\/item\/creu-de-la-beguda\/#primaryimage"},"thumbnailUrl":"https:\/\/lapinedaplatja.info\/wp-content\/uploads\/2018\/12\/centre-historic-105.png","datePublished":"2018-12-01T18:27:21+00:00","dateModified":"2025-09-09T09:44:15+00:00","description":"De nombreuses communes conservent encore des croix \u00e0 l\u2019entr\u00e9e de leurs terres qui, \u00e0 l\u2019origine, servaient \u00e0 marquer les diff\u00e9rents territoires dont elles","breadcrumb":{"@id":"https:\/\/lapinedaplatja.info\/fr\/item\/creu-de-la-beguda\/#breadcrumb"},"inLanguage":"fr-FR","potentialAction":[{"@type":"ReadAction","target":["https:\/\/lapinedaplatja.info\/fr\/item\/creu-de-la-beguda\/"]}]},{"@type":"ImageObject","inLanguage":"fr-FR","@id":"https:\/\/lapinedaplatja.info\/fr\/item\/creu-de-la-beguda\/#primaryimage","url":"https:\/\/lapinedaplatja.info\/wp-content\/uploads\/2018\/12\/centre-historic-105.png","contentUrl":"https:\/\/lapinedaplatja.info\/wp-content\/uploads\/2018\/12\/centre-historic-105.png","width":6133,"height":4089},{"@type":"BreadcrumbList","@id":"https:\/\/lapinedaplatja.info\/fr\/item\/creu-de-la-beguda\/#breadcrumb","itemListElement":[{"@type":"ListItem","position":1,"name":"Portada","item":"https:\/\/lapinedaplatja.info\/fr\/"},{"@type":"ListItem","position":2,"name":"Patrimoine","item":"https:\/\/lapinedaplatja.info\/fr\/tipus\/patrimoni-fr\/"},{"@type":"ListItem","position":3,"name":"Creu de la Beguda"}]},{"@type":"WebSite","@id":"https:\/\/lapinedaplatja.info\/fr\/#website","url":"https:\/\/lapinedaplatja.info\/fr\/","name":"La Pineda Platja | Vila-seca","description":"Oficina de Turismo de La Pineda.","publisher":{"@id":"https:\/\/lapinedaplatja.info\/fr\/#organization"},"potentialAction":[{"@type":"SearchAction","target":{"@type":"EntryPoint","urlTemplate":"https:\/\/lapinedaplatja.info\/fr\/?s={search_term_string}"},"query-input":{"@type":"PropertyValueSpecification","valueRequired":true,"valueName":"search_term_string"}}],"inLanguage":"fr-FR"},{"@type":"Organization","@id":"https:\/\/lapinedaplatja.info\/fr\/#organization","name":"Patronat Municipal de Turisme de Vila-seca","url":"https:\/\/lapinedaplatja.info\/fr\/","logo":{"@type":"ImageObject","inLanguage":"fr-FR","@id":"https:\/\/lapinedaplatja.info\/fr\/#\/schema\/logo\/image\/","url":"https:\/\/lapinedaplatja.info\/wp-content\/uploads\/2018\/10\/cropped-13260099_989491457837088_3488030785405353200_n.jpg","contentUrl":"https:\/\/lapinedaplatja.info\/wp-content\/uploads\/2018\/10\/cropped-13260099_989491457837088_3488030785405353200_n.jpg","width":600,"height":600,"caption":"Patronat Municipal de Turisme de Vila-seca"},"image":{"@id":"https:\/\/lapinedaplatja.info\/fr\/#\/schema\/logo\/image\/"},"sameAs":["https:\/\/www.facebook.com\/lapinedaplatja\/","https:\/\/x.com\/lapinedaplatja","https:\/\/www.instagram.com\/lapinedaplatja\/"]}]}},"_links":{"self":[{"href":"https:\/\/lapinedaplatja.info\/fr\/wp-json\/wp\/v2\/portfolio\/9442","targetHints":{"allow":["GET"]}}],"collection":[{"href":"https:\/\/lapinedaplatja.info\/fr\/wp-json\/wp\/v2\/portfolio"}],"about":[{"href":"https:\/\/lapinedaplatja.info\/fr\/wp-json\/wp\/v2\/types\/portfolio"}],"version-history":[{"count":0,"href":"https:\/\/lapinedaplatja.info\/fr\/wp-json\/wp\/v2\/portfolio\/9442\/revisions"}],"wp:featuredmedia":[{"embeddable":true,"href":"https:\/\/lapinedaplatja.info\/fr\/wp-json\/wp\/v2\/media\/32430"}],"wp:attachment":[{"href":"https:\/\/lapinedaplatja.info\/fr\/wp-json\/wp\/v2\/media?parent=9442"}],"wp:term":[{"taxonomy":"portfolio-types","embeddable":true,"href":"https:\/\/lapinedaplatja.info\/fr\/wp-json\/wp\/v2\/portfolio-types?post=9442"}],"curies":[{"name":"wp","href":"https:\/\/api.w.org\/{rel}","templated":true}]}}

<p>De nombreuses communes conservent encore des croix à l’entrée de leurs terres qui, à l’origine, servaient à marquer les différents territoires dont elles faisaient partie. Dans le cas de Vila-seca, sa structure était semblable à celle des peuplements médiévaux et était formée de différentes communes indépendantes mais très liées entre elles.</p>
<p>Les territoires de Salou, Vila-seca del Comú et Vila-seca de Solcina étaient délimités par la Creu de la Beguda, la plus célèbre croix de Vila-seca, aujourd’hui située au Raval de la Mar. La Creu de la Beguda est le dernier vestige des croix communales et autres indicateurs qui signalaient les chemins.</p>
<p>Les premières références découvertes de la Creu de la Beguda figurent dans des documents datant du XVI<sup>ème</sup> siècle, on lui attribue cependant des origines médiévales. La Creu de la Beguda, en pierre taillée, a été détruite pendant la Guerre Civile espagnole (1936-1939). En plus de son piédestal, il existait une huitième colonne et une petite croix en fer. Seul le piédestal en pierre a été sauvé, sur lequel a été placée une croix en fer forgé réalisée par le sculpteur originaire de Vila-seca Antoni Mas (père), qui est celle conservée de nos jours.</p>
<p>La Creu de la Beguda est l’un des éléments du circuit permettant de découvrir la vieille ville de Vila-seca à travers des monuments patrimoniaux qui affichent un <a href="https://lapinedaplatja.info/fr/item/ruta-qr/" data-wplink-edit="true">code QR</a>.</p>

<!-- This site is optimized with the Yoast SEO plugin v26.6 - https://yoast.com/wordpress/plugins/seo/ -->
<title>Creu de la Beguda | Vila-seca - La Pineda Platja</title>
<meta name="description" content="De nombreuses communes conservent encore des croix à l’entrée de leurs terres qui, à l’origine, servaient à marquer les différents territoires dont elles" />
<meta name="robots" content="index, follow, max-snippet:-1, max-image-preview:large, max-video-preview:-1" />
<link rel="canonical" href="https://lapinedaplatja.info/fr/item/creu-de-la-beguda/" />
<meta property="og:locale" content="fr_FR" />
<meta property="og:type" content="article" />
<meta property="og:title" content="Creu de la Beguda | Vila-seca - La Pineda Platja" />
<meta property="og:description" content="De nombreuses communes conservent encore des croix à l’entrée de leurs terres qui, à l’origine, servaient à marquer les différents territoires dont elles" />
<meta property="og:url" content="https://lapinedaplatja.info/fr/item/creu-de-la-beguda/" />
<meta property="og:site_name" content="Vila-seca - La Pineda Platja" />
<meta property="article:publisher" content="https://www.facebook.com/lapinedaplatja/" />
<meta property="article:modified_time" content="2025-09-09T09:44:15+00:00" />
<meta property="og:image" content="https://lapinedaplatja.info/wp-content/uploads/2018/12/centre-historic-105-768x512.png" />
	<meta property="og:image:width" content="768" />
	<meta property="og:image:height" content="512" />
	<meta property="og:image:type" content="image/png" />
<meta name="twitter:card" content="summary_large_image" />
<meta name="twitter:site" content="@lapinedaplatja" />
<meta name="twitter:label1" content="Durée de lecture estimée" />
	<meta name="twitter:data1" content="2 minutes" />
<script type="application/ld+json" class="yoast-schema-graph">{"@context":"https://schema.org","@graph":[{"@type":"WebPage","@id":"https://lapinedaplatja.info/fr/item/creu-de-la-beguda/","url":"https://lapinedaplatja.info/fr/item/creu-de-la-beguda/","name":"Creu de la Beguda | Vila-seca - La Pineda Platja","isPartOf":{"@id":"https://lapinedaplatja.info/fr/#website"},"primaryImageOfPage":{"@id":"https://lapinedaplatja.info/fr/item/creu-de-la-beguda/#primaryimage"},"image":{"@id":"https://lapinedaplatja.info/fr/item/creu-de-la-beguda/#primaryimage"},"thumbnailUrl":"https://lapinedaplatja.info/wp-content/uploads/2018/12/centre-historic-105.png","datePublished":"2018-12-01T18:27:21+00:00","dateModified":"2025-09-09T09:44:15+00:00","description":"De nombreuses communes conservent encore des croix à l’entrée de leurs terres qui, à l’origine, servaient à marquer les différents territoires dont elles","breadcrumb":{"@id":"https://lapinedaplatja.info/fr/item/creu-de-la-beguda/#breadcrumb"},"inLanguage":"fr-FR","potentialAction":[{"@type":"ReadAction","target":["https://lapinedaplatja.info/fr/item/creu-de-la-beguda/"]}]},{"@type":"ImageObject","inLanguage":"fr-FR","@id":"https://lapinedaplatja.info/fr/item/creu-de-la-beguda/#primaryimage","url":"https://lapinedaplatja.info/wp-content/uploads/2018/12/centre-historic-105.png","contentUrl":"https://lapinedaplatja.info/wp-content/uploads/2018/12/centre-historic-105.png","width":6133,"height":4089},{"@type":"BreadcrumbList","@id":"https://lapinedaplatja.info/fr/item/creu-de-la-beguda/#breadcrumb","itemListElement":[{"@type":"ListItem","position":1,"name":"Portada","item":"https://lapinedaplatja.info/fr/"},{"@type":"ListItem","position":2,"name":"Patrimoine","item":"https://lapinedaplatja.info/fr/tipus/patrimoni-fr/"},{"@type":"ListItem","position":3,"name":"Creu de la Beguda"}]},{"@type":"WebSite","@id":"https://lapinedaplatja.info/fr/#website","url":"https://lapinedaplatja.info/fr/","name":"La Pineda Platja | Vila-seca","description":"Oficina de Turismo de La Pineda.","publisher":{"@id":"https://lapinedaplatja.info/fr/#organization"},"potentialAction":[{"@type":"SearchAction","target":{"@type":"EntryPoint","urlTemplate":"https://lapinedaplatja.info/fr/?s={search_term_string}"},"query-input":{"@type":"PropertyValueSpecification","valueRequired":true,"valueName":"search_term_string"}}],"inLanguage":"fr-FR"},{"@type":"Organization","@id":"https://lapinedaplatja.info/fr/#organization","name":"Patronat Municipal de Turisme de Vila-seca","url":"https://lapinedaplatja.info/fr/","logo":{"@type":"ImageObject","inLanguage":"fr-FR","@id":"https://lapinedaplatja.info/fr/#/schema/logo/image/","url":"https://lapinedaplatja.info/wp-content/uploads/2018/10/cropped-13260099_989491457837088_3488030785405353200_n.jpg","contentUrl":"https://lapinedaplatja.info/wp-content/uploads/2018/10/cropped-13260099_989491457837088_3488030785405353200_n.jpg","width":600,"height":600,"caption":"Patronat Municipal de Turisme de Vila-seca"},"image":{"@id":"https://lapinedaplatja.info/fr/#/schema/logo/image/"},"sameAs":["https://www.facebook.com/lapinedaplatja/","https://x.com/lapinedaplatja","https://www.instagram.com/lapinedaplatja/"]}]}</script>
<!-- / Yoast SEO plugin. -->

De nombreuses communes conservent encore des croix à l’entrée de leurs terres qui, à l’origine, servaient à marquer les différents territoires dont elles
