{"id":9459,"date":"2019-03-21T10:00:50","date_gmt":"2019-03-21T10:00:50","guid":{"rendered":"http:\/\/lapinedaplatja.info\/item\/vilaflorida\/"},"modified":"2023-08-16T10:20:04","modified_gmt":"2023-08-16T08:20:04","slug":"vilaflorida","status":"publish","type":"portfolio","link":"https:\/\/lapinedaplatja.info\/fr\/item\/vilaflorida\/","title":{"rendered":"Vila-seca, ville fleurie"},"content":{"rendered":"<p>Vila-seca a pris part au mouvement Viles Florides depuis 2014. Il s\u2019agit d\u2019un projet promu par la Conf\u00e9d\u00e9ration d\u2019Horticulture Ornementale de Catalogne (CHOC) qui couvre les villages et les villes de Catalogne qui travaillent sur l\u2019am\u00e9lioration de leurs espaces verts urbains.<\/p>\n<p>Vila-seca est l\u2019une des rares communes \u00e0 poss\u00e9der quatre fleurs d\u2019honneur. Cette distinction est la reconnaissance du pari de la commune sur la r\u00e9cup\u00e9ration de grands espaces verts, comme le Parc de la Torre d\u2019en Dol\u00e7a\u00a0; la zone du littoral avec le Parc del Pinar de Perruquet ou encore la S\u00e9quia Major. Au total, plus de 100\u00a0hectares d\u2019espaces verts sont maintenus en accord avec les crit\u00e8res de durabilit\u00e9 et l\u2019implication d\u2019\u00e9coles et d\u2019institutions de la commune.<\/p>\n<p>Le concours valorise \u00e9galement le soin apport\u00e9 aux espaces urbains comme les ronds-points, les jardini\u00e8res et le traitement de la jardinerie dans les zones industrielles ainsi que la campagne \u00ab\u00a0Flors pel Centre\u00a0\u00bb (<em>Des fleurs pour le centre-ville<\/em>) encourag\u00e9 par la Mairie au cours des derni\u00e8res ann\u00e9es.<\/p>\n<p>Au cours du gala d\u2019honneur de 2022 qui a eu lieu \u00e0 Tarragone, le jury des Viles Florides a conc\u00e9d\u00e9 \u00e0 Vila-seca le prix de la Fleur d\u2019Or Pere Cabot pour son parcours, sa diversit\u00e9, sa qualit\u00e9, son degr\u00e9 d\u2019adaptation, son activit\u00e9 intense d\u2019\u00e9ducation environnementale et son excellente gestion de l\u2019eau et des syst\u00e8mes d\u2019irrigation.<\/p>\n<p>Au-del\u00e0 de la promotion de la cr\u00e9ation d\u2019espaces verts agr\u00e9ables pour le visiteur, le mouvement travaille sur l\u2019am\u00e9lioration de la qualit\u00e9 de vie des personnes, la sensibilisation sociale en mati\u00e8re de durabilit\u00e9 et le d\u00e9veloppement du commerce local gr\u00e2ce \u00e0 la qualit\u00e9 des espaces publics et le charme des parcs et jardins urbains.<\/p>\n","protected":false},"featured_media":14185,"template":"","meta":{"_acf_changed":false},"portfolio-types":[36],"class_list":["post-9459","portfolio","type-portfolio","status-publish","has-post-thumbnail","hentry","portfolio-types-espais-verds-fr"],"acf":[],"yoast_head":"<!-- This site is optimized with the Yoast SEO plugin v26.6 - https:\/\/yoast.com\/wordpress\/plugins\/seo\/ -->\n<title>Vila-seca, ville fleurie | Vila-seca - La Pineda Platja<\/title>\n<meta name=\"description\" content=\"Vila-seca a pris part au mouvement Viles Florides depuis 2014. Il s\u2019agit d\u2019un projet promu par la Conf\u00e9d\u00e9ration d\u2019Horticulture Ornementale de Catalogne\" \/>\n<meta name=\"robots\" content=\"index, follow, max-snippet:-1, max-image-preview:large, max-video-preview:-1\" \/>\n<link rel=\"canonical\" href=\"https:\/\/lapinedaplatja.info\/fr\/item\/vilaflorida\/\" \/>\n<meta property=\"og:locale\" content=\"fr_FR\" \/>\n<meta property=\"og:type\" content=\"article\" \/>\n<meta property=\"og:title\" content=\"Vila-seca, ville fleurie | Vila-seca - La Pineda Platja\" \/>\n<meta property=\"og:description\" content=\"Vila-seca a pris part au mouvement Viles Florides depuis 2014. Il s\u2019agit d\u2019un projet promu par la Conf\u00e9d\u00e9ration d\u2019Horticulture Ornementale de Catalogne\" \/>\n<meta property=\"og:url\" content=\"https:\/\/lapinedaplatja.info\/fr\/item\/vilaflorida\/\" \/>\n<meta property=\"og:site_name\" content=\"Vila-seca - La Pineda Platja\" \/>\n<meta property=\"article:publisher\" content=\"https:\/\/www.facebook.com\/lapinedaplatja\/\" \/>\n<meta property=\"article:modified_time\" content=\"2023-08-16T08:20:04+00:00\" \/>\n<meta property=\"og:image\" content=\"https:\/\/lapinedaplatja.info\/wp-content\/uploads\/2019\/03\/2020_01_item_vilaflorida.jpg\" \/>\n\t<meta property=\"og:image:width\" content=\"1440\" \/>\n\t<meta property=\"og:image:height\" content=\"550\" \/>\n\t<meta property=\"og:image:type\" content=\"image\/jpeg\" \/>\n<meta name=\"twitter:card\" content=\"summary_large_image\" \/>\n<meta name=\"twitter:site\" content=\"@lapinedaplatja\" \/>\n<meta name=\"twitter:label1\" content=\"Dur\u00e9e de lecture estim\u00e9e\" \/>\n\t<meta name=\"twitter:data1\" content=\"2 minutes\" \/>\n<script type=\"application\/ld+json\" class=\"yoast-schema-graph\">{\"@context\":\"https:\/\/schema.org\",\"@graph\":[{\"@type\":\"WebPage\",\"@id\":\"https:\/\/lapinedaplatja.info\/fr\/item\/vilaflorida\/\",\"url\":\"https:\/\/lapinedaplatja.info\/fr\/item\/vilaflorida\/\",\"name\":\"Vila-seca, ville fleurie | Vila-seca - La Pineda Platja\",\"isPartOf\":{\"@id\":\"https:\/\/lapinedaplatja.info\/fr\/#website\"},\"primaryImageOfPage\":{\"@id\":\"https:\/\/lapinedaplatja.info\/fr\/item\/vilaflorida\/#primaryimage\"},\"image\":{\"@id\":\"https:\/\/lapinedaplatja.info\/fr\/item\/vilaflorida\/#primaryimage\"},\"thumbnailUrl\":\"https:\/\/lapinedaplatja.info\/wp-content\/uploads\/2019\/03\/2020_01_item_vilaflorida.jpg\",\"datePublished\":\"2019-03-21T10:00:50+00:00\",\"dateModified\":\"2023-08-16T08:20:04+00:00\",\"description\":\"Vila-seca a pris part au mouvement Viles Florides depuis 2014. Il s\u2019agit d\u2019un projet promu par la Conf\u00e9d\u00e9ration d\u2019Horticulture Ornementale de Catalogne\",\"breadcrumb\":{\"@id\":\"https:\/\/lapinedaplatja.info\/fr\/item\/vilaflorida\/#breadcrumb\"},\"inLanguage\":\"fr-FR\",\"potentialAction\":[{\"@type\":\"ReadAction\",\"target\":[\"https:\/\/lapinedaplatja.info\/fr\/item\/vilaflorida\/\"]}]},{\"@type\":\"ImageObject\",\"inLanguage\":\"fr-FR\",\"@id\":\"https:\/\/lapinedaplatja.info\/fr\/item\/vilaflorida\/#primaryimage\",\"url\":\"https:\/\/lapinedaplatja.info\/wp-content\/uploads\/2019\/03\/2020_01_item_vilaflorida.jpg\",\"contentUrl\":\"https:\/\/lapinedaplatja.info\/wp-content\/uploads\/2019\/03\/2020_01_item_vilaflorida.jpg\",\"width\":1440,\"height\":550},{\"@type\":\"BreadcrumbList\",\"@id\":\"https:\/\/lapinedaplatja.info\/fr\/item\/vilaflorida\/#breadcrumb\",\"itemListElement\":[{\"@type\":\"ListItem\",\"position\":1,\"name\":\"Portada\",\"item\":\"https:\/\/lapinedaplatja.info\/fr\/\"},{\"@type\":\"ListItem\",\"position\":2,\"name\":\"Espaces verts\",\"item\":\"https:\/\/lapinedaplatja.info\/fr\/tipus\/espais-verds-fr\/\"},{\"@type\":\"ListItem\",\"position\":3,\"name\":\"Vila-seca, ville fleurie\"}]},{\"@type\":\"WebSite\",\"@id\":\"https:\/\/lapinedaplatja.info\/fr\/#website\",\"url\":\"https:\/\/lapinedaplatja.info\/fr\/\",\"name\":\"La Pineda Platja | Vila-seca\",\"description\":\"Oficina de Turismo de La Pineda.\",\"publisher\":{\"@id\":\"https:\/\/lapinedaplatja.info\/fr\/#organization\"},\"potentialAction\":[{\"@type\":\"SearchAction\",\"target\":{\"@type\":\"EntryPoint\",\"urlTemplate\":\"https:\/\/lapinedaplatja.info\/fr\/?s={search_term_string}\"},\"query-input\":{\"@type\":\"PropertyValueSpecification\",\"valueRequired\":true,\"valueName\":\"search_term_string\"}}],\"inLanguage\":\"fr-FR\"},{\"@type\":\"Organization\",\"@id\":\"https:\/\/lapinedaplatja.info\/fr\/#organization\",\"name\":\"Patronat Municipal de Turisme de Vila-seca\",\"url\":\"https:\/\/lapinedaplatja.info\/fr\/\",\"logo\":{\"@type\":\"ImageObject\",\"inLanguage\":\"fr-FR\",\"@id\":\"https:\/\/lapinedaplatja.info\/fr\/#\/schema\/logo\/image\/\",\"url\":\"https:\/\/lapinedaplatja.info\/wp-content\/uploads\/2018\/10\/cropped-13260099_989491457837088_3488030785405353200_n.jpg\",\"contentUrl\":\"https:\/\/lapinedaplatja.info\/wp-content\/uploads\/2018\/10\/cropped-13260099_989491457837088_3488030785405353200_n.jpg\",\"width\":600,\"height\":600,\"caption\":\"Patronat Municipal de Turisme de Vila-seca\"},\"image\":{\"@id\":\"https:\/\/lapinedaplatja.info\/fr\/#\/schema\/logo\/image\/\"},\"sameAs\":[\"https:\/\/www.facebook.com\/lapinedaplatja\/\",\"https:\/\/x.com\/lapinedaplatja\",\"https:\/\/www.instagram.com\/lapinedaplatja\/\"]}]}<\/script>\n<!-- \/ Yoast SEO plugin. -->","yoast_head_json":{"title":"Vila-seca, ville fleurie | Vila-seca - La Pineda Platja","description":"Vila-seca a pris part au mouvement Viles Florides depuis 2014. Il s\u2019agit d\u2019un projet promu par la Conf\u00e9d\u00e9ration d\u2019Horticulture Ornementale de Catalogne","robots":{"index":"index","follow":"follow","max-snippet":"max-snippet:-1","max-image-preview":"max-image-preview:large","max-video-preview":"max-video-preview:-1"},"canonical":"https:\/\/lapinedaplatja.info\/fr\/item\/vilaflorida\/","og_locale":"fr_FR","og_type":"article","og_title":"Vila-seca, ville fleurie | Vila-seca - La Pineda Platja","og_description":"Vila-seca a pris part au mouvement Viles Florides depuis 2014. Il s\u2019agit d\u2019un projet promu par la Conf\u00e9d\u00e9ration d\u2019Horticulture Ornementale de Catalogne","og_url":"https:\/\/lapinedaplatja.info\/fr\/item\/vilaflorida\/","og_site_name":"Vila-seca - La Pineda Platja","article_publisher":"https:\/\/www.facebook.com\/lapinedaplatja\/","article_modified_time":"2023-08-16T08:20:04+00:00","og_image":[{"width":1440,"height":550,"url":"https:\/\/lapinedaplatja.info\/wp-content\/uploads\/2019\/03\/2020_01_item_vilaflorida.jpg","type":"image\/jpeg"}],"twitter_card":"summary_large_image","twitter_site":"@lapinedaplatja","twitter_misc":{"Dur\u00e9e de lecture estim\u00e9e":"2 minutes"},"schema":{"@context":"https:\/\/schema.org","@graph":[{"@type":"WebPage","@id":"https:\/\/lapinedaplatja.info\/fr\/item\/vilaflorida\/","url":"https:\/\/lapinedaplatja.info\/fr\/item\/vilaflorida\/","name":"Vila-seca, ville fleurie | Vila-seca - La Pineda Platja","isPartOf":{"@id":"https:\/\/lapinedaplatja.info\/fr\/#website"},"primaryImageOfPage":{"@id":"https:\/\/lapinedaplatja.info\/fr\/item\/vilaflorida\/#primaryimage"},"image":{"@id":"https:\/\/lapinedaplatja.info\/fr\/item\/vilaflorida\/#primaryimage"},"thumbnailUrl":"https:\/\/lapinedaplatja.info\/wp-content\/uploads\/2019\/03\/2020_01_item_vilaflorida.jpg","datePublished":"2019-03-21T10:00:50+00:00","dateModified":"2023-08-16T08:20:04+00:00","description":"Vila-seca a pris part au mouvement Viles Florides depuis 2014. Il s\u2019agit d\u2019un projet promu par la Conf\u00e9d\u00e9ration d\u2019Horticulture Ornementale de Catalogne","breadcrumb":{"@id":"https:\/\/lapinedaplatja.info\/fr\/item\/vilaflorida\/#breadcrumb"},"inLanguage":"fr-FR","potentialAction":[{"@type":"ReadAction","target":["https:\/\/lapinedaplatja.info\/fr\/item\/vilaflorida\/"]}]},{"@type":"ImageObject","inLanguage":"fr-FR","@id":"https:\/\/lapinedaplatja.info\/fr\/item\/vilaflorida\/#primaryimage","url":"https:\/\/lapinedaplatja.info\/wp-content\/uploads\/2019\/03\/2020_01_item_vilaflorida.jpg","contentUrl":"https:\/\/lapinedaplatja.info\/wp-content\/uploads\/2019\/03\/2020_01_item_vilaflorida.jpg","width":1440,"height":550},{"@type":"BreadcrumbList","@id":"https:\/\/lapinedaplatja.info\/fr\/item\/vilaflorida\/#breadcrumb","itemListElement":[{"@type":"ListItem","position":1,"name":"Portada","item":"https:\/\/lapinedaplatja.info\/fr\/"},{"@type":"ListItem","position":2,"name":"Espaces verts","item":"https:\/\/lapinedaplatja.info\/fr\/tipus\/espais-verds-fr\/"},{"@type":"ListItem","position":3,"name":"Vila-seca, ville fleurie"}]},{"@type":"WebSite","@id":"https:\/\/lapinedaplatja.info\/fr\/#website","url":"https:\/\/lapinedaplatja.info\/fr\/","name":"La Pineda Platja | Vila-seca","description":"Oficina de Turismo de La Pineda.","publisher":{"@id":"https:\/\/lapinedaplatja.info\/fr\/#organization"},"potentialAction":[{"@type":"SearchAction","target":{"@type":"EntryPoint","urlTemplate":"https:\/\/lapinedaplatja.info\/fr\/?s={search_term_string}"},"query-input":{"@type":"PropertyValueSpecification","valueRequired":true,"valueName":"search_term_string"}}],"inLanguage":"fr-FR"},{"@type":"Organization","@id":"https:\/\/lapinedaplatja.info\/fr\/#organization","name":"Patronat Municipal de Turisme de Vila-seca","url":"https:\/\/lapinedaplatja.info\/fr\/","logo":{"@type":"ImageObject","inLanguage":"fr-FR","@id":"https:\/\/lapinedaplatja.info\/fr\/#\/schema\/logo\/image\/","url":"https:\/\/lapinedaplatja.info\/wp-content\/uploads\/2018\/10\/cropped-13260099_989491457837088_3488030785405353200_n.jpg","contentUrl":"https:\/\/lapinedaplatja.info\/wp-content\/uploads\/2018\/10\/cropped-13260099_989491457837088_3488030785405353200_n.jpg","width":600,"height":600,"caption":"Patronat Municipal de Turisme de Vila-seca"},"image":{"@id":"https:\/\/lapinedaplatja.info\/fr\/#\/schema\/logo\/image\/"},"sameAs":["https:\/\/www.facebook.com\/lapinedaplatja\/","https:\/\/x.com\/lapinedaplatja","https:\/\/www.instagram.com\/lapinedaplatja\/"]}]}},"_links":{"self":[{"href":"https:\/\/lapinedaplatja.info\/fr\/wp-json\/wp\/v2\/portfolio\/9459","targetHints":{"allow":["GET"]}}],"collection":[{"href":"https:\/\/lapinedaplatja.info\/fr\/wp-json\/wp\/v2\/portfolio"}],"about":[{"href":"https:\/\/lapinedaplatja.info\/fr\/wp-json\/wp\/v2\/types\/portfolio"}],"version-history":[{"count":0,"href":"https:\/\/lapinedaplatja.info\/fr\/wp-json\/wp\/v2\/portfolio\/9459\/revisions"}],"wp:featuredmedia":[{"embeddable":true,"href":"https:\/\/lapinedaplatja.info\/fr\/wp-json\/wp\/v2\/media\/14185"}],"wp:attachment":[{"href":"https:\/\/lapinedaplatja.info\/fr\/wp-json\/wp\/v2\/media?parent=9459"}],"wp:term":[{"taxonomy":"portfolio-types","embeddable":true,"href":"https:\/\/lapinedaplatja.info\/fr\/wp-json\/wp\/v2\/portfolio-types?post=9459"}],"curies":[{"name":"wp","href":"https:\/\/api.w.org\/{rel}","templated":true}]}}

<p>Vila-seca a pris part au mouvement Viles Florides depuis 2014. Il s’agit d’un projet promu par la Confédération d’Horticulture Ornementale de Catalogne (CHOC) qui couvre les villages et les villes de Catalogne qui travaillent sur l’amélioration de leurs espaces verts urbains.</p>
<p>Vila-seca est l’une des rares communes à posséder quatre fleurs d’honneur. Cette distinction est la reconnaissance du pari de la commune sur la récupération de grands espaces verts, comme le Parc de la Torre d’en Dolça ; la zone du littoral avec le Parc del Pinar de Perruquet ou encore la Séquia Major. Au total, plus de 100 hectares d’espaces verts sont maintenus en accord avec les critères de durabilité et l’implication d’écoles et d’institutions de la commune.</p>
<p>Le concours valorise également le soin apporté aux espaces urbains comme les ronds-points, les jardinières et le traitement de la jardinerie dans les zones industrielles ainsi que la campagne « Flors pel Centre » (<em>Des fleurs pour le centre-ville</em>) encouragé par la Mairie au cours des dernières années.</p>
<p>Au cours du gala d’honneur de 2022 qui a eu lieu à Tarragone, le jury des Viles Florides a concédé à Vila-seca le prix de la Fleur d’Or Pere Cabot pour son parcours, sa diversité, sa qualité, son degré d’adaptation, son activité intense d’éducation environnementale et son excellente gestion de l’eau et des systèmes d’irrigation.</p>
<p>Au-delà de la promotion de la création d’espaces verts agréables pour le visiteur, le mouvement travaille sur l’amélioration de la qualité de vie des personnes, la sensibilisation sociale en matière de durabilité et le développement du commerce local grâce à la qualité des espaces publics et le charme des parcs et jardins urbains.</p>

<!-- This site is optimized with the Yoast SEO plugin v26.6 - https://yoast.com/wordpress/plugins/seo/ -->
<title>Vila-seca, ville fleurie | Vila-seca - La Pineda Platja</title>
<meta name="description" content="Vila-seca a pris part au mouvement Viles Florides depuis 2014. Il s’agit d’un projet promu par la Confédération d’Horticulture Ornementale de Catalogne" />
<meta name="robots" content="index, follow, max-snippet:-1, max-image-preview:large, max-video-preview:-1" />
<link rel="canonical" href="https://lapinedaplatja.info/fr/item/vilaflorida/" />
<meta property="og:locale" content="fr_FR" />
<meta property="og:type" content="article" />
<meta property="og:title" content="Vila-seca, ville fleurie | Vila-seca - La Pineda Platja" />
<meta property="og:description" content="Vila-seca a pris part au mouvement Viles Florides depuis 2014. Il s’agit d’un projet promu par la Confédération d’Horticulture Ornementale de Catalogne" />
<meta property="og:url" content="https://lapinedaplatja.info/fr/item/vilaflorida/" />
<meta property="og:site_name" content="Vila-seca - La Pineda Platja" />
<meta property="article:publisher" content="https://www.facebook.com/lapinedaplatja/" />
<meta property="article:modified_time" content="2023-08-16T08:20:04+00:00" />
<meta property="og:image" content="https://lapinedaplatja.info/wp-content/uploads/2019/03/2020_01_item_vilaflorida.jpg" />
	<meta property="og:image:width" content="1440" />
	<meta property="og:image:height" content="550" />
	<meta property="og:image:type" content="image/jpeg" />
<meta name="twitter:card" content="summary_large_image" />
<meta name="twitter:site" content="@lapinedaplatja" />
<meta name="twitter:label1" content="Durée de lecture estimée" />
	<meta name="twitter:data1" content="2 minutes" />
<script type="application/ld+json" class="yoast-schema-graph">{"@context":"https://schema.org","@graph":[{"@type":"WebPage","@id":"https://lapinedaplatja.info/fr/item/vilaflorida/","url":"https://lapinedaplatja.info/fr/item/vilaflorida/","name":"Vila-seca, ville fleurie | Vila-seca - La Pineda Platja","isPartOf":{"@id":"https://lapinedaplatja.info/fr/#website"},"primaryImageOfPage":{"@id":"https://lapinedaplatja.info/fr/item/vilaflorida/#primaryimage"},"image":{"@id":"https://lapinedaplatja.info/fr/item/vilaflorida/#primaryimage"},"thumbnailUrl":"https://lapinedaplatja.info/wp-content/uploads/2019/03/2020_01_item_vilaflorida.jpg","datePublished":"2019-03-21T10:00:50+00:00","dateModified":"2023-08-16T08:20:04+00:00","description":"Vila-seca a pris part au mouvement Viles Florides depuis 2014. Il s’agit d’un projet promu par la Confédération d’Horticulture Ornementale de Catalogne","breadcrumb":{"@id":"https://lapinedaplatja.info/fr/item/vilaflorida/#breadcrumb"},"inLanguage":"fr-FR","potentialAction":[{"@type":"ReadAction","target":["https://lapinedaplatja.info/fr/item/vilaflorida/"]}]},{"@type":"ImageObject","inLanguage":"fr-FR","@id":"https://lapinedaplatja.info/fr/item/vilaflorida/#primaryimage","url":"https://lapinedaplatja.info/wp-content/uploads/2019/03/2020_01_item_vilaflorida.jpg","contentUrl":"https://lapinedaplatja.info/wp-content/uploads/2019/03/2020_01_item_vilaflorida.jpg","width":1440,"height":550},{"@type":"BreadcrumbList","@id":"https://lapinedaplatja.info/fr/item/vilaflorida/#breadcrumb","itemListElement":[{"@type":"ListItem","position":1,"name":"Portada","item":"https://lapinedaplatja.info/fr/"},{"@type":"ListItem","position":2,"name":"Espaces verts","item":"https://lapinedaplatja.info/fr/tipus/espais-verds-fr/"},{"@type":"ListItem","position":3,"name":"Vila-seca, ville fleurie"}]},{"@type":"WebSite","@id":"https://lapinedaplatja.info/fr/#website","url":"https://lapinedaplatja.info/fr/","name":"La Pineda Platja | Vila-seca","description":"Oficina de Turismo de La Pineda.","publisher":{"@id":"https://lapinedaplatja.info/fr/#organization"},"potentialAction":[{"@type":"SearchAction","target":{"@type":"EntryPoint","urlTemplate":"https://lapinedaplatja.info/fr/?s={search_term_string}"},"query-input":{"@type":"PropertyValueSpecification","valueRequired":true,"valueName":"search_term_string"}}],"inLanguage":"fr-FR"},{"@type":"Organization","@id":"https://lapinedaplatja.info/fr/#organization","name":"Patronat Municipal de Turisme de Vila-seca","url":"https://lapinedaplatja.info/fr/","logo":{"@type":"ImageObject","inLanguage":"fr-FR","@id":"https://lapinedaplatja.info/fr/#/schema/logo/image/","url":"https://lapinedaplatja.info/wp-content/uploads/2018/10/cropped-13260099_989491457837088_3488030785405353200_n.jpg","contentUrl":"https://lapinedaplatja.info/wp-content/uploads/2018/10/cropped-13260099_989491457837088_3488030785405353200_n.jpg","width":600,"height":600,"caption":"Patronat Municipal de Turisme de Vila-seca"},"image":{"@id":"https://lapinedaplatja.info/fr/#/schema/logo/image/"},"sameAs":["https://www.facebook.com/lapinedaplatja/","https://x.com/lapinedaplatja","https://www.instagram.com/lapinedaplatja/"]}]}</script>
<!-- / Yoast SEO plugin. -->

Vila-seca a pris part au mouvement Viles Florides depuis 2014. Il s’agit d’un projet promu par la Confédération d’Horticulture Ornementale de Catalogne
