{"id":9489,"date":"2019-04-01T07:16:16","date_gmt":"2019-04-01T07:16:16","guid":{"rendered":"http:\/\/lapinedaplatja.info\/item\/estadi-municipal-vila-seca\/"},"modified":"2025-08-27T12:50:21","modified_gmt":"2025-08-27T10:50:21","slug":"estadi-municipal-vila-seca","status":"publish","type":"portfolio","link":"https:\/\/lapinedaplatja.info\/fr\/item\/estadi-municipal-vila-seca\/","title":{"rendered":"Stade Municipal de Vila-seca"},"content":{"rendered":"<p>Terrain de football en gazon artificiel avec caoutchouc, 105m x 69m. avec deux terrains de football \u00e0 7, de 63,5 m de long. x 50m. et 3 tribunes avec 1720 places au total.<\/p>\n<p>Il y a 6 vestiaires collectifs et 2 vestiaires individuels (190m2 de surface totale).<\/p>\n<p>Il dispose d&rsquo;un service de bar. Dans le m\u00eame complexe, et \u00e9galement \u00e0 l&rsquo;ext\u00e9rieur, vous trouverez deux terrains multisports en b\u00e9ton avec rev\u00eatement de surface (un pour le basket-ball et un pour l&rsquo;\u00e9cole de tennis), un court de tennis en b\u00e9ton poreux et une piste cyclable de 484 m \u00e0 6 voies.<\/p>\n<p>La transformation du stade municipal de Vila-seca est l&rsquo;un des grands projets sportifs en cours. Le complexe du Stade Municipal abritera deux nouveaux terrains de football, un principal et un secondaire. Une nouvelle piste d&rsquo;athl\u00e9tisme homologu\u00e9e pour accueillir des comp\u00e9titions sera \u00e9galement construite.<\/p>\n<p>De m\u00eame, la proposition pr\u00e9voit la cr\u00e9ation de trois courts de tennis, six courts de paddle-tennis, une piste multisports, un circuit <em>de course \u00e0 pied<\/em> , un mur d&rsquo;escalade, des espaces verts avec des aires de jeux pour enfants et une zone de <em>street workout<\/em> .<\/p>\n","protected":false},"featured_media":24449,"template":"","meta":{"_acf_changed":false},"portfolio-types":[170],"class_list":["post-9489","portfolio","type-portfolio","status-publish","has-post-thumbnail","hentry","portfolio-types-installacions-esportives-fr"],"acf":[],"yoast_head":"<!-- This site is optimized with the Yoast SEO plugin v26.6 - https:\/\/yoast.com\/wordpress\/plugins\/seo\/ -->\n<title>Stade Municipal de Vila-seca | Vila-seca - La Pineda Platja<\/title>\n<meta name=\"description\" content=\"Terrain de football en gazon artificiel avec caoutchouc, 105m x 69m. avec deux terrains de football \u00e0 7, de 63,5 m de long. x 50m. et 3 tribunes avec 1720\" \/>\n<meta name=\"robots\" content=\"index, follow, max-snippet:-1, max-image-preview:large, max-video-preview:-1\" \/>\n<link rel=\"canonical\" href=\"https:\/\/lapinedaplatja.info\/fr\/item\/estadi-municipal-vila-seca\/\" \/>\n<meta property=\"og:locale\" content=\"fr_FR\" \/>\n<meta property=\"og:type\" content=\"article\" \/>\n<meta property=\"og:title\" content=\"Stade Municipal de Vila-seca | Vila-seca - La Pineda Platja\" \/>\n<meta property=\"og:description\" content=\"Terrain de football en gazon artificiel avec caoutchouc, 105m x 69m. avec deux terrains de football \u00e0 7, de 63,5 m de long. x 50m. et 3 tribunes avec 1720\" \/>\n<meta property=\"og:url\" content=\"https:\/\/lapinedaplatja.info\/fr\/item\/estadi-municipal-vila-seca\/\" \/>\n<meta property=\"og:site_name\" content=\"Vila-seca - La Pineda Platja\" \/>\n<meta property=\"article:publisher\" content=\"https:\/\/www.facebook.com\/lapinedaplatja\/\" \/>\n<meta property=\"article:modified_time\" content=\"2025-08-27T10:50:21+00:00\" \/>\n<meta property=\"og:image\" content=\"https:\/\/lapinedaplatja.info\/wp-content\/uploads\/2019\/04\/image00004-scaled.jpeg\" \/>\n\t<meta property=\"og:image:width\" content=\"2560\" \/>\n\t<meta property=\"og:image:height\" content=\"1920\" \/>\n\t<meta property=\"og:image:type\" content=\"image\/jpeg\" \/>\n<meta name=\"twitter:card\" content=\"summary_large_image\" \/>\n<meta name=\"twitter:site\" content=\"@lapinedaplatja\" \/>\n<meta name=\"twitter:label1\" content=\"Dur\u00e9e de lecture estim\u00e9e\" \/>\n\t<meta name=\"twitter:data1\" content=\"2 minutes\" \/>\n<script type=\"application\/ld+json\" class=\"yoast-schema-graph\">{\"@context\":\"https:\/\/schema.org\",\"@graph\":[{\"@type\":\"WebPage\",\"@id\":\"https:\/\/lapinedaplatja.info\/fr\/item\/estadi-municipal-vila-seca\/\",\"url\":\"https:\/\/lapinedaplatja.info\/fr\/item\/estadi-municipal-vila-seca\/\",\"name\":\"Stade Municipal de Vila-seca | Vila-seca - La Pineda Platja\",\"isPartOf\":{\"@id\":\"https:\/\/lapinedaplatja.info\/fr\/#website\"},\"primaryImageOfPage\":{\"@id\":\"https:\/\/lapinedaplatja.info\/fr\/item\/estadi-municipal-vila-seca\/#primaryimage\"},\"image\":{\"@id\":\"https:\/\/lapinedaplatja.info\/fr\/item\/estadi-municipal-vila-seca\/#primaryimage\"},\"thumbnailUrl\":\"https:\/\/lapinedaplatja.info\/wp-content\/uploads\/2019\/04\/image00004-scaled.jpeg\",\"datePublished\":\"2019-04-01T07:16:16+00:00\",\"dateModified\":\"2025-08-27T10:50:21+00:00\",\"description\":\"Terrain de football en gazon artificiel avec caoutchouc, 105m x 69m. avec deux terrains de football \u00e0 7, de 63,5 m de long. x 50m. et 3 tribunes avec 1720\",\"breadcrumb\":{\"@id\":\"https:\/\/lapinedaplatja.info\/fr\/item\/estadi-municipal-vila-seca\/#breadcrumb\"},\"inLanguage\":\"fr-FR\",\"potentialAction\":[{\"@type\":\"ReadAction\",\"target\":[\"https:\/\/lapinedaplatja.info\/fr\/item\/estadi-municipal-vila-seca\/\"]}]},{\"@type\":\"ImageObject\",\"inLanguage\":\"fr-FR\",\"@id\":\"https:\/\/lapinedaplatja.info\/fr\/item\/estadi-municipal-vila-seca\/#primaryimage\",\"url\":\"https:\/\/lapinedaplatja.info\/wp-content\/uploads\/2019\/04\/image00004-scaled.jpeg\",\"contentUrl\":\"https:\/\/lapinedaplatja.info\/wp-content\/uploads\/2019\/04\/image00004-scaled.jpeg\",\"width\":2560,\"height\":1920},{\"@type\":\"BreadcrumbList\",\"@id\":\"https:\/\/lapinedaplatja.info\/fr\/item\/estadi-municipal-vila-seca\/#breadcrumb\",\"itemListElement\":[{\"@type\":\"ListItem\",\"position\":1,\"name\":\"Portada\",\"item\":\"https:\/\/lapinedaplatja.info\/fr\/\"},{\"@type\":\"ListItem\",\"position\":2,\"name\":\"Installations sportives\",\"item\":\"https:\/\/lapinedaplatja.info\/fr\/tipus\/installacions-esportives-fr\/\"},{\"@type\":\"ListItem\",\"position\":3,\"name\":\"Stade Municipal de Vila-seca\"}]},{\"@type\":\"WebSite\",\"@id\":\"https:\/\/lapinedaplatja.info\/fr\/#website\",\"url\":\"https:\/\/lapinedaplatja.info\/fr\/\",\"name\":\"La Pineda Platja | Vila-seca\",\"description\":\"Oficina de Turismo de La Pineda.\",\"publisher\":{\"@id\":\"https:\/\/lapinedaplatja.info\/fr\/#organization\"},\"potentialAction\":[{\"@type\":\"SearchAction\",\"target\":{\"@type\":\"EntryPoint\",\"urlTemplate\":\"https:\/\/lapinedaplatja.info\/fr\/?s={search_term_string}\"},\"query-input\":{\"@type\":\"PropertyValueSpecification\",\"valueRequired\":true,\"valueName\":\"search_term_string\"}}],\"inLanguage\":\"fr-FR\"},{\"@type\":\"Organization\",\"@id\":\"https:\/\/lapinedaplatja.info\/fr\/#organization\",\"name\":\"Patronat Municipal de Turisme de Vila-seca\",\"url\":\"https:\/\/lapinedaplatja.info\/fr\/\",\"logo\":{\"@type\":\"ImageObject\",\"inLanguage\":\"fr-FR\",\"@id\":\"https:\/\/lapinedaplatja.info\/fr\/#\/schema\/logo\/image\/\",\"url\":\"https:\/\/lapinedaplatja.info\/wp-content\/uploads\/2018\/10\/cropped-13260099_989491457837088_3488030785405353200_n.jpg\",\"contentUrl\":\"https:\/\/lapinedaplatja.info\/wp-content\/uploads\/2018\/10\/cropped-13260099_989491457837088_3488030785405353200_n.jpg\",\"width\":600,\"height\":600,\"caption\":\"Patronat Municipal de Turisme de Vila-seca\"},\"image\":{\"@id\":\"https:\/\/lapinedaplatja.info\/fr\/#\/schema\/logo\/image\/\"},\"sameAs\":[\"https:\/\/www.facebook.com\/lapinedaplatja\/\",\"https:\/\/x.com\/lapinedaplatja\",\"https:\/\/www.instagram.com\/lapinedaplatja\/\"]}]}<\/script>\n<!-- \/ Yoast SEO plugin. -->","yoast_head_json":{"title":"Stade Municipal de Vila-seca | Vila-seca - La Pineda Platja","description":"Terrain de football en gazon artificiel avec caoutchouc, 105m x 69m. avec deux terrains de football \u00e0 7, de 63,5 m de long. x 50m. et 3 tribunes avec 1720","robots":{"index":"index","follow":"follow","max-snippet":"max-snippet:-1","max-image-preview":"max-image-preview:large","max-video-preview":"max-video-preview:-1"},"canonical":"https:\/\/lapinedaplatja.info\/fr\/item\/estadi-municipal-vila-seca\/","og_locale":"fr_FR","og_type":"article","og_title":"Stade Municipal de Vila-seca | Vila-seca - La Pineda Platja","og_description":"Terrain de football en gazon artificiel avec caoutchouc, 105m x 69m. avec deux terrains de football \u00e0 7, de 63,5 m de long. x 50m. et 3 tribunes avec 1720","og_url":"https:\/\/lapinedaplatja.info\/fr\/item\/estadi-municipal-vila-seca\/","og_site_name":"Vila-seca - La Pineda Platja","article_publisher":"https:\/\/www.facebook.com\/lapinedaplatja\/","article_modified_time":"2025-08-27T10:50:21+00:00","og_image":[{"width":2560,"height":1920,"url":"https:\/\/lapinedaplatja.info\/wp-content\/uploads\/2019\/04\/image00004-scaled.jpeg","type":"image\/jpeg"}],"twitter_card":"summary_large_image","twitter_site":"@lapinedaplatja","twitter_misc":{"Dur\u00e9e de lecture estim\u00e9e":"2 minutes"},"schema":{"@context":"https:\/\/schema.org","@graph":[{"@type":"WebPage","@id":"https:\/\/lapinedaplatja.info\/fr\/item\/estadi-municipal-vila-seca\/","url":"https:\/\/lapinedaplatja.info\/fr\/item\/estadi-municipal-vila-seca\/","name":"Stade Municipal de Vila-seca | Vila-seca - La Pineda Platja","isPartOf":{"@id":"https:\/\/lapinedaplatja.info\/fr\/#website"},"primaryImageOfPage":{"@id":"https:\/\/lapinedaplatja.info\/fr\/item\/estadi-municipal-vila-seca\/#primaryimage"},"image":{"@id":"https:\/\/lapinedaplatja.info\/fr\/item\/estadi-municipal-vila-seca\/#primaryimage"},"thumbnailUrl":"https:\/\/lapinedaplatja.info\/wp-content\/uploads\/2019\/04\/image00004-scaled.jpeg","datePublished":"2019-04-01T07:16:16+00:00","dateModified":"2025-08-27T10:50:21+00:00","description":"Terrain de football en gazon artificiel avec caoutchouc, 105m x 69m. avec deux terrains de football \u00e0 7, de 63,5 m de long. x 50m. et 3 tribunes avec 1720","breadcrumb":{"@id":"https:\/\/lapinedaplatja.info\/fr\/item\/estadi-municipal-vila-seca\/#breadcrumb"},"inLanguage":"fr-FR","potentialAction":[{"@type":"ReadAction","target":["https:\/\/lapinedaplatja.info\/fr\/item\/estadi-municipal-vila-seca\/"]}]},{"@type":"ImageObject","inLanguage":"fr-FR","@id":"https:\/\/lapinedaplatja.info\/fr\/item\/estadi-municipal-vila-seca\/#primaryimage","url":"https:\/\/lapinedaplatja.info\/wp-content\/uploads\/2019\/04\/image00004-scaled.jpeg","contentUrl":"https:\/\/lapinedaplatja.info\/wp-content\/uploads\/2019\/04\/image00004-scaled.jpeg","width":2560,"height":1920},{"@type":"BreadcrumbList","@id":"https:\/\/lapinedaplatja.info\/fr\/item\/estadi-municipal-vila-seca\/#breadcrumb","itemListElement":[{"@type":"ListItem","position":1,"name":"Portada","item":"https:\/\/lapinedaplatja.info\/fr\/"},{"@type":"ListItem","position":2,"name":"Installations sportives","item":"https:\/\/lapinedaplatja.info\/fr\/tipus\/installacions-esportives-fr\/"},{"@type":"ListItem","position":3,"name":"Stade Municipal de Vila-seca"}]},{"@type":"WebSite","@id":"https:\/\/lapinedaplatja.info\/fr\/#website","url":"https:\/\/lapinedaplatja.info\/fr\/","name":"La Pineda Platja | Vila-seca","description":"Oficina de Turismo de La Pineda.","publisher":{"@id":"https:\/\/lapinedaplatja.info\/fr\/#organization"},"potentialAction":[{"@type":"SearchAction","target":{"@type":"EntryPoint","urlTemplate":"https:\/\/lapinedaplatja.info\/fr\/?s={search_term_string}"},"query-input":{"@type":"PropertyValueSpecification","valueRequired":true,"valueName":"search_term_string"}}],"inLanguage":"fr-FR"},{"@type":"Organization","@id":"https:\/\/lapinedaplatja.info\/fr\/#organization","name":"Patronat Municipal de Turisme de Vila-seca","url":"https:\/\/lapinedaplatja.info\/fr\/","logo":{"@type":"ImageObject","inLanguage":"fr-FR","@id":"https:\/\/lapinedaplatja.info\/fr\/#\/schema\/logo\/image\/","url":"https:\/\/lapinedaplatja.info\/wp-content\/uploads\/2018\/10\/cropped-13260099_989491457837088_3488030785405353200_n.jpg","contentUrl":"https:\/\/lapinedaplatja.info\/wp-content\/uploads\/2018\/10\/cropped-13260099_989491457837088_3488030785405353200_n.jpg","width":600,"height":600,"caption":"Patronat Municipal de Turisme de Vila-seca"},"image":{"@id":"https:\/\/lapinedaplatja.info\/fr\/#\/schema\/logo\/image\/"},"sameAs":["https:\/\/www.facebook.com\/lapinedaplatja\/","https:\/\/x.com\/lapinedaplatja","https:\/\/www.instagram.com\/lapinedaplatja\/"]}]}},"_links":{"self":[{"href":"https:\/\/lapinedaplatja.info\/fr\/wp-json\/wp\/v2\/portfolio\/9489","targetHints":{"allow":["GET"]}}],"collection":[{"href":"https:\/\/lapinedaplatja.info\/fr\/wp-json\/wp\/v2\/portfolio"}],"about":[{"href":"https:\/\/lapinedaplatja.info\/fr\/wp-json\/wp\/v2\/types\/portfolio"}],"version-history":[{"count":0,"href":"https:\/\/lapinedaplatja.info\/fr\/wp-json\/wp\/v2\/portfolio\/9489\/revisions"}],"wp:featuredmedia":[{"embeddable":true,"href":"https:\/\/lapinedaplatja.info\/fr\/wp-json\/wp\/v2\/media\/24449"}],"wp:attachment":[{"href":"https:\/\/lapinedaplatja.info\/fr\/wp-json\/wp\/v2\/media?parent=9489"}],"wp:term":[{"taxonomy":"portfolio-types","embeddable":true,"href":"https:\/\/lapinedaplatja.info\/fr\/wp-json\/wp\/v2\/portfolio-types?post=9489"}],"curies":[{"name":"wp","href":"https:\/\/api.w.org\/{rel}","templated":true}]}}

<p>Terrain de football en gazon artificiel avec caoutchouc, 105m x 69m. avec deux terrains de football à 7, de 63,5 m de long. x 50m. et 3 tribunes avec 1720 places au total.</p>
<p>Il y a 6 vestiaires collectifs et 2 vestiaires individuels (190m2 de surface totale).</p>
<p>Il dispose d&rsquo;un service de bar. Dans le même complexe, et également à l&rsquo;extérieur, vous trouverez deux terrains multisports en béton avec revêtement de surface (un pour le basket-ball et un pour l&rsquo;école de tennis), un court de tennis en béton poreux et une piste cyclable de 484 m à 6 voies.</p>
<p>La transformation du stade municipal de Vila-seca est l&rsquo;un des grands projets sportifs en cours. Le complexe du Stade Municipal abritera deux nouveaux terrains de football, un principal et un secondaire. Une nouvelle piste d&rsquo;athlétisme homologuée pour accueillir des compétitions sera également construite.</p>
<p>De même, la proposition prévoit la création de trois courts de tennis, six courts de paddle-tennis, une piste multisports, un circuit <em>de course à pied</em> , un mur d&rsquo;escalade, des espaces verts avec des aires de jeux pour enfants et une zone de <em>street workout</em> .</p>

<!-- This site is optimized with the Yoast SEO plugin v26.6 - https://yoast.com/wordpress/plugins/seo/ -->
<title>Stade Municipal de Vila-seca | Vila-seca - La Pineda Platja</title>
<meta name="description" content="Terrain de football en gazon artificiel avec caoutchouc, 105m x 69m. avec deux terrains de football à 7, de 63,5 m de long. x 50m. et 3 tribunes avec 1720" />
<meta name="robots" content="index, follow, max-snippet:-1, max-image-preview:large, max-video-preview:-1" />
<link rel="canonical" href="https://lapinedaplatja.info/fr/item/estadi-municipal-vila-seca/" />
<meta property="og:locale" content="fr_FR" />
<meta property="og:type" content="article" />
<meta property="og:title" content="Stade Municipal de Vila-seca | Vila-seca - La Pineda Platja" />
<meta property="og:description" content="Terrain de football en gazon artificiel avec caoutchouc, 105m x 69m. avec deux terrains de football à 7, de 63,5 m de long. x 50m. et 3 tribunes avec 1720" />
<meta property="og:url" content="https://lapinedaplatja.info/fr/item/estadi-municipal-vila-seca/" />
<meta property="og:site_name" content="Vila-seca - La Pineda Platja" />
<meta property="article:publisher" content="https://www.facebook.com/lapinedaplatja/" />
<meta property="article:modified_time" content="2025-08-27T10:50:21+00:00" />
<meta property="og:image" content="https://lapinedaplatja.info/wp-content/uploads/2019/04/image00004-scaled.jpeg" />
	<meta property="og:image:width" content="2560" />
	<meta property="og:image:height" content="1920" />
	<meta property="og:image:type" content="image/jpeg" />
<meta name="twitter:card" content="summary_large_image" />
<meta name="twitter:site" content="@lapinedaplatja" />
<meta name="twitter:label1" content="Durée de lecture estimée" />
	<meta name="twitter:data1" content="2 minutes" />
<script type="application/ld+json" class="yoast-schema-graph">{"@context":"https://schema.org","@graph":[{"@type":"WebPage","@id":"https://lapinedaplatja.info/fr/item/estadi-municipal-vila-seca/","url":"https://lapinedaplatja.info/fr/item/estadi-municipal-vila-seca/","name":"Stade Municipal de Vila-seca | Vila-seca - La Pineda Platja","isPartOf":{"@id":"https://lapinedaplatja.info/fr/#website"},"primaryImageOfPage":{"@id":"https://lapinedaplatja.info/fr/item/estadi-municipal-vila-seca/#primaryimage"},"image":{"@id":"https://lapinedaplatja.info/fr/item/estadi-municipal-vila-seca/#primaryimage"},"thumbnailUrl":"https://lapinedaplatja.info/wp-content/uploads/2019/04/image00004-scaled.jpeg","datePublished":"2019-04-01T07:16:16+00:00","dateModified":"2025-08-27T10:50:21+00:00","description":"Terrain de football en gazon artificiel avec caoutchouc, 105m x 69m. avec deux terrains de football à 7, de 63,5 m de long. x 50m. et 3 tribunes avec 1720","breadcrumb":{"@id":"https://lapinedaplatja.info/fr/item/estadi-municipal-vila-seca/#breadcrumb"},"inLanguage":"fr-FR","potentialAction":[{"@type":"ReadAction","target":["https://lapinedaplatja.info/fr/item/estadi-municipal-vila-seca/"]}]},{"@type":"ImageObject","inLanguage":"fr-FR","@id":"https://lapinedaplatja.info/fr/item/estadi-municipal-vila-seca/#primaryimage","url":"https://lapinedaplatja.info/wp-content/uploads/2019/04/image00004-scaled.jpeg","contentUrl":"https://lapinedaplatja.info/wp-content/uploads/2019/04/image00004-scaled.jpeg","width":2560,"height":1920},{"@type":"BreadcrumbList","@id":"https://lapinedaplatja.info/fr/item/estadi-municipal-vila-seca/#breadcrumb","itemListElement":[{"@type":"ListItem","position":1,"name":"Portada","item":"https://lapinedaplatja.info/fr/"},{"@type":"ListItem","position":2,"name":"Installations sportives","item":"https://lapinedaplatja.info/fr/tipus/installacions-esportives-fr/"},{"@type":"ListItem","position":3,"name":"Stade Municipal de Vila-seca"}]},{"@type":"WebSite","@id":"https://lapinedaplatja.info/fr/#website","url":"https://lapinedaplatja.info/fr/","name":"La Pineda Platja | Vila-seca","description":"Oficina de Turismo de La Pineda.","publisher":{"@id":"https://lapinedaplatja.info/fr/#organization"},"potentialAction":[{"@type":"SearchAction","target":{"@type":"EntryPoint","urlTemplate":"https://lapinedaplatja.info/fr/?s={search_term_string}"},"query-input":{"@type":"PropertyValueSpecification","valueRequired":true,"valueName":"search_term_string"}}],"inLanguage":"fr-FR"},{"@type":"Organization","@id":"https://lapinedaplatja.info/fr/#organization","name":"Patronat Municipal de Turisme de Vila-seca","url":"https://lapinedaplatja.info/fr/","logo":{"@type":"ImageObject","inLanguage":"fr-FR","@id":"https://lapinedaplatja.info/fr/#/schema/logo/image/","url":"https://lapinedaplatja.info/wp-content/uploads/2018/10/cropped-13260099_989491457837088_3488030785405353200_n.jpg","contentUrl":"https://lapinedaplatja.info/wp-content/uploads/2018/10/cropped-13260099_989491457837088_3488030785405353200_n.jpg","width":600,"height":600,"caption":"Patronat Municipal de Turisme de Vila-seca"},"image":{"@id":"https://lapinedaplatja.info/fr/#/schema/logo/image/"},"sameAs":["https://www.facebook.com/lapinedaplatja/","https://x.com/lapinedaplatja","https://www.instagram.com/lapinedaplatja/"]}]}</script>
<!-- / Yoast SEO plugin. -->

Terrain de football en gazon artificiel avec caoutchouc, 105m x 69m. avec deux terrains de football à 7, de 63,5 m de long. x 50m. et 3 tribunes avec 1720
