{"id":9594,"date":"2019-04-03T09:00:00","date_gmt":"2019-04-03T07:00:00","guid":{"rendered":"http:\/\/lapinedaplatja.info\/item\/best-terramarina\/"},"modified":"2025-09-17T11:54:07","modified_gmt":"2025-09-17T09:54:07","slug":"best-terramarina","status":"publish","type":"portfolio","link":"https:\/\/lapinedaplatja.info\/fr\/item\/best-terramarina\/","title":{"rendered":"Best Terramarina ****"},"content":{"rendered":"<h6>R.T.N\u00ba: HT-000308<\/h6>\n<p><span style=\"font-size: revert; color: initial;\">H\u00f4tel situ\u00e9 au c\u0153ur de la Pineda, en bord de mer, avec un design unique n\u00e9 de la fusion de diff\u00e9rents styles, l\u2019id\u00e9al pour vous permettre, en couple et en famille, de passer des vacances calmes et de vous sentir comme chez vous \u00e0 seulement quelques pas de la mer.<\/span><\/p>\n","protected":false},"featured_media":5688,"template":"","meta":{"_acf_changed":false},"portfolio-types":[189],"class_list":["post-9594","portfolio","type-portfolio","status-publish","has-post-thumbnail","hentry","portfolio-types-hotels-4-fr"],"acf":[],"yoast_head":"<!-- This site is optimized with the Yoast SEO plugin v26.6 - https:\/\/yoast.com\/wordpress\/plugins\/seo\/ -->\n<title>Best Terramarina **** | Vila-seca - La Pineda Platja<\/title>\n<meta name=\"description\" content=\"R.T.N\u00ba: HT-000308 H\u00f4tel situ\u00e9 au c\u0153ur de la Pineda, en bord de mer, avec un design unique n\u00e9 de la fusion de diff\u00e9rents styles, l\u2019id\u00e9al pour vous\" \/>\n<meta name=\"robots\" content=\"index, follow, max-snippet:-1, max-image-preview:large, max-video-preview:-1\" \/>\n<link rel=\"canonical\" href=\"https:\/\/lapinedaplatja.info\/fr\/item\/best-terramarina\/\" \/>\n<meta property=\"og:locale\" content=\"fr_FR\" \/>\n<meta property=\"og:type\" content=\"article\" \/>\n<meta property=\"og:title\" content=\"Best Terramarina **** | Vila-seca - La Pineda Platja\" \/>\n<meta property=\"og:description\" content=\"R.T.N\u00ba: HT-000308 H\u00f4tel situ\u00e9 au c\u0153ur de la Pineda, en bord de mer, avec un design unique n\u00e9 de la fusion de diff\u00e9rents styles, l\u2019id\u00e9al pour vous\" \/>\n<meta property=\"og:url\" content=\"https:\/\/lapinedaplatja.info\/fr\/item\/best-terramarina\/\" \/>\n<meta property=\"og:site_name\" content=\"Vila-seca - La Pineda Platja\" \/>\n<meta property=\"article:publisher\" content=\"https:\/\/www.facebook.com\/lapinedaplatja\/\" \/>\n<meta property=\"article:modified_time\" content=\"2025-09-17T09:54:07+00:00\" \/>\n<meta property=\"og:image\" content=\"https:\/\/lapinedaplatja.info\/wp-content\/uploads\/2019\/04\/Terramarina3.jpg\" \/>\n\t<meta property=\"og:image:width\" content=\"1280\" \/>\n\t<meta property=\"og:image:height\" content=\"644\" \/>\n\t<meta property=\"og:image:type\" content=\"image\/jpeg\" \/>\n<meta name=\"twitter:card\" content=\"summary_large_image\" \/>\n<meta name=\"twitter:site\" content=\"@lapinedaplatja\" \/>\n<meta name=\"twitter:label1\" content=\"Dur\u00e9e de lecture estim\u00e9e\" \/>\n\t<meta name=\"twitter:data1\" content=\"1 minute\" \/>\n<script type=\"application\/ld+json\" class=\"yoast-schema-graph\">{\"@context\":\"https:\/\/schema.org\",\"@graph\":[{\"@type\":\"WebPage\",\"@id\":\"https:\/\/lapinedaplatja.info\/fr\/item\/best-terramarina\/\",\"url\":\"https:\/\/lapinedaplatja.info\/fr\/item\/best-terramarina\/\",\"name\":\"Best Terramarina **** | Vila-seca - La Pineda Platja\",\"isPartOf\":{\"@id\":\"https:\/\/lapinedaplatja.info\/fr\/#website\"},\"primaryImageOfPage\":{\"@id\":\"https:\/\/lapinedaplatja.info\/fr\/item\/best-terramarina\/#primaryimage\"},\"image\":{\"@id\":\"https:\/\/lapinedaplatja.info\/fr\/item\/best-terramarina\/#primaryimage\"},\"thumbnailUrl\":\"https:\/\/lapinedaplatja.info\/wp-content\/uploads\/2019\/04\/Terramarina3.jpg\",\"datePublished\":\"2019-04-03T07:00:00+00:00\",\"dateModified\":\"2025-09-17T09:54:07+00:00\",\"description\":\"R.T.N\u00ba: HT-000308 H\u00f4tel situ\u00e9 au c\u0153ur de la Pineda, en bord de mer, avec un design unique n\u00e9 de la fusion de diff\u00e9rents styles, l\u2019id\u00e9al pour vous\",\"breadcrumb\":{\"@id\":\"https:\/\/lapinedaplatja.info\/fr\/item\/best-terramarina\/#breadcrumb\"},\"inLanguage\":\"fr-FR\",\"potentialAction\":[{\"@type\":\"ReadAction\",\"target\":[\"https:\/\/lapinedaplatja.info\/fr\/item\/best-terramarina\/\"]}]},{\"@type\":\"ImageObject\",\"inLanguage\":\"fr-FR\",\"@id\":\"https:\/\/lapinedaplatja.info\/fr\/item\/best-terramarina\/#primaryimage\",\"url\":\"https:\/\/lapinedaplatja.info\/wp-content\/uploads\/2019\/04\/Terramarina3.jpg\",\"contentUrl\":\"https:\/\/lapinedaplatja.info\/wp-content\/uploads\/2019\/04\/Terramarina3.jpg\",\"width\":1280,\"height\":644},{\"@type\":\"BreadcrumbList\",\"@id\":\"https:\/\/lapinedaplatja.info\/fr\/item\/best-terramarina\/#breadcrumb\",\"itemListElement\":[{\"@type\":\"ListItem\",\"position\":1,\"name\":\"Portada\",\"item\":\"https:\/\/lapinedaplatja.info\/fr\/\"},{\"@type\":\"ListItem\",\"position\":2,\"name\":\"H\u00f4tels ****\",\"item\":\"https:\/\/lapinedaplatja.info\/fr\/tipus\/hotels-4-fr\/\"},{\"@type\":\"ListItem\",\"position\":3,\"name\":\"Best Terramarina ****\"}]},{\"@type\":\"WebSite\",\"@id\":\"https:\/\/lapinedaplatja.info\/fr\/#website\",\"url\":\"https:\/\/lapinedaplatja.info\/fr\/\",\"name\":\"La Pineda Platja | Vila-seca\",\"description\":\"Oficina de Turismo de La Pineda.\",\"publisher\":{\"@id\":\"https:\/\/lapinedaplatja.info\/fr\/#organization\"},\"potentialAction\":[{\"@type\":\"SearchAction\",\"target\":{\"@type\":\"EntryPoint\",\"urlTemplate\":\"https:\/\/lapinedaplatja.info\/fr\/?s={search_term_string}\"},\"query-input\":{\"@type\":\"PropertyValueSpecification\",\"valueRequired\":true,\"valueName\":\"search_term_string\"}}],\"inLanguage\":\"fr-FR\"},{\"@type\":\"Organization\",\"@id\":\"https:\/\/lapinedaplatja.info\/fr\/#organization\",\"name\":\"Patronat Municipal de Turisme de Vila-seca\",\"url\":\"https:\/\/lapinedaplatja.info\/fr\/\",\"logo\":{\"@type\":\"ImageObject\",\"inLanguage\":\"fr-FR\",\"@id\":\"https:\/\/lapinedaplatja.info\/fr\/#\/schema\/logo\/image\/\",\"url\":\"https:\/\/lapinedaplatja.info\/wp-content\/uploads\/2018\/10\/cropped-13260099_989491457837088_3488030785405353200_n.jpg\",\"contentUrl\":\"https:\/\/lapinedaplatja.info\/wp-content\/uploads\/2018\/10\/cropped-13260099_989491457837088_3488030785405353200_n.jpg\",\"width\":600,\"height\":600,\"caption\":\"Patronat Municipal de Turisme de Vila-seca\"},\"image\":{\"@id\":\"https:\/\/lapinedaplatja.info\/fr\/#\/schema\/logo\/image\/\"},\"sameAs\":[\"https:\/\/www.facebook.com\/lapinedaplatja\/\",\"https:\/\/x.com\/lapinedaplatja\",\"https:\/\/www.instagram.com\/lapinedaplatja\/\"]}]}<\/script>\n<!-- \/ Yoast SEO plugin. -->","yoast_head_json":{"title":"Best Terramarina **** | Vila-seca - La Pineda Platja","description":"R.T.N\u00ba: HT-000308 H\u00f4tel situ\u00e9 au c\u0153ur de la Pineda, en bord de mer, avec un design unique n\u00e9 de la fusion de diff\u00e9rents styles, l\u2019id\u00e9al pour vous","robots":{"index":"index","follow":"follow","max-snippet":"max-snippet:-1","max-image-preview":"max-image-preview:large","max-video-preview":"max-video-preview:-1"},"canonical":"https:\/\/lapinedaplatja.info\/fr\/item\/best-terramarina\/","og_locale":"fr_FR","og_type":"article","og_title":"Best Terramarina **** | Vila-seca - La Pineda Platja","og_description":"R.T.N\u00ba: HT-000308 H\u00f4tel situ\u00e9 au c\u0153ur de la Pineda, en bord de mer, avec un design unique n\u00e9 de la fusion de diff\u00e9rents styles, l\u2019id\u00e9al pour vous","og_url":"https:\/\/lapinedaplatja.info\/fr\/item\/best-terramarina\/","og_site_name":"Vila-seca - La Pineda Platja","article_publisher":"https:\/\/www.facebook.com\/lapinedaplatja\/","article_modified_time":"2025-09-17T09:54:07+00:00","og_image":[{"width":1280,"height":644,"url":"https:\/\/lapinedaplatja.info\/wp-content\/uploads\/2019\/04\/Terramarina3.jpg","type":"image\/jpeg"}],"twitter_card":"summary_large_image","twitter_site":"@lapinedaplatja","twitter_misc":{"Dur\u00e9e de lecture estim\u00e9e":"1 minute"},"schema":{"@context":"https:\/\/schema.org","@graph":[{"@type":"WebPage","@id":"https:\/\/lapinedaplatja.info\/fr\/item\/best-terramarina\/","url":"https:\/\/lapinedaplatja.info\/fr\/item\/best-terramarina\/","name":"Best Terramarina **** | Vila-seca - La Pineda Platja","isPartOf":{"@id":"https:\/\/lapinedaplatja.info\/fr\/#website"},"primaryImageOfPage":{"@id":"https:\/\/lapinedaplatja.info\/fr\/item\/best-terramarina\/#primaryimage"},"image":{"@id":"https:\/\/lapinedaplatja.info\/fr\/item\/best-terramarina\/#primaryimage"},"thumbnailUrl":"https:\/\/lapinedaplatja.info\/wp-content\/uploads\/2019\/04\/Terramarina3.jpg","datePublished":"2019-04-03T07:00:00+00:00","dateModified":"2025-09-17T09:54:07+00:00","description":"R.T.N\u00ba: HT-000308 H\u00f4tel situ\u00e9 au c\u0153ur de la Pineda, en bord de mer, avec un design unique n\u00e9 de la fusion de diff\u00e9rents styles, l\u2019id\u00e9al pour vous","breadcrumb":{"@id":"https:\/\/lapinedaplatja.info\/fr\/item\/best-terramarina\/#breadcrumb"},"inLanguage":"fr-FR","potentialAction":[{"@type":"ReadAction","target":["https:\/\/lapinedaplatja.info\/fr\/item\/best-terramarina\/"]}]},{"@type":"ImageObject","inLanguage":"fr-FR","@id":"https:\/\/lapinedaplatja.info\/fr\/item\/best-terramarina\/#primaryimage","url":"https:\/\/lapinedaplatja.info\/wp-content\/uploads\/2019\/04\/Terramarina3.jpg","contentUrl":"https:\/\/lapinedaplatja.info\/wp-content\/uploads\/2019\/04\/Terramarina3.jpg","width":1280,"height":644},{"@type":"BreadcrumbList","@id":"https:\/\/lapinedaplatja.info\/fr\/item\/best-terramarina\/#breadcrumb","itemListElement":[{"@type":"ListItem","position":1,"name":"Portada","item":"https:\/\/lapinedaplatja.info\/fr\/"},{"@type":"ListItem","position":2,"name":"H\u00f4tels ****","item":"https:\/\/lapinedaplatja.info\/fr\/tipus\/hotels-4-fr\/"},{"@type":"ListItem","position":3,"name":"Best Terramarina ****"}]},{"@type":"WebSite","@id":"https:\/\/lapinedaplatja.info\/fr\/#website","url":"https:\/\/lapinedaplatja.info\/fr\/","name":"La Pineda Platja | Vila-seca","description":"Oficina de Turismo de La Pineda.","publisher":{"@id":"https:\/\/lapinedaplatja.info\/fr\/#organization"},"potentialAction":[{"@type":"SearchAction","target":{"@type":"EntryPoint","urlTemplate":"https:\/\/lapinedaplatja.info\/fr\/?s={search_term_string}"},"query-input":{"@type":"PropertyValueSpecification","valueRequired":true,"valueName":"search_term_string"}}],"inLanguage":"fr-FR"},{"@type":"Organization","@id":"https:\/\/lapinedaplatja.info\/fr\/#organization","name":"Patronat Municipal de Turisme de Vila-seca","url":"https:\/\/lapinedaplatja.info\/fr\/","logo":{"@type":"ImageObject","inLanguage":"fr-FR","@id":"https:\/\/lapinedaplatja.info\/fr\/#\/schema\/logo\/image\/","url":"https:\/\/lapinedaplatja.info\/wp-content\/uploads\/2018\/10\/cropped-13260099_989491457837088_3488030785405353200_n.jpg","contentUrl":"https:\/\/lapinedaplatja.info\/wp-content\/uploads\/2018\/10\/cropped-13260099_989491457837088_3488030785405353200_n.jpg","width":600,"height":600,"caption":"Patronat Municipal de Turisme de Vila-seca"},"image":{"@id":"https:\/\/lapinedaplatja.info\/fr\/#\/schema\/logo\/image\/"},"sameAs":["https:\/\/www.facebook.com\/lapinedaplatja\/","https:\/\/x.com\/lapinedaplatja","https:\/\/www.instagram.com\/lapinedaplatja\/"]}]}},"_links":{"self":[{"href":"https:\/\/lapinedaplatja.info\/fr\/wp-json\/wp\/v2\/portfolio\/9594","targetHints":{"allow":["GET"]}}],"collection":[{"href":"https:\/\/lapinedaplatja.info\/fr\/wp-json\/wp\/v2\/portfolio"}],"about":[{"href":"https:\/\/lapinedaplatja.info\/fr\/wp-json\/wp\/v2\/types\/portfolio"}],"version-history":[{"count":0,"href":"https:\/\/lapinedaplatja.info\/fr\/wp-json\/wp\/v2\/portfolio\/9594\/revisions"}],"wp:featuredmedia":[{"embeddable":true,"href":"https:\/\/lapinedaplatja.info\/fr\/wp-json\/wp\/v2\/media\/5688"}],"wp:attachment":[{"href":"https:\/\/lapinedaplatja.info\/fr\/wp-json\/wp\/v2\/media?parent=9594"}],"wp:term":[{"taxonomy":"portfolio-types","embeddable":true,"href":"https:\/\/lapinedaplatja.info\/fr\/wp-json\/wp\/v2\/portfolio-types?post=9594"}],"curies":[{"name":"wp","href":"https:\/\/api.w.org\/{rel}","templated":true}]}}

<h6>R.T.Nº: HT-000308</h6>
<p><span style="font-size: revert; color: initial;">Hôtel situé au cœur de la Pineda, en bord de mer, avec un design unique né de la fusion de différents styles, l’idéal pour vous permettre, en couple et en famille, de passer des vacances calmes et de vous sentir comme chez vous à seulement quelques pas de la mer.</span></p>

<!-- This site is optimized with the Yoast SEO plugin v26.6 - https://yoast.com/wordpress/plugins/seo/ -->
<title>Best Terramarina **** | Vila-seca - La Pineda Platja</title>
<meta name="description" content="R.T.Nº: HT-000308 Hôtel situé au cœur de la Pineda, en bord de mer, avec un design unique né de la fusion de différents styles, l’idéal pour vous" />
<meta name="robots" content="index, follow, max-snippet:-1, max-image-preview:large, max-video-preview:-1" />
<link rel="canonical" href="https://lapinedaplatja.info/fr/item/best-terramarina/" />
<meta property="og:locale" content="fr_FR" />
<meta property="og:type" content="article" />
<meta property="og:title" content="Best Terramarina **** | Vila-seca - La Pineda Platja" />
<meta property="og:description" content="R.T.Nº: HT-000308 Hôtel situé au cœur de la Pineda, en bord de mer, avec un design unique né de la fusion de différents styles, l’idéal pour vous" />
<meta property="og:url" content="https://lapinedaplatja.info/fr/item/best-terramarina/" />
<meta property="og:site_name" content="Vila-seca - La Pineda Platja" />
<meta property="article:publisher" content="https://www.facebook.com/lapinedaplatja/" />
<meta property="article:modified_time" content="2025-09-17T09:54:07+00:00" />
<meta property="og:image" content="https://lapinedaplatja.info/wp-content/uploads/2019/04/Terramarina3.jpg" />
	<meta property="og:image:width" content="1280" />
	<meta property="og:image:height" content="644" />
	<meta property="og:image:type" content="image/jpeg" />
<meta name="twitter:card" content="summary_large_image" />
<meta name="twitter:site" content="@lapinedaplatja" />
<meta name="twitter:label1" content="Durée de lecture estimée" />
	<meta name="twitter:data1" content="1 minute" />
<script type="application/ld+json" class="yoast-schema-graph">{"@context":"https://schema.org","@graph":[{"@type":"WebPage","@id":"https://lapinedaplatja.info/fr/item/best-terramarina/","url":"https://lapinedaplatja.info/fr/item/best-terramarina/","name":"Best Terramarina **** | Vila-seca - La Pineda Platja","isPartOf":{"@id":"https://lapinedaplatja.info/fr/#website"},"primaryImageOfPage":{"@id":"https://lapinedaplatja.info/fr/item/best-terramarina/#primaryimage"},"image":{"@id":"https://lapinedaplatja.info/fr/item/best-terramarina/#primaryimage"},"thumbnailUrl":"https://lapinedaplatja.info/wp-content/uploads/2019/04/Terramarina3.jpg","datePublished":"2019-04-03T07:00:00+00:00","dateModified":"2025-09-17T09:54:07+00:00","description":"R.T.Nº: HT-000308 Hôtel situé au cœur de la Pineda, en bord de mer, avec un design unique né de la fusion de différents styles, l’idéal pour vous","breadcrumb":{"@id":"https://lapinedaplatja.info/fr/item/best-terramarina/#breadcrumb"},"inLanguage":"fr-FR","potentialAction":[{"@type":"ReadAction","target":["https://lapinedaplatja.info/fr/item/best-terramarina/"]}]},{"@type":"ImageObject","inLanguage":"fr-FR","@id":"https://lapinedaplatja.info/fr/item/best-terramarina/#primaryimage","url":"https://lapinedaplatja.info/wp-content/uploads/2019/04/Terramarina3.jpg","contentUrl":"https://lapinedaplatja.info/wp-content/uploads/2019/04/Terramarina3.jpg","width":1280,"height":644},{"@type":"BreadcrumbList","@id":"https://lapinedaplatja.info/fr/item/best-terramarina/#breadcrumb","itemListElement":[{"@type":"ListItem","position":1,"name":"Portada","item":"https://lapinedaplatja.info/fr/"},{"@type":"ListItem","position":2,"name":"Hôtels ****","item":"https://lapinedaplatja.info/fr/tipus/hotels-4-fr/"},{"@type":"ListItem","position":3,"name":"Best Terramarina ****"}]},{"@type":"WebSite","@id":"https://lapinedaplatja.info/fr/#website","url":"https://lapinedaplatja.info/fr/","name":"La Pineda Platja | Vila-seca","description":"Oficina de Turismo de La Pineda.","publisher":{"@id":"https://lapinedaplatja.info/fr/#organization"},"potentialAction":[{"@type":"SearchAction","target":{"@type":"EntryPoint","urlTemplate":"https://lapinedaplatja.info/fr/?s={search_term_string}"},"query-input":{"@type":"PropertyValueSpecification","valueRequired":true,"valueName":"search_term_string"}}],"inLanguage":"fr-FR"},{"@type":"Organization","@id":"https://lapinedaplatja.info/fr/#organization","name":"Patronat Municipal de Turisme de Vila-seca","url":"https://lapinedaplatja.info/fr/","logo":{"@type":"ImageObject","inLanguage":"fr-FR","@id":"https://lapinedaplatja.info/fr/#/schema/logo/image/","url":"https://lapinedaplatja.info/wp-content/uploads/2018/10/cropped-13260099_989491457837088_3488030785405353200_n.jpg","contentUrl":"https://lapinedaplatja.info/wp-content/uploads/2018/10/cropped-13260099_989491457837088_3488030785405353200_n.jpg","width":600,"height":600,"caption":"Patronat Municipal de Turisme de Vila-seca"},"image":{"@id":"https://lapinedaplatja.info/fr/#/schema/logo/image/"},"sameAs":["https://www.facebook.com/lapinedaplatja/","https://x.com/lapinedaplatja","https://www.instagram.com/lapinedaplatja/"]}]}</script>
<!-- / Yoast SEO plugin. -->

R.T.Nº: HT-000308 Hôtel situé au cœur de la Pineda, en bord de mer, avec un design unique né de la fusion de différents styles, l’idéal pour vous

Hôtels ****
